NOAA-Style Climate Reports

Select a Year or Month report
2018: Jan Feb Mar Apr May Jun Jul Aug Sep Oct Nov Dec
2017: Jan Feb Mar Apr May Jun Jul Aug Sep Oct Nov Dec
2016: Jan Feb Mar Apr May Jun Jul Aug Sep Oct Nov Dec
2015: Jan Feb Mar Apr May Jun Jul Aug Sep Oct Nov Dec
2014: Jan Feb Mar Apr May Jun Jul Aug Sep Oct Nov Dec
2013: Jan Feb Mar Apr May Jun Jul Aug Sep Oct Nov Dec
2012: Jan Feb Mar Apr May Jun Jul Aug Sep Oct Nov Dec
2011: Jan Feb Mar Apr May Jun Jul Aug Sep Oct Nov Dec
2010: Jan Feb Mar Apr May Jun Jul Aug Sep Oct Nov Dec
2009: Jan Feb Mar Apr May Jun Jul Aug Sep Oct Nov Dec
2008: Jan Feb Mar Apr May Jun Jul Aug Sep Oct Nov Dec
2007: Jan Feb Mar Apr May Jun Jul Aug Sep Oct Nov Dec
2006: Jan Feb Mar Apr May Jun Jul Aug Sep Oct Nov Dec
2005: Jan Feb Mar Apr May Jun Jul Aug Sep Oct Nov Dec
2004: Jan Feb Mar Apr May Jun Jul Aug Sep Oct Nov Dec
2003: Jan Feb Mar Apr May Jun Jul Aug Sep Oct Nov Dec
2002: Jan Feb Mar Apr May Jun Jul Aug Sep Oct Nov Dec
2001: Jan Feb Mar Apr May Jun Jul Aug Sep Oct Nov Dec
2000: Jan Feb Mar Apr May Jun Jul Aug Sep Oct Nov Dec
1999: Jan Feb Mar Apr May Jun Jul Aug Sep Oct Nov Dec
1998: Jan Feb Mar Apr May Jun Jul Aug Sep Oct Nov Dec
1997: Jan Feb Mar Apr May Jun Jul Aug Sep Oct Nov Dec
1996: Jan Feb Mar Apr May Jun Jul Aug Sep Oct Nov Dec
1995: Jan Feb Mar Apr May Jun Jul Aug Sep Oct Nov Dec
1994: Jan Feb Mar Apr May Jun Jul Aug Sep Oct Nov Dec
1993: Jan Feb Mar Apr May Jun Jul Aug Sep Oct Nov Dec
1992: Jan Feb Mar Apr May Jun Jul Aug Sep Oct Nov Dec
1991: Jan Feb Mar Apr May Jun Jul Aug Sep Oct Nov Dec
1990: Jan Feb Mar Apr May Jun Jul Aug Sep Oct Nov Dec
1989: Jan Feb Mar Apr May Jun Jul Aug Sep Oct Nov Dec
1988: Jan Feb Mar Apr May Jun Jul Aug Sep Oct Nov Dec
1987: Jan Feb Mar Apr May Jun Jul Aug Sep Oct Nov Dec
1986: Jan Feb Mar Apr May Jun Jul Aug Sep Oct Nov Dec

Report for 2012 February
                  MONTHLY CLIMATOLOGICAL SUMMARY FOR 2/2012
                                        HEAT  COOL        
     MEAN                               DEG   DEG       WIND SPEED       DOM MEAN  MEAN
DAY  TEMP  HIGH   TIME     LOW   TIME   DAYS  DAYS RAIN AVG  HI  TIME    DIR BAROM HUM
---------------------------------------------------------------------------------------
1    39.9  55.0   1:22pm  30.0   7:16am   24    0  0.00   1  10   2:11pm   E 30.09   29
2    34.8  46.2  12:05pm  28.2   9:00pm   30    0  0.00   0   8   2:13am   N 29.99   42
3    25.7  28.8  12:02am  23.7  11:41pm   38    0  0.00   1  12   4:34am   N 30.19   71
4    24.4  35.6   2:51pm  16.0  11:51pm   39    0  0.12   0   8   2:06am   N 30.33   64
5    23.5  41.0   3:09pm  11.8   2:21am   40    0  0.08   0   2   4:46pm SSE 30.22   56
6    26.3  36.9   1:27pm  15.1  12:02am   37    0  0.00   0   8   2:26pm NNE 30.11   54
7    21.7  29.1  12:43pm  14.2  11:22pm   42    0  0.02   0   7   1:13pm   E 30.25   62
8    26.7  49.1  12:15pm  11.8   5:47am   38    0  0.03   0   6   6:25pm ESE 30.11   55
9    32.1  44.1  11:03am  23.5  12:29am   32    0  0.00   0   8  12:46pm   E 30.11   50
10   29.1  44.8  11:57am  19.6  11:57pm   35    0  0.00   0   6  11:38pm   E 30.12   51
11   16.3  27.0  12:44pm   9.0  11:38pm   47    0  0.00   0   8   1:52am NNW 30.18   61
12   21.2  39.4  12:45pm   7.9   3:18am   42    0  0.00   0   4   2:56pm   N 29.82   59
13   32.7  44.6   3:22pm  24.1  11:56pm   31    0  0.00   0   6  11:59am   E 29.76   59
14   33.2  53.2   2:00pm  20.3   6:01am   31    0  0.00   0   4  12:34pm   W 29.77   50
15   28.1  38.8   3:41pm  20.8   5:19am   36    0  0.00   0   8   1:25pm   E 29.96   59
16   31.4  50.4   1:02pm  16.9   7:09am   32    0  0.00   0   7   3:54pm   E 30.09   50
17   32.4  49.8  11:16am  21.4  11:50pm   32    0  0.00   1   8  12:46pm   E 30.07   39
18   31.6  48.7   3:28pm  15.3   5:29am   32    0  0.00   0   7   1:11pm   E 29.98   49
19   37.4  54.3   1:26pm  27.3  11:25pm   27    0  0.00   0   6  11:36pm SSE 29.73   37
20   31.0  41.7   3:07pm  24.6   6:29am   33    0  0.00   0  11   2:35pm   N 29.81   42
21   37.6  50.9   2:46pm  24.4  12:11am   27    0  0.00   1  19  12:23pm NNW 29.86   32
22   49.6  60.6  11:12am  38.5   1:36am   15    0  0.00   1  17   8:37pm WNW 29.69   31
23   29.4  47.1  12:02am  18.0  11:29pm   35    0  0.16   0  14   1:05am   W 29.85   55
24   27.0  42.4   2:30pm  14.4   5:57am   36    0  0.06   0   5   5:02pm SSE 30.10   40
25   41.5  62.2   3:29pm  19.9   3:38am   23    0  0.00   1  15   4:28pm   W 29.81   31
26   30.8  46.0   1:37pm  16.3   6:40am   33    0  0.02   1   9   8:33am   E 29.97   34
27   34.1  46.6   3:48pm  22.6  12:13am   30    0  0.00   5  32   3:08pm SSE 29.98   36
28   35.4  46.0   2:28pm  28.2  11:59pm   29    0  0.04   2  15   4:47am SSE 29.69   49
29   39.6  59.2   2:50pm  23.5   4:18am   25    0  0.00   0  11   2:58pm   W 29.84   32
---------------------------------------------------------------------------------------
TOT  31.2  62.2  2/25/12   7.9  2/12/12  950    0  0.53   1  32  2/27/12   E 29.98   47

HEAT BASE: 65.0
COOL BASE: 65.0