NOAA-Style Climate Reports

Select a Year or Month report
2018: Jan Feb Mar Apr May Jun Jul Aug Sep Oct Nov Dec
2017: Jan Feb Mar Apr May Jun Jul Aug Sep Oct Nov Dec
2016: Jan Feb Mar Apr May Jun Jul Aug Sep Oct Nov Dec
2015: Jan Feb Mar Apr May Jun Jul Aug Sep Oct Nov Dec
2014: Jan Feb Mar Apr May Jun Jul Aug Sep Oct Nov Dec
2013: Jan Feb Mar Apr May Jun Jul Aug Sep Oct Nov Dec
2012: Jan Feb Mar Apr May Jun Jul Aug Sep Oct Nov Dec
2011: Jan Feb Mar Apr May Jun Jul Aug Sep Oct Nov Dec
2010: Jan Feb Mar Apr May Jun Jul Aug Sep Oct Nov Dec
2009: Jan Feb Mar Apr May Jun Jul Aug Sep Oct Nov Dec
2008: Jan Feb Mar Apr May Jun Jul Aug Sep Oct Nov Dec
2007: Jan Feb Mar Apr May Jun Jul Aug Sep Oct Nov Dec
2006: Jan Feb Mar Apr May Jun Jul Aug Sep Oct Nov Dec
2005: Jan Feb Mar Apr May Jun Jul Aug Sep Oct Nov Dec
2004: Jan Feb Mar Apr May Jun Jul Aug Sep Oct Nov Dec
2003: Jan Feb Mar Apr May Jun Jul Aug Sep Oct Nov Dec
2002: Jan Feb Mar Apr May Jun Jul Aug Sep Oct Nov Dec
2001: Jan Feb Mar Apr May Jun Jul Aug Sep Oct Nov Dec
2000: Jan Feb Mar Apr May Jun Jul Aug Sep Oct Nov Dec
1999: Jan Feb Mar Apr May Jun Jul Aug Sep Oct Nov Dec
1998: Jan Feb Mar Apr May Jun Jul Aug Sep Oct Nov Dec
1997: Jan Feb Mar Apr May Jun Jul Aug Sep Oct Nov Dec
1996: Jan Feb Mar Apr May Jun Jul Aug Sep Oct Nov Dec
1995: Jan Feb Mar Apr May Jun Jul Aug Sep Oct Nov Dec
1994: Jan Feb Mar Apr May Jun Jul Aug Sep Oct Nov Dec
1993: Jan Feb Mar Apr May Jun Jul Aug Sep Oct Nov Dec
1992: Jan Feb Mar Apr May Jun Jul Aug Sep Oct Nov Dec
1991: Jan Feb Mar Apr May Jun Jul Aug Sep Oct Nov Dec
1990: Jan Feb Mar Apr May Jun Jul Aug Sep Oct Nov Dec
1989: Jan Feb Mar Apr May Jun Jul Aug Sep Oct Nov Dec
1988: Jan Feb Mar Apr May Jun Jul Aug Sep Oct Nov Dec
1987: Jan Feb Mar Apr May Jun Jul Aug Sep Oct Nov Dec
1986: Jan Feb Mar Apr May Jun Jul Aug Sep Oct Nov Dec

Report for 2012 March
                  MONTHLY CLIMATOLOGICAL SUMMARY FOR 3/2012
                                        HEAT  COOL        
     MEAN                               DEG   DEG       WIND SPEED       DOM MEAN  MEAN
DAY  TEMP  HIGH   TIME     LOW   TIME   DAYS  DAYS RAIN AVG  HI  TIME    DIR BAROM HUM
---------------------------------------------------------------------------------------
1    32.2  42.1  10:07am  23.9  11:58pm   32    0  0.00   1  11   7:16am   E 29.76   47
2    24.1  36.9  11:57am  15.6   5:17am   40    0  0.02   0   6  12:00pm   E 29.93   53
3    33.5  47.5   3:40pm  17.4  12:03am   31    0  0.00   1  15  12:00pm WNW 30.02   31
4    47.2  66.0   3:42pm  34.3  11:56pm   17    0  0.00   1  13  10:06am WNW 30.10   28
5    53.1  70.5   3:39pm  34.3  12:02am   12    1  0.00   0   8   4:22pm WNW 30.01   20
6    55.9  71.4   3:38pm  44.2   6:38am   10    1  0.00   2  19   3:38pm   S 29.68   16
7    30.6  48.9  12:02am  25.5  11:43pm   33    0  0.02   0  11   2:00am   E 29.91   61
8    34.7  54.5   3:37pm  20.8   6:53am   29    0  0.00   0   5  10:46am   E 30.35   40
9    45.6  66.6   3:22pm  31.3  12:28am   19    0  0.00   1   8   4:03pm SSE 30.29   21
10   50.1  66.6   3:21pm  37.6   4:27am   14    0  0.00   2  21   6:45pm SSE 29.99   30
11   49.2  68.5   4:18pm  34.7   5:57am   15    0  0.04   0   9   6:09pm   N 29.78   39
12   55.8  70.9   4:05pm  46.2   7:45am   10    1  0.00   1  11   5:46pm   E 29.92   20
13   56.1  74.7   4:22pm  41.5   6:59am   10    1  0.00   1  15   5:43pm   W 29.93   17
14   54.7  76.6   4:20pm  41.4   4:08am   10    2  0.00   1  10   4:41pm   W 29.99   15
15   56.4  75.4   4:21pm  44.1   3:12am    9    1  0.00   2  58   1:00pm SSE 30.07   18
16   59.6  79.9   3:30pm  47.3   6:29am    8    3  0.00   1  13  11:10am   W 29.93   21
17   59.1  75.6   1:28pm  43.0   5:54am    7    2  0.00   3  13   2:13pm   S 29.78   18
18   55.7  67.6   1:09pm  41.9  11:59pm    9    0  0.00   5  36   4:33pm SSE 29.59   22
19   40.2  55.2   2:38pm  28.0   7:28am   23    0  0.00   2  15   2:05am WNW 29.62   23
20   37.4  54.3   5:20pm  25.5   6:49am   27    0  0.00   1  12   2:54pm   E 29.93   33
21   45.6  66.0   4:14pm  30.2   6:35am   19    0  0.00   1   9   4:50pm   W 30.00   27
22   49.3  69.6   4:10pm  33.1   6:25am   16    0  0.00   1  12   4:10pm   E 30.00   32
23   60.2  82.9   4:16pm  39.9  12:01am    9    4  0.00   3  15   9:35pm   E 30.01   24
24   60.2  77.2   4:12pm  47.1  11:58pm    8    3  0.00   2  11   5:46pm   W 30.09   25
25   56.5  80.2   3:57pm  40.3   7:17am   11    2  0.00   1  17   2:51pm   E 30.04   39
26   61.5  76.8   2:13pm  46.0   4:58am    6    3  0.00   5  25   7:06pm   W 29.81   26
27   56.7  75.4   1:58pm  37.4   7:33am   10    2  0.00   2  14   3:02pm   E 29.98   22
28   59.3  78.6   2:49pm  39.7   7:16am    9    3  0.00   1   8   1:09pm   W 29.97   24
29   59.6  79.2   5:13pm  45.1   7:15am    8    3  0.00   2  10   5:56pm   E 29.94   21
30   61.1  80.2   5:40pm  15.4  11:51pm    8    4  0.00   1   9   3:57pm   E 29.94   23
31   66.7  84.4   5:22pm  48.0   6:13am    4    6  0.00   2  16   4:31pm SSE 29.89   22
---------------------------------------------------------------------------------------
TOT  50.6  84.4  3/31/12  15.4  3/30/12  472   43  0.08   2  58  3/15/12   W 29.94   28

HEAT BASE: 65.0
COOL BASE: 65.0