NOAA-Style Climate Reports

Select a Year or Month report
2018: Jan Feb Mar Apr May Jun Jul Aug Sep Oct Nov Dec
2017: Jan Feb Mar Apr May Jun Jul Aug Sep Oct Nov Dec
2016: Jan Feb Mar Apr May Jun Jul Aug Sep Oct Nov Dec
2015: Jan Feb Mar Apr May Jun Jul Aug Sep Oct Nov Dec
2014: Jan Feb Mar Apr May Jun Jul Aug Sep Oct Nov Dec
2013: Jan Feb Mar Apr May Jun Jul Aug Sep Oct Nov Dec
2012: Jan Feb Mar Apr May Jun Jul Aug Sep Oct Nov Dec
2011: Jan Feb Mar Apr May Jun Jul Aug Sep Oct Nov Dec
2010: Jan Feb Mar Apr May Jun Jul Aug Sep Oct Nov Dec
2009: Jan Feb Mar Apr May Jun Jul Aug Sep Oct Nov Dec
2008: Jan Feb Mar Apr May Jun Jul Aug Sep Oct Nov Dec
2007: Jan Feb Mar Apr May Jun Jul Aug Sep Oct Nov Dec
2006: Jan Feb Mar Apr May Jun Jul Aug Sep Oct Nov Dec
2005: Jan Feb Mar Apr May Jun Jul Aug Sep Oct Nov Dec
2004: Jan Feb Mar Apr May Jun Jul Aug Sep Oct Nov Dec
2003: Jan Feb Mar Apr May Jun Jul Aug Sep Oct Nov Dec
2002: Jan Feb Mar Apr May Jun Jul Aug Sep Oct Nov Dec
2001: Jan Feb Mar Apr May Jun Jul Aug Sep Oct Nov Dec
2000: Jan Feb Mar Apr May Jun Jul Aug Sep Oct Nov Dec
1999: Jan Feb Mar Apr May Jun Jul Aug Sep Oct Nov Dec
1998: Jan Feb Mar Apr May Jun Jul Aug Sep Oct Nov Dec
1997: Jan Feb Mar Apr May Jun Jul Aug Sep Oct Nov Dec
1996: Jan Feb Mar Apr May Jun Jul Aug Sep Oct Nov Dec
1995: Jan Feb Mar Apr May Jun Jul Aug Sep Oct Nov Dec
1994: Jan Feb Mar Apr May Jun Jul Aug Sep Oct Nov Dec
1993: Jan Feb Mar Apr May Jun Jul Aug Sep Oct Nov Dec
1992: Jan Feb Mar Apr May Jun Jul Aug Sep Oct Nov Dec
1991: Jan Feb Mar Apr May Jun Jul Aug Sep Oct Nov Dec
1990: Jan Feb Mar Apr May Jun Jul Aug Sep Oct Nov Dec
1989: Jan Feb Mar Apr May Jun Jul Aug Sep Oct Nov Dec
1988: Jan Feb Mar Apr May Jun Jul Aug Sep Oct Nov Dec
1987: Jan Feb Mar Apr May Jun Jul Aug Sep Oct Nov Dec
1986: Jan Feb Mar Apr May Jun Jul Aug Sep Oct Nov Dec

Report for 2012 April
                  MONTHLY CLIMATOLOGICAL SUMMARY FOR 4/2012
                                        HEAT  COOL        
     MEAN                               DEG   DEG       WIND SPEED       DOM MEAN  MEAN
DAY  TEMP  HIGH   TIME     LOW   TIME   DAYS  DAYS RAIN AVG  HI  TIME    DIR BAROM HUM
---------------------------------------------------------------------------------------
1    67.8  85.8   5:13pm  54.3   2:43am    3    6  0.02   3  14   5:12am   W 29.65   16
2    41.1  58.8  12:00am  32.0  11:56am   23    0  0.00   2  16   2:59am NNE 29.93   48
3    31.6  37.2   1:25pm  29.1   7:19am   32    0  0.21   0   8   3:19am   N 30.13   71
4    45.6  66.0   4:50pm  31.3  12:00am   19    0  0.30   0   7   5:16pm   E 29.97   56
5    55.3  73.8   2:29pm  37.2   3:13am   11    2  0.00   2  17   5:24pm SSE 29.90   43
6    59.1  74.5   4:47pm  43.9  11:59pm    8    2  0.00   3  21   9:53am   W 29.83   27
7    48.7  68.2   4:55pm  28.9   6:54am   16    0  0.00   3  15   2:07am SSE 30.21   29
8    56.5  77.4   3:32pm  33.3   6:48am   11    3  0.00   3  14   3:38pm   S 30.21   25
9    55.3  78.6   3:35pm  35.4   6:00am   12    2  0.00   1  10   5:57pm   E 30.16   29
10   59.9  82.4   2:02pm  37.9   6:52am    9    4  0.00   2  12   5:59pm SSE 30.09   39
11   57.0  77.2   1:22pm  46.0  11:56pm    9    1  0.06   2  20  11:13pm SSE 30.01   54
12   54.1  72.9   3:38pm  39.6  11:56pm   11    0  0.09   1  12   4:47am   E 29.80   50
13   51.1  69.6   3:00pm  36.5   3:11am   14    0  0.00   2  17   4:14pm   W 29.83   34
14   47.1  65.5  11:13am  33.1  11:59pm   17    0  0.14   1   9   4:13pm NNE 29.67   44
15   38.3  48.4   1:50pm  31.6   1:04am   26    0  0.32   1  19   1:16pm NNE 29.82   62
16   47.3  67.3   5:51pm  31.6   6:24am   17    0  0.00   1   7  11:09am   W 30.10   42
17   55.4  74.8   3:49pm  39.9   4:48am   11    1  0.00   1   9  11:38am   E 30.11   29
18   57.6  74.1   3:28pm  38.3   6:01am    9    2  0.00   1  12   1:13pm SSE 30.01   34
19   53.2  68.5   3:28pm  39.9   6:14am   12    0  0.00   2  12  10:04am   E 30.00   43
20   55.1  73.9   3:47pm  37.6   6:24am   11    1  0.00   1  14   6:04pm   N 30.13   41
21   62.7  81.3   5:19pm  45.3   6:10am    6    4  0.00   2  11   6:19pm   E 30.14   30
22   60.4  81.5   5:16pm  39.9   6:31am    8    4  0.00   1   9   2:07pm   E 30.24   37
23   67.9  86.4   5:14pm  50.9   4:40am    4    7  0.00   2  10   4:05pm   W 30.15   28
24   69.5  89.2  12:14pm  55.9  11:59pm    2    7  0.00   2  10  10:44am   W 30.00   24
25   67.7  84.9  11:39am  55.0   7:19am    3    5  0.00   1   8   2:11pm   W 30.01   24
26   65.3  80.6   2:24pm  50.4  11:57pm    4    4  0.07   1   9   3:54pm SSE 29.94   36
27   56.5  72.1  12:12pm  39.9  11:52pm    9    1  0.02   1  16   9:33pm   E 29.78   48
28   47.5  63.7   1:28pm  30.0   6:09am   17    0  0.00   2  12   8:31pm SSE 29.97   39
29   51.3  67.3   3:28pm  32.0   6:20am   14    0  0.00   1   9   5:45pm   E 30.01   43
30   60.2  78.4   4:28pm  39.7   5:48am    8    4  0.08   1  14   2:43pm   E 29.96   30
---------------------------------------------------------------------------------------
TOT  54.9  89.2  4/24/12  31.3   4/2/12  355   61  1.31   1  21   4/6/12   E 29.99   38

HEAT BASE: 65.0
COOL BASE: 65.0