NOAA-Style Climate Reports

Select a Year or Month report
2018: Jan Feb Mar Apr May Jun Jul Aug Sep Oct Nov Dec
2017: Jan Feb Mar Apr May Jun Jul Aug Sep Oct Nov Dec
2016: Jan Feb Mar Apr May Jun Jul Aug Sep Oct Nov Dec
2015: Jan Feb Mar Apr May Jun Jul Aug Sep Oct Nov Dec
2014: Jan Feb Mar Apr May Jun Jul Aug Sep Oct Nov Dec
2013: Jan Feb Mar Apr May Jun Jul Aug Sep Oct Nov Dec
2012: Jan Feb Mar Apr May Jun Jul Aug Sep Oct Nov Dec
2011: Jan Feb Mar Apr May Jun Jul Aug Sep Oct Nov Dec
2010: Jan Feb Mar Apr May Jun Jul Aug Sep Oct Nov Dec
2009: Jan Feb Mar Apr May Jun Jul Aug Sep Oct Nov Dec
2008: Jan Feb Mar Apr May Jun Jul Aug Sep Oct Nov Dec
2007: Jan Feb Mar Apr May Jun Jul Aug Sep Oct Nov Dec
2006: Jan Feb Mar Apr May Jun Jul Aug Sep Oct Nov Dec
2005: Jan Feb Mar Apr May Jun Jul Aug Sep Oct Nov Dec
2004: Jan Feb Mar Apr May Jun Jul Aug Sep Oct Nov Dec
2003: Jan Feb Mar Apr May Jun Jul Aug Sep Oct Nov Dec
2002: Jan Feb Mar Apr May Jun Jul Aug Sep Oct Nov Dec
2001: Jan Feb Mar Apr May Jun Jul Aug Sep Oct Nov Dec
2000: Jan Feb Mar Apr May Jun Jul Aug Sep Oct Nov Dec
1999: Jan Feb Mar Apr May Jun Jul Aug Sep Oct Nov Dec
1998: Jan Feb Mar Apr May Jun Jul Aug Sep Oct Nov Dec
1997: Jan Feb Mar Apr May Jun Jul Aug Sep Oct Nov Dec
1996: Jan Feb Mar Apr May Jun Jul Aug Sep Oct Nov Dec
1995: Jan Feb Mar Apr May Jun Jul Aug Sep Oct Nov Dec
1994: Jan Feb Mar Apr May Jun Jul Aug Sep Oct Nov Dec
1993: Jan Feb Mar Apr May Jun Jul Aug Sep Oct Nov Dec
1992: Jan Feb Mar Apr May Jun Jul Aug Sep Oct Nov Dec
1991: Jan Feb Mar Apr May Jun Jul Aug Sep Oct Nov Dec
1990: Jan Feb Mar Apr May Jun Jul Aug Sep Oct Nov Dec
1989: Jan Feb Mar Apr May Jun Jul Aug Sep Oct Nov Dec
1988: Jan Feb Mar Apr May Jun Jul Aug Sep Oct Nov Dec
1987: Jan Feb Mar Apr May Jun Jul Aug Sep Oct Nov Dec
1986: Jan Feb Mar Apr May Jun Jul Aug Sep Oct Nov Dec

Report for 2012 May
                  MONTHLY CLIMATOLOGICAL SUMMARY FOR 5/2012
                                        HEAT  COOL        
     MEAN                               DEG   DEG       WIND SPEED       DOM MEAN  MEAN
DAY  TEMP  HIGH   TIME     LOW   TIME   DAYS  DAYS RAIN AVG  HI  TIME    DIR BAROM HUM
---------------------------------------------------------------------------------------
1    64.4  80.8   1:16pm  52.2  11:26pm    4    3  0.00   1  13   4:52pm   E 29.82   24
2    63.2  79.3   2:50pm  49.6   3:23am    6    4  0.00   2  16   8:53am SSE 29.89   34
3    66.0  81.9  11:53am  49.3   2:34am    5    6  0.00   2  16   3:20pm SSE 29.96   34
4    71.5  88.7   4:47pm  57.0   5:37am    2    8  0.02   1  10   2:10pm WSW 29.93   22
5    69.3  86.5  12:11pm  47.3  11:42pm    3    7  0.04   1  16   1:58pm   E 29.94   23
6    50.4  65.3   3:17pm  40.1   5:22am   14    0  0.12   1   9   2:49pm   E 30.19   44
7    42.3  48.4   2:48pm  38.8   5:23am   22    0  0.23   0   3   6:46pm   E 30.24   68
8    51.2  64.0   4:09pm  35.8   5:56am   13    0  0.00   0   7   1:30pm   E 30.20   48
9    62.3  78.6  12:16pm  40.8   4:04am    7    4  0.00   1  11  12:03pm   E 30.07   30
10   69.1  84.7  11:40am  55.0   1:44am    3    6  0.00   1  12   2:03pm  SW 29.92   23
11   44.6  61.7  12:00am  37.9   9:10pm   20    0  0.04   0  12  12:32am NNE 30.21   52
12   45.1  59.9   2:28pm  36.7   3:48am   19    0  0.14   0   4   4:39pm   S 30.29   63
13   47.4  59.5   5:42pm  37.9   3:47am   17    0  0.00   0   3  11:47am   N 30.28   61
14   59.3  74.1  12:00pm  42.4  12:03am    8    3  0.00   0   4  12:37pm   E 30.24   34
15   66.6  80.2   3:10pm  49.6   6:22am    4    5  0.00   1  11   2:21pm  SE 30.20   21
16   66.0  88.0  12:46pm  54.3   4:32am    4    5  0.02   1   9   2:18pm WSW 30.08   27
17   68.6  82.0  11:33am  55.4   5:36am    3    6  0.02   1   7  10:39am WSW 29.94   28
18   69.8  86.0  12:41pm  56.8  11:54pm    2    7  0.00   1   8  10:17pm   W 29.79   25
19   48.6  56.8  12:00am  42.6  11:53pm   16    0  0.43   0   8   8:30am   E 30.07   63
20   59.3  76.3  11:59am  39.4   5:17am    8    3  0.00   1  12   3:52pm SSE 30.21   45
21   69.9  85.1  12:08pm  52.0   5:21am    3    8  0.00   0   9   4:12pm WSW 30.16   32
22   73.8  91.0   5:16pm  58.8   2:20am    1    9  0.00   1  12   6:14pm WSW 29.91   24
23   57.8  71.1  11:26am  46.4  10:46pm    8    1  0.45   1  14   9:53am   E 29.78   45
24   56.4  69.1  12:20pm  41.7   4:31am    9    1  0.02   2  21   6:31pm   E 29.80   46
25   59.6  74.3   5:27pm  47.1  12:11am    7    2  0.02   3  19   9:13am SSE 29.89   46
26   70.9  88.3   3:00pm  48.4   6:20am    4   10  0.00   2  15   5:30pm WSW 29.78   34
27   62.8  72.5  11:58am  50.5   5:03am    4    2  0.02   2  12   2:15pm WSW 29.88   17
28   61.9  76.1   5:19pm  43.3   6:18am    7    4  0.02   1  11   4:28pm   E 30.02   23
29   62.7  79.5  12:19pm  41.2   5:50am    7    4  0.00   1  12   4:34pm  SE 30.10   28
30   66.8  84.4  12:17pm  49.1   4:30am    5    7  0.00   1  12   1:59pm   N 30.05   28
31   63.1  76.8   4:34pm  45.3   5:02am    5    3  0.00   1   9   7:42pm   E 30.13   37
---------------------------------------------------------------------------------------
TOT  60.9  91.0  5/22/12  35.8   5/8/12  239  117  1.59   1  21  5/24/12   E 30.03   36

HEAT BASE: 65.0
COOL BASE: 65.0