NOAA-Style Climate Reports

Select a Year or Month report
2018: Jan Feb Mar Apr May Jun Jul Aug Sep Oct Nov Dec
2017: Jan Feb Mar Apr May Jun Jul Aug Sep Oct Nov Dec
2016: Jan Feb Mar Apr May Jun Jul Aug Sep Oct Nov Dec
2015: Jan Feb Mar Apr May Jun Jul Aug Sep Oct Nov Dec
2014: Jan Feb Mar Apr May Jun Jul Aug Sep Oct Nov Dec
2013: Jan Feb Mar Apr May Jun Jul Aug Sep Oct Nov Dec
2012: Jan Feb Mar Apr May Jun Jul Aug Sep Oct Nov Dec
2011: Jan Feb Mar Apr May Jun Jul Aug Sep Oct Nov Dec
2010: Jan Feb Mar Apr May Jun Jul Aug Sep Oct Nov Dec
2009: Jan Feb Mar Apr May Jun Jul Aug Sep Oct Nov Dec
2008: Jan Feb Mar Apr May Jun Jul Aug Sep Oct Nov Dec
2007: Jan Feb Mar Apr May Jun Jul Aug Sep Oct Nov Dec
2006: Jan Feb Mar Apr May Jun Jul Aug Sep Oct Nov Dec
2005: Jan Feb Mar Apr May Jun Jul Aug Sep Oct Nov Dec
2004: Jan Feb Mar Apr May Jun Jul Aug Sep Oct Nov Dec
2003: Jan Feb Mar Apr May Jun Jul Aug Sep Oct Nov Dec
2002: Jan Feb Mar Apr May Jun Jul Aug Sep Oct Nov Dec
2001: Jan Feb Mar Apr May Jun Jul Aug Sep Oct Nov Dec
2000: Jan Feb Mar Apr May Jun Jul Aug Sep Oct Nov Dec
1999: Jan Feb Mar Apr May Jun Jul Aug Sep Oct Nov Dec
1998: Jan Feb Mar Apr May Jun Jul Aug Sep Oct Nov Dec
1997: Jan Feb Mar Apr May Jun Jul Aug Sep Oct Nov Dec
1996: Jan Feb Mar Apr May Jun Jul Aug Sep Oct Nov Dec
1995: Jan Feb Mar Apr May Jun Jul Aug Sep Oct Nov Dec
1994: Jan Feb Mar Apr May Jun Jul Aug Sep Oct Nov Dec
1993: Jan Feb Mar Apr May Jun Jul Aug Sep Oct Nov Dec
1992: Jan Feb Mar Apr May Jun Jul Aug Sep Oct Nov Dec
1991: Jan Feb Mar Apr May Jun Jul Aug Sep Oct Nov Dec
1990: Jan Feb Mar Apr May Jun Jul Aug Sep Oct Nov Dec
1989: Jan Feb Mar Apr May Jun Jul Aug Sep Oct Nov Dec
1988: Jan Feb Mar Apr May Jun Jul Aug Sep Oct Nov Dec
1987: Jan Feb Mar Apr May Jun Jul Aug Sep Oct Nov Dec
1986: Jan Feb Mar Apr May Jun Jul Aug Sep Oct Nov Dec

Report for 2012 June
                  MONTHLY CLIMATOLOGICAL SUMMARY FOR 6/2012
                                        HEAT  COOL        
     MEAN                               DEG   DEG       WIND SPEED       DOM MEAN  MEAN
DAY  TEMP  HIGH   TIME     LOW   TIME   DAYS  DAYS RAIN AVG  HI  TIME    DIR BAROM HUM
---------------------------------------------------------------------------------------
1    70.3  85.8   3:49pm  55.0   4:22am    2    7  0.04   1  11  12:46am   E 30.03   32
2    65.5  92.8  12:53pm  51.6   6:22am    4    4  0.06   1  25  12:53pm WSW 30.02   42
3    73.3  91.0   1:57pm  60.8   5:16am    1    9  0.00   1  12   2:05pm  SW 30.04   31
4    74.2  92.5  11:19am  55.6   6:02am    1   10  0.00   2  23   6:33pm SSE 30.10   33
5    71.2  82.0  12:11pm  60.1   3:50am    1    7  0.00   3  17   2:33pm SSE 29.98   39
6    69.5  85.1   3:58pm  51.8  11:17pm    2    7  1.24   2  17  10:53pm   E 29.96   45
7    64.8  80.4   3:08pm  48.9   4:19am    4    4  0.64   0  11   1:27am  SE 30.04   60
8    74.9  91.8   2:06pm  55.8   4:13am    2   12  0.00   2  12   6:15pm   E 29.96   40
9    80.2  94.5  12:22pm  62.4   4:35am    0   15  0.00   2  20   2:28pm WSW 29.76   19
10   64.6  74.5   5:29pm  49.6   6:11am    3    3  0.00   3  18   3:33am   E 29.95   30
11   63.9  78.6   2:21pm  45.1   5:52am    5    4  0.00   3  14  10:35pm   E 30.18   27
12   71.7  88.3  12:16pm  55.2   5:49am    2    8  0.02   1  11   3:03pm   E 30.12   23
13   76.1  93.4  12:05pm  57.4   1:42am    2   13  0.00   1  20  12:15pm   E 29.97   20
14   73.0  85.1   2:09pm  58.5   4:29am    1    8  0.00   2  14   3:21pm   E 30.00   28
15   67.3  85.1   1:13pm  56.3   3:09pm    2    4  0.30   2  14   6:39am SSE 30.05   45
16   66.6  78.6   5:19pm  55.4   6:05am    2    4  0.00   1  14   3:03pm NNE 30.18   42
17   80.1  97.3   1:45pm  63.9   5:25am    0   15  0.00   2  21   2:26pm WSW 29.97   24
18   83.2 100.6  11:49am  62.1   9:08pm    0   17  0.00   2  24   1:04pm WSW 29.83   19
19   81.5  97.7  11:44am  64.6   2:19am    0   16  0.00   2  19   5:05pm   E 29.81   19
20   64.7  73.4   4:47pm  54.0   8:20am    2    2  0.00   1  11  11:56pm   E 30.09   42
21   71.0  83.1   2:08pm  55.6   6:14am    2    8  0.00   3  22   5:14pm SSE 30.17   34
22   79.5  97.2   2:20pm  55.9   5:49am    1   15  0.00   1  26   3:01pm WSW 29.96   29
23   86.0 100.6   1:40pm  68.5   7:00am    0   20  0.00   3  22  10:25am SSE 29.95   17
24   85.6 101.3  12:19pm  70.9   6:02am    0   20  0.00   3  23   9:58am  SW 30.09   20
25   85.3 102.4  11:54am  66.9   5:50am    0   20  0.00   3  24  11:07am SSE 30.07   21
26   83.6 101.1   2:16pm  70.0   2:04am    0   18  0.00   3  23  11:05am  SW 29.98   21
27   78.3  96.4  11:20am  65.5  11:58pm    0   13  0.00   2  22  12:42pm WSW 30.06   32
28   77.4  97.9  12:04pm  62.4   6:19am    0   12  0.00   1  20   1:32pm WSW 30.17   32
29   81.5  98.8  11:26am  67.8   5:58am    0   16  0.00   1  26  11:30am WSW 30.12   26
30   79.7  96.4  11:39am  65.7   5:59am    0   14  0.00   1  20  10:28am NNE 30.08   26
---------------------------------------------------------------------------------------
TOT  74.9 102.4  6/25/12  45.1  6/11/12   40  326  2.30   2  26  6/22/12   E 30.02   30

HEAT BASE: 65.0
COOL BASE: 65.0