NOAA-Style Climate Reports

Select a Year or Month report
2018: Jan Feb Mar Apr May Jun Jul Aug Sep Oct Nov Dec
2017: Jan Feb Mar Apr May Jun Jul Aug Sep Oct Nov Dec
2016: Jan Feb Mar Apr May Jun Jul Aug Sep Oct Nov Dec
2015: Jan Feb Mar Apr May Jun Jul Aug Sep Oct Nov Dec
2014: Jan Feb Mar Apr May Jun Jul Aug Sep Oct Nov Dec
2013: Jan Feb Mar Apr May Jun Jul Aug Sep Oct Nov Dec
2012: Jan Feb Mar Apr May Jun Jul Aug Sep Oct Nov Dec
2011: Jan Feb Mar Apr May Jun Jul Aug Sep Oct Nov Dec
2010: Jan Feb Mar Apr May Jun Jul Aug Sep Oct Nov Dec
2009: Jan Feb Mar Apr May Jun Jul Aug Sep Oct Nov Dec
2008: Jan Feb Mar Apr May Jun Jul Aug Sep Oct Nov Dec
2007: Jan Feb Mar Apr May Jun Jul Aug Sep Oct Nov Dec
2006: Jan Feb Mar Apr May Jun Jul Aug Sep Oct Nov Dec
2005: Jan Feb Mar Apr May Jun Jul Aug Sep Oct Nov Dec
2004: Jan Feb Mar Apr May Jun Jul Aug Sep Oct Nov Dec
2003: Jan Feb Mar Apr May Jun Jul Aug Sep Oct Nov Dec
2002: Jan Feb Mar Apr May Jun Jul Aug Sep Oct Nov Dec
2001: Jan Feb Mar Apr May Jun Jul Aug Sep Oct Nov Dec
2000: Jan Feb Mar Apr May Jun Jul Aug Sep Oct Nov Dec
1999: Jan Feb Mar Apr May Jun Jul Aug Sep Oct Nov Dec
1998: Jan Feb Mar Apr May Jun Jul Aug Sep Oct Nov Dec
1997: Jan Feb Mar Apr May Jun Jul Aug Sep Oct Nov Dec
1996: Jan Feb Mar Apr May Jun Jul Aug Sep Oct Nov Dec
1995: Jan Feb Mar Apr May Jun Jul Aug Sep Oct Nov Dec
1994: Jan Feb Mar Apr May Jun Jul Aug Sep Oct Nov Dec
1993: Jan Feb Mar Apr May Jun Jul Aug Sep Oct Nov Dec
1992: Jan Feb Mar Apr May Jun Jul Aug Sep Oct Nov Dec
1991: Jan Feb Mar Apr May Jun Jul Aug Sep Oct Nov Dec
1990: Jan Feb Mar Apr May Jun Jul Aug Sep Oct Nov Dec
1989: Jan Feb Mar Apr May Jun Jul Aug Sep Oct Nov Dec
1988: Jan Feb Mar Apr May Jun Jul Aug Sep Oct Nov Dec
1987: Jan Feb Mar Apr May Jun Jul Aug Sep Oct Nov Dec
1986: Jan Feb Mar Apr May Jun Jul Aug Sep Oct Nov Dec

Report for 2012 July
                  MONTHLY CLIMATOLOGICAL SUMMARY FOR 7/2012
                                        HEAT  COOL        
     MEAN                               DEG   DEG       WIND SPEED       DOM MEAN  MEAN
DAY  TEMP  HIGH   TIME     LOW   TIME   DAYS  DAYS RAIN AVG  HI  TIME    DIR BAROM HUM
---------------------------------------------------------------------------------------
1    81.7  99.9  11:18am  64.6   6:03am    0   16  0.00   3  24  10:39am SSE 30.04   27
2    81.5  96.4  11:33am  68.4  11:57pm    0   16  0.00   2  22  10:26am NNE 30.06   30
3    75.9  97.5  11:57am  67.3   3:29am    0   11  0.00   1  18  10:46am   W 30.06   35
4    80.2  94.3  11:53am  66.4   5:32am    0   15  0.00   1  20  12:51pm NNE 30.02   30
5    79.4  93.7   3:01pm  64.0   6:07am    0   14  0.00   2  19   3:23pm SSE 30.04   37
6    69.7  85.6  12:05pm  57.9  11:49pm    2    6  0.76   1  12   5:54pm   E 30.19   52
7    63.8  81.1   2:10pm  57.0   5:49am    5    2  0.33   1  14   3:49pm   E 25.45   68
8    64.5  75.6   4:13pm  57.9   5:35am    6    1  0.24   0  14   4:35pm NNE 20.39   68
9    66.7  78.4   3:59pm  57.9   5:36am    5    2  0.08   0   8   8:52pm   E 20.39   61
10   71.8  83.7   5:34pm  58.1   5:30am    3    5  0.00   0   9  12:53pm   E 20.35   48
11   75.5  89.2   2:15pm  59.2   6:09am    2    7  0.02   1  16   1:05pm   E 26.30   41
12   77.5  91.2  11:48am  63.0   4:27am    1    9  0.00   1  22  11:37am NNE 29.78   33
13   79.3  93.0  11:57am  64.9   5:44am    1   10  0.00   1  21   3:33pm   E 29.56   30
14   80.1  95.4  12:01pm  64.0   6:34am    1   10  0.02   1  19   3:14pm   E 29.35   29
15   78.6  96.1  12:10pm  65.5   2:50am    1    9  0.00   1  19  12:12pm  SE 29.27   32
16   73.2  90.3  12:02pm  59.7   9:38pm    3    6  0.11   1  14   6:44pm  SE 29.26   42
17   74.8  88.0   4:32pm  61.3   1:20am    2    7  0.00   1  17   2:26pm ESE 29.27   37
18   76.9  94.8  11:12am  63.1   4:55am    1    8  0.00   1  21  12:31pm  SE 29.35   33
19   80.3  97.5  12:15pm  66.7   4:13am    0   11  0.00   1  23  11:29am SSE 29.30   21
20   81.5  96.8  12:05pm  63.5   5:46am    1   12  0.00   1  18  10:45am SSE 29.16    1
21   80.0  95.2   3:39pm  61.9   6:14am    1   11  0.00   1  20   3:35pm SSE 29.14    1
22   75.8  92.3   2:35pm  62.8   6:27am    1    7  0.02   1  15   2:22pm NNE 29.16    1
23   77.0  93.2   4:03pm  62.8   3:10am    2    8  0.00   1  20   3:54pm NNE 29.12    1
24   77.7  92.3  11:36am  62.1   6:08am    1    9  0.00   1  20  11:57am ESE 29.01    1
25   71.4  84.2   4:28pm  60.1  11:56pm    3    4  0.00   1  10  12:39pm   E 29.03    1
26   74.8  88.9  12:10pm  58.3   6:17am    3    8  0.00   1  20   3:48pm NNE 29.64   16
27   69.6  90.4  11:02am  62.2   9:28pm    2    2  0.00   0  11   9:45am  SE 30.22   49
28   73.1  89.1   3:03pm  62.9   9:49pm    3    6  0.00   1  15  12:15pm   N 30.23   49
29   74.6  92.0   3:34pm  62.6  11:39pm    2    7  0.04   2  24  12:27pm   N 30.21   50
30   71.7  87.1   1:41pm  61.7   6:07am    2    5  0.00   1  12  12:28pm   N 30.21   58
31   72.7  91.6  12:27pm  61.4   2:36am    0    8  0.16   1  17  11:48am   W 30.15   54
---------------------------------------------------------------------------------------
TOT  75.3  99.9   7/1/12  57.0   7/7/12   55  250  1.78   1  24  7/29/12   E 28.48   33

HEAT BASE: 65.0
COOL BASE: 65.0