NOAA-Style Climate Reports

Select a Year or Month report
2018: Jan Feb Mar Apr May Jun Jul Aug Sep Oct Nov Dec
2017: Jan Feb Mar Apr May Jun Jul Aug Sep Oct Nov Dec
2016: Jan Feb Mar Apr May Jun Jul Aug Sep Oct Nov Dec
2015: Jan Feb Mar Apr May Jun Jul Aug Sep Oct Nov Dec
2014: Jan Feb Mar Apr May Jun Jul Aug Sep Oct Nov Dec
2013: Jan Feb Mar Apr May Jun Jul Aug Sep Oct Nov Dec
2012: Jan Feb Mar Apr May Jun Jul Aug Sep Oct Nov Dec
2011: Jan Feb Mar Apr May Jun Jul Aug Sep Oct Nov Dec
2010: Jan Feb Mar Apr May Jun Jul Aug Sep Oct Nov Dec
2009: Jan Feb Mar Apr May Jun Jul Aug Sep Oct Nov Dec
2008: Jan Feb Mar Apr May Jun Jul Aug Sep Oct Nov Dec
2007: Jan Feb Mar Apr May Jun Jul Aug Sep Oct Nov Dec
2006: Jan Feb Mar Apr May Jun Jul Aug Sep Oct Nov Dec
2005: Jan Feb Mar Apr May Jun Jul Aug Sep Oct Nov Dec
2004: Jan Feb Mar Apr May Jun Jul Aug Sep Oct Nov Dec
2003: Jan Feb Mar Apr May Jun Jul Aug Sep Oct Nov Dec
2002: Jan Feb Mar Apr May Jun Jul Aug Sep Oct Nov Dec
2001: Jan Feb Mar Apr May Jun Jul Aug Sep Oct Nov Dec
2000: Jan Feb Mar Apr May Jun Jul Aug Sep Oct Nov Dec
1999: Jan Feb Mar Apr May Jun Jul Aug Sep Oct Nov Dec
1998: Jan Feb Mar Apr May Jun Jul Aug Sep Oct Nov Dec
1997: Jan Feb Mar Apr May Jun Jul Aug Sep Oct Nov Dec
1996: Jan Feb Mar Apr May Jun Jul Aug Sep Oct Nov Dec
1995: Jan Feb Mar Apr May Jun Jul Aug Sep Oct Nov Dec
1994: Jan Feb Mar Apr May Jun Jul Aug Sep Oct Nov Dec
1993: Jan Feb Mar Apr May Jun Jul Aug Sep Oct Nov Dec
1992: Jan Feb Mar Apr May Jun Jul Aug Sep Oct Nov Dec
1991: Jan Feb Mar Apr May Jun Jul Aug Sep Oct Nov Dec
1990: Jan Feb Mar Apr May Jun Jul Aug Sep Oct Nov Dec
1989: Jan Feb Mar Apr May Jun Jul Aug Sep Oct Nov Dec
1988: Jan Feb Mar Apr May Jun Jul Aug Sep Oct Nov Dec
1987: Jan Feb Mar Apr May Jun Jul Aug Sep Oct Nov Dec
1986: Jan Feb Mar Apr May Jun Jul Aug Sep Oct Nov Dec

Report for 2012 August
                  MONTHLY CLIMATOLOGICAL SUMMARY FOR 8/2012
                                        HEAT  COOL        
     MEAN                               DEG   DEG       WIND SPEED       DOM MEAN  MEAN
DAY  TEMP  HIGH   TIME     LOW   TIME   DAYS  DAYS RAIN AVG  HI  TIME    DIR BAROM HUM
---------------------------------------------------------------------------------------
1    72.6  94.1  12:29pm  62.9  11:11pm    0    8  0.08   1  19  10:16am   E 30.13   51
2    71.8  89.3  12:30pm  58.1   5:41am    1    7  0.00   1  14  11:43am   W 30.09   46
3    76.9  92.3  12:19pm  63.9   5:35am    0   12  0.00   1  21   1:00pm   E 30.01   33
4    67.5  80.3   4:17pm  54.4   6:34am    2    5  0.00   2  15  12:22am   E 30.20   47
5    74.5  90.7   4:19pm  56.5   6:28am    1   11  0.00   1  20   2:34pm  SE 30.22   40
6    79.6  95.2  12:17pm  68.9   6:22am    0   14  0.00   1  20  10:54am NNE 30.24   32
7    77.6  90.2  11:52am  65.7   6:35am    0   12  0.00   1  17  12:49pm NNE 30.26   36
8    75.7  91.4  11:39am  61.7   6:31am    0   11  0.00   1  21   1:13pm   N 30.29   33
9    76.2  92.2  12:15pm  58.5   6:07am    1   12  0.00   1  20   2:52pm NNE 30.25   33
10   75.2  89.1   2:06pm  57.4   6:35am    1   11  0.00   1  19   1:34pm  SE 30.20   40
11   74.9  90.5  11:15am  60.6  11:31pm    0   10  0.00   1  22  10:32am   N 30.14   40
12   70.0  82.8   4:08pm  51.8   6:12am    3    8  0.00   1  14   4:06pm   E 30.27   43
13   67.0  76.3   9:34am  59.0   6:15am    1    3  0.00   0   6   3:05am SSE 30.21   46
14   73.8  89.6   3:49pm  56.7   6:26am    2   10  0.00   1  19   2:06pm NNE 30.10   37
15   74.8  90.4   3:15pm  60.6  11:31pm    0   10  0.00   1  18   5:47pm NNE 30.10   33
16   63.3  77.2   3:56pm  50.8   6:41am    5    3  0.00   1   7   4:23pm   N 30.25   55
17   62.8  83.0   4:52pm  47.0   5:40am    6    3  0.00   1  11   5:05pm NNE 30.17   63
18   66.3  76.5   4:01pm  54.0   6:45am    2    4  0.00   1  15   2:36pm   N 30.20   49
19   65.6  79.4   4:40pm  48.8   6:34am    4    4  0.00   1   8  12:43pm NNE 30.19   38
20   66.7  78.5   3:44pm  54.0   6:37am    2    4  0.00   1  16  12:54am SSE 30.13   41
21   71.7  84.2   3:02pm  56.1   5:05am    2    8  0.00   1  20   5:23pm   E 30.16   37
22   73.5  92.0  11:42am  63.7  11:03pm    0    8  0.00   1  19  10:49am ENE 30.09   38
23   66.7  80.3   2:26pm  56.0   5:52am    2    4  0.04   0   6   1:56pm   N 30.10   61
24   69.2  82.6   3:25pm  57.8   4:14am    1    5  0.00   0   5   5:12pm NNW 30.01   51
25   67.3  77.6   4:38pm  55.4   7:02am    1    4  0.00   1   8  11:46am   E 30.11   42
26   75.4  88.9   3:27pm  59.6   6:24am    1   11  0.00   3  23   4:18pm   E 30.17   38
27   75.1  92.9  12:01pm  60.7   6:10am    0   10  0.00   2  22   1:20pm SSE 30.25   37
28   77.2  92.5   2:57pm  64.1   4:14am    0   12  0.00   3  23   2:43pm   E 30.24   35
29   78.7  93.4   1:12pm  64.7   4:17am    0   13  0.00   4  23  10:30am  NE 30.15   33
30   76.0  90.9  11:15am  63.7  11:59pm    0   11  0.00   2  21  12:55pm NNE 30.12   34
31   73.0  87.1  12:45pm  56.3   6:41am    2   10  0.00   2  16  11:56am SSE 30.16   33
---------------------------------------------------------------------------------------
TOT  72.2  95.2   8/6/12  47.0  8/17/12   42  257  0.12   1  23  8/26/12   E 30.17   41

HEAT BASE: 65.0
COOL BASE: 65.0