NOAA-Style Climate Reports

Select a Year or Month report
2018: Jan Feb Mar Apr May Jun Jul Aug Sep Oct Nov Dec
2017: Jan Feb Mar Apr May Jun Jul Aug Sep Oct Nov Dec
2016: Jan Feb Mar Apr May Jun Jul Aug Sep Oct Nov Dec
2015: Jan Feb Mar Apr May Jun Jul Aug Sep Oct Nov Dec
2014: Jan Feb Mar Apr May Jun Jul Aug Sep Oct Nov Dec
2013: Jan Feb Mar Apr May Jun Jul Aug Sep Oct Nov Dec
2012: Jan Feb Mar Apr May Jun Jul Aug Sep Oct Nov Dec
2011: Jan Feb Mar Apr May Jun Jul Aug Sep Oct Nov Dec
2010: Jan Feb Mar Apr May Jun Jul Aug Sep Oct Nov Dec
2009: Jan Feb Mar Apr May Jun Jul Aug Sep Oct Nov Dec
2008: Jan Feb Mar Apr May Jun Jul Aug Sep Oct Nov Dec
2007: Jan Feb Mar Apr May Jun Jul Aug Sep Oct Nov Dec
2006: Jan Feb Mar Apr May Jun Jul Aug Sep Oct Nov Dec
2005: Jan Feb Mar Apr May Jun Jul Aug Sep Oct Nov Dec
2004: Jan Feb Mar Apr May Jun Jul Aug Sep Oct Nov Dec
2003: Jan Feb Mar Apr May Jun Jul Aug Sep Oct Nov Dec
2002: Jan Feb Mar Apr May Jun Jul Aug Sep Oct Nov Dec
2001: Jan Feb Mar Apr May Jun Jul Aug Sep Oct Nov Dec
2000: Jan Feb Mar Apr May Jun Jul Aug Sep Oct Nov Dec
1999: Jan Feb Mar Apr May Jun Jul Aug Sep Oct Nov Dec
1998: Jan Feb Mar Apr May Jun Jul Aug Sep Oct Nov Dec
1997: Jan Feb Mar Apr May Jun Jul Aug Sep Oct Nov Dec
1996: Jan Feb Mar Apr May Jun Jul Aug Sep Oct Nov Dec
1995: Jan Feb Mar Apr May Jun Jul Aug Sep Oct Nov Dec
1994: Jan Feb Mar Apr May Jun Jul Aug Sep Oct Nov Dec
1993: Jan Feb Mar Apr May Jun Jul Aug Sep Oct Nov Dec
1992: Jan Feb Mar Apr May Jun Jul Aug Sep Oct Nov Dec
1991: Jan Feb Mar Apr May Jun Jul Aug Sep Oct Nov Dec
1990: Jan Feb Mar Apr May Jun Jul Aug Sep Oct Nov Dec
1989: Jan Feb Mar Apr May Jun Jul Aug Sep Oct Nov Dec
1988: Jan Feb Mar Apr May Jun Jul Aug Sep Oct Nov Dec
1987: Jan Feb Mar Apr May Jun Jul Aug Sep Oct Nov Dec
1986: Jan Feb Mar Apr May Jun Jul Aug Sep Oct Nov Dec

Report for 2012 September
                  MONTHLY CLIMATOLOGICAL SUMMARY FOR 9/2012
                                        HEAT  COOL        
     MEAN                               DEG   DEG       WIND SPEED       DOM MEAN  MEAN
DAY  TEMP  HIGH   TIME     LOW   TIME   DAYS  DAYS RAIN AVG  HI  TIME    DIR BAROM HUM
---------------------------------------------------------------------------------------
1    74.4  91.1  12:06pm  63.0   6:53am    0    9  0.00   2  22  12:00pm ESE 30.15   33
2    72.6  87.7  11:43am  58.5   6:38am    1    8  0.00   2  21   1:35pm NNE 30.17   43
3    70.8  85.1   1:42pm  57.4   5:55am    1    7  0.06   1  22   3:33pm NNE 30.19   44
4    73.1  86.9  11:10am  58.9   4:53am    1    9  0.00   1  20  10:42am   E 30.15   32
5    67.8  82.1   3:44pm  48.2   6:40am    3    5  0.00   2  13   5:24pm SSE 30.18   28
6    73.3  86.9  11:29am  59.8   5:23am    1    9  0.00   1  21  11:27am   E 30.11   24
7    60.3  71.1   3:22pm  50.2   6:48am    5    1  0.04   1  13   2:48am NNE 30.29   47
8    61.6  76.3   4:01pm  46.1   4:14am    6    3  0.00   0   9   6:05pm NNE 30.34   45
9    69.0  84.4   2:03pm  50.6   5:36am    4    7  0.00   1  18   7:47pm SSE 30.22   29
10   74.9  87.8   3:41pm  61.0   5:55am    0   10  0.00   1  20  11:22am   E 30.08   23
11   71.6  86.0   1:35pm  56.9  11:06pm    1    7  0.04   1  21  10:39am   E 30.05   36
12   50.8  57.6  12:00am  45.9   7:06am   14    0  1.55   1   9   9:40pm   E 30.26   83
13   55.7  66.4   3:38pm  48.2   5:22am    9    0  0.00   0   7  12:26pm NNE 30.42   62
14   61.0  73.3   4:00pm  48.8   4:14am    6    2  0.00   1  13  11:29am  SE 30.39   40
15   66.1  82.1   1:28pm  47.1   3:55am    4    5  0.00   1  19  11:31am ESE 30.23   34
16   69.2  83.5  11:17am  56.7   7:02am    2    6  0.00   1  19  11:12am  SE 30.13   26
17   54.1  66.8  12:04am -23.4   1:33pm   10    0  0.00   1   8  12:04am   E 30.20   54
18   60.1  75.2   3:57pm  43.9   3:18am    7    3  0.00   0   6   2:08pm  SE 30.18   45
19   65.3  77.8   4:02pm  55.5  11:14pm    4    4  0.00   1   8   4:06pm   E 30.19   32
20   64.7  78.5   3:12pm  51.9   5:07am    4    4  0.00   0   8  10:02am   E 30.19   32
21   62.5  75.2   4:05pm  50.2   7:05am    5    2  3.23   0  13   6:31pm   N 30.22   35
22   61.4  75.8   4:14pm  47.9   7:06am    5    2  0.10   0  10   5:29pm   N 30.26   41
23   67.7  83.2   3:40pm  50.9   3:17am    3    6  0.00   0  13  12:08pm   E 30.19   33
24   64.4  74.9   4:10pm  54.4  11:57pm    2    2  0.00   0   5  10:16pm NNE 30.11   39
25   54.6  69.5   1:43pm  48.4   6:41pm   10    0  0.45   0   9  12:50pm   N 30.07   63
26   52.5  61.4  12:38pm  46.3   9:08pm   12    0  0.69   0   7   1:10pm   E 30.15   77
27   52.1  60.7  12:31pm  44.8   5:42am   13    0  0.00   0   6  10:50am NNE 30.21   76
28   56.6  69.8   3:53pm  42.8   6:54am    9    1  0.00   0   6   2:30pm   E 30.21   61
29   59.8  73.6   3:54pm  44.3   6:44am    7    2  0.00   0  10  12:55pm   E 30.17   53
30   60.5  71.5   2:29pm  51.5   3:35am    6    1  0.00   0  10  10:34am   N 30.20   47
---------------------------------------------------------------------------------------
TOT  63.6  91.1   9/1/12 -23.4  9/17/12  157  117  6.16   1  22   9/1/12   E 30.20   44

HEAT BASE: 65.0
COOL BASE: 65.0