NOAA-Style Climate Reports

Select a Year or Month report
2018: Jan Feb Mar Apr May Jun Jul Aug Sep Oct Nov Dec
2017: Jan Feb Mar Apr May Jun Jul Aug Sep Oct Nov Dec
2016: Jan Feb Mar Apr May Jun Jul Aug Sep Oct Nov Dec
2015: Jan Feb Mar Apr May Jun Jul Aug Sep Oct Nov Dec
2014: Jan Feb Mar Apr May Jun Jul Aug Sep Oct Nov Dec
2013: Jan Feb Mar Apr May Jun Jul Aug Sep Oct Nov Dec
2012: Jan Feb Mar Apr May Jun Jul Aug Sep Oct Nov Dec
2011: Jan Feb Mar Apr May Jun Jul Aug Sep Oct Nov Dec
2010: Jan Feb Mar Apr May Jun Jul Aug Sep Oct Nov Dec
2009: Jan Feb Mar Apr May Jun Jul Aug Sep Oct Nov Dec
2008: Jan Feb Mar Apr May Jun Jul Aug Sep Oct Nov Dec
2007: Jan Feb Mar Apr May Jun Jul Aug Sep Oct Nov Dec
2006: Jan Feb Mar Apr May Jun Jul Aug Sep Oct Nov Dec
2005: Jan Feb Mar Apr May Jun Jul Aug Sep Oct Nov Dec
2004: Jan Feb Mar Apr May Jun Jul Aug Sep Oct Nov Dec
2003: Jan Feb Mar Apr May Jun Jul Aug Sep Oct Nov Dec
2002: Jan Feb Mar Apr May Jun Jul Aug Sep Oct Nov Dec
2001: Jan Feb Mar Apr May Jun Jul Aug Sep Oct Nov Dec
2000: Jan Feb Mar Apr May Jun Jul Aug Sep Oct Nov Dec
1999: Jan Feb Mar Apr May Jun Jul Aug Sep Oct Nov Dec
1998: Jan Feb Mar Apr May Jun Jul Aug Sep Oct Nov Dec
1997: Jan Feb Mar Apr May Jun Jul Aug Sep Oct Nov Dec
1996: Jan Feb Mar Apr May Jun Jul Aug Sep Oct Nov Dec
1995: Jan Feb Mar Apr May Jun Jul Aug Sep Oct Nov Dec
1994: Jan Feb Mar Apr May Jun Jul Aug Sep Oct Nov Dec
1993: Jan Feb Mar Apr May Jun Jul Aug Sep Oct Nov Dec
1992: Jan Feb Mar Apr May Jun Jul Aug Sep Oct Nov Dec
1991: Jan Feb Mar Apr May Jun Jul Aug Sep Oct Nov Dec
1990: Jan Feb Mar Apr May Jun Jul Aug Sep Oct Nov Dec
1989: Jan Feb Mar Apr May Jun Jul Aug Sep Oct Nov Dec
1988: Jan Feb Mar Apr May Jun Jul Aug Sep Oct Nov Dec
1987: Jan Feb Mar Apr May Jun Jul Aug Sep Oct Nov Dec
1986: Jan Feb Mar Apr May Jun Jul Aug Sep Oct Nov Dec

Report for 2012 October
                  MONTHLY CLIMATOLOGICAL SUMMARY FOR 10/2012
                                        HEAT  COOL        
     MEAN                               DEG   DEG       WIND SPEED       DOM MEAN  MEAN
DAY  TEMP  HIGH   TIME     LOW   TIME   DAYS  DAYS RAIN AVG  HI  TIME    DIR BAROM HUM
---------------------------------------------------------------------------------------
1    55.2  64.4   4:15pm  47.5   6:28am    9    0  0.02   1  10  12:22am NNE 30.27   56
2    62.8  79.0   3:48pm  47.7   3:14am    6    4  0.00   0   8  11:23am ESE 30.06   37
3    61.7  79.0   4:33pm  38.2  11:56pm    7    4  0.00   1  15  11:03am NNE 30.05   34
4    38.6  47.9   2:40pm  32.9   5:22am   26    0  0.00   1  17  10:29am   E 30.26   56
5    33.8  44.6  10:09am  27.7   7:16am   30    0  0.12   1  76   4:45am NNE 30.20   75
6    31.0  34.4  11:59am  28.5   8:14pm   33    0  0.02   0   8  12:14pm  SE 30.22   81
7    38.2  50.2   4:05pm  25.2   7:03am   26    0  0.00   0   7   1:33pm ESE 30.13   54
8    53.7  68.2   3:53pm  35.3   3:47am   12    1  0.00   0   7   2:33pm ESE 29.99   27
9    44.2  53.9   2:03am -22.7   1:19pm   20    0  0.00   1   8  11:49am   E 30.09   53
10   47.2  68.6   4:20pm  32.3   3:35am   18    0  0.00   0   4   2:56pm  SE 30.10   63
11   54.6  67.5  11:17am  43.9  11:53pm   10    0  0.00   1   8  11:51am   E 30.14   45
12   48.3  66.8   3:13pm  33.5   7:17am   16    0  0.02   0   8   1:32pm SSE 30.06   65
13   45.8  52.9  10:44am  39.2   5:34am   19    0  0.15   0  13   2:03pm NNE 30.01   64
14   51.8  65.5   4:04pm  40.0   7:15am   13    0  0.00   0   7   1:45pm  SE 30.23   55
15   58.9  74.0   3:58pm  47.2   3:35am    8    2  0.00   0   9   1:01pm   E 30.06   35
16   60.1  76.3   2:59pm  43.4   6:58am    7    2  0.00   0  25  11:03pm   N 29.85   34
17   47.4  58.7   4:23pm  40.2  11:48pm   17    0  0.00   3  17   7:13am NNW 29.92   29
18   45.4  67.1   4:18pm  28.6   6:29am   19    0  0.00   2  12   2:50pm SSE 30.08   33
19   54.5  73.1   1:11pm  36.3   2:06am   11    1  0.00   0   4   3:49pm   E 30.02   30
20   60.1  77.2   3:42pm  50.6  11:58pm    7    2  0.00   0   9   4:57pm   W 29.88   25
21   57.7  73.1   4:18pm  42.3  11:57pm    8    1  0.00   1  10   4:35pm   E 29.91   31
22   50.9  72.5   3:40pm  34.9   7:15am   14    1  0.00   0   9   1:47pm   E 29.91   54
23   60.0  74.7   2:43pm  45.4  12:00am    7    2  0.00   1   8  10:17pm   W 29.84   30
24   41.1  54.2   2:37pm  28.5  11:58pm   23    0  0.12   1   9   3:20pm   E 29.94   65
25   28.4  34.9   1:02pm  24.5   5:55am   36    0  0.08   0   0  12:00am   N 30.15   80
26   29.6  40.1   4:40pm  23.8   7:01am   35    0  0.08   0   5  12:57pm NNE 30.26   73
27   33.6  47.3   1:54pm  20.5   5:59am   31    0  0.17   0   7   1:11pm   E 30.11   62
28   42.6  61.0   1:38pm  25.2   7:08am   22    0  0.00   0   6  11:03am SSE 30.09   53
29   52.6  66.8   1:45pm  39.4  12:34am   12    0  0.00   0   7   1:21pm   W 30.14   42
30   54.0  67.9  12:30pm  41.8   8:16am   11    0  0.00   0   7  12:32pm   E 30.16   37
31   55.2  70.4   3:45pm  46.1   6:59am   10    1  0.00   1  10   4:24pm   E 30.17   35
---------------------------------------------------------------------------------------
TOT  48.4  79.0  10/2/12 -22.7  10/9/12  523   21  0.78   1  76  10/5/12   E 30.07   49

HEAT BASE: 65.0
COOL BASE: 65.0