NOAA-Style Climate Reports

Select a Year or Month report
2018: Jan Feb Mar Apr May Jun Jul Aug Sep Oct Nov Dec
2017: Jan Feb Mar Apr May Jun Jul Aug Sep Oct Nov Dec
2016: Jan Feb Mar Apr May Jun Jul Aug Sep Oct Nov Dec
2015: Jan Feb Mar Apr May Jun Jul Aug Sep Oct Nov Dec
2014: Jan Feb Mar Apr May Jun Jul Aug Sep Oct Nov Dec
2013: Jan Feb Mar Apr May Jun Jul Aug Sep Oct Nov Dec
2012: Jan Feb Mar Apr May Jun Jul Aug Sep Oct Nov Dec
2011: Jan Feb Mar Apr May Jun Jul Aug Sep Oct Nov Dec
2010: Jan Feb Mar Apr May Jun Jul Aug Sep Oct Nov Dec
2009: Jan Feb Mar Apr May Jun Jul Aug Sep Oct Nov Dec
2008: Jan Feb Mar Apr May Jun Jul Aug Sep Oct Nov Dec
2007: Jan Feb Mar Apr May Jun Jul Aug Sep Oct Nov Dec
2006: Jan Feb Mar Apr May Jun Jul Aug Sep Oct Nov Dec
2005: Jan Feb Mar Apr May Jun Jul Aug Sep Oct Nov Dec
2004: Jan Feb Mar Apr May Jun Jul Aug Sep Oct Nov Dec
2003: Jan Feb Mar Apr May Jun Jul Aug Sep Oct Nov Dec
2002: Jan Feb Mar Apr May Jun Jul Aug Sep Oct Nov Dec
2001: Jan Feb Mar Apr May Jun Jul Aug Sep Oct Nov Dec
2000: Jan Feb Mar Apr May Jun Jul Aug Sep Oct Nov Dec
1999: Jan Feb Mar Apr May Jun Jul Aug Sep Oct Nov Dec
1998: Jan Feb Mar Apr May Jun Jul Aug Sep Oct Nov Dec
1997: Jan Feb Mar Apr May Jun Jul Aug Sep Oct Nov Dec
1996: Jan Feb Mar Apr May Jun Jul Aug Sep Oct Nov Dec
1995: Jan Feb Mar Apr May Jun Jul Aug Sep Oct Nov Dec
1994: Jan Feb Mar Apr May Jun Jul Aug Sep Oct Nov Dec
1993: Jan Feb Mar Apr May Jun Jul Aug Sep Oct Nov Dec
1992: Jan Feb Mar Apr May Jun Jul Aug Sep Oct Nov Dec
1991: Jan Feb Mar Apr May Jun Jul Aug Sep Oct Nov Dec
1990: Jan Feb Mar Apr May Jun Jul Aug Sep Oct Nov Dec
1989: Jan Feb Mar Apr May Jun Jul Aug Sep Oct Nov Dec
1988: Jan Feb Mar Apr May Jun Jul Aug Sep Oct Nov Dec
1987: Jan Feb Mar Apr May Jun Jul Aug Sep Oct Nov Dec
1986: Jan Feb Mar Apr May Jun Jul Aug Sep Oct Nov Dec

Report for 2012 November
                  MONTHLY CLIMATOLOGICAL SUMMARY FOR 11/2012
                                        HEAT  COOL        
     MEAN                               DEG   DEG       WIND SPEED       DOM MEAN  MEAN
DAY  TEMP  HIGH   TIME     LOW   TIME   DAYS  DAYS RAIN AVG  HI  TIME    DIR BAROM HUM
---------------------------------------------------------------------------------------
1    54.2  70.0   1:54pm  44.7   1:08am   11    1  0.00   0  11   3:39pm   E 30.06   36
2    47.9  54.2   2:27pm  39.1  11:58pm   17    0  0.00   1  10  12:59pm   E 30.08   42
3    44.5  62.3   2:53pm  29.9   7:00am   20    0  0.00   0   4   1:22am SSE 30.16   52
4    48.2  64.3   1:51pm  35.7   1:33am   16    0  0.00   0   6   1:17pm   E 30.21   40
5    48.7  65.5   1:09pm  33.8   4:03am   16    0  0.00   0   8   8:28am   N 30.22   48
6    53.0  68.2   2:58pm  42.6  10:32pm   12    0  0.00   1   7  11:54am   E 30.22   39
7    56.5  74.0   1:18pm  44.6   7:14am   10    2  0.00   0   7   1:41pm   W 30.07   29
8    49.6  62.8  10:03am  35.8  11:02pm   15    0  0.00   0   6   3:56pm   W 29.97   39
9    51.0  67.7   2:03pm  34.7   7:19am   14    0  0.00   2  15   7:22pm   W 29.75   43
10   36.7  52.0  12:02am  19.3   9:48pm   27    0  0.10   2  29   3:13am   S 29.67   65
11   22.6  32.2  10:52am  -0.4   6:36pm   41    0  0.06   0   5   9:20pm   E 29.99   60
12   32.6  51.3   2:21pm  14.9   3:55am   32    0  0.08   1   7   7:40pm   S 30.20   38
13   38.2  54.7   2:19pm  27.3   5:05am   26    0  0.00   1   7  11:19am   E 30.20   43
14   39.3  61.2   2:58pm  23.6   6:35am   25    0  0.00   1   6   2:14am   E 30.15   49
15   34.0  47.3   2:40pm  25.9   4:51am   30    0  0.00   1   9   2:46pm   E 30.29   67
16   43.1  65.2   2:26pm  25.9   6:31am   20    0  0.00   1  10  12:05pm   W 30.15   49
17   48.5  65.0   1:47pm  38.0   1:04am   15    0  0.00   1  10   2:34pm   W 30.09   38
18   46.4  64.1   2:26pm  32.2   5:37am   15    0  0.00   0   5   8:11am   W 30.05   40
19   44.0  57.2  12:24pm  34.6   1:12am   20    0  0.00   1   6   9:24am   W 30.20   40
20   49.1  69.8   2:13pm  31.9   4:49am   16    0  0.00   1   8  10:27am SSE 30.17   32
21   54.2  73.6   2:26pm  45.6  10:26pm   12    1  0.00   1   7   8:59am   W 30.01   25
22   42.5  52.9   2:18pm  27.9  11:51pm   22    0  0.00   2  14  10:41am   E 30.16   37
23   36.1  54.5   2:46pm  21.4   6:29am   28    0  0.00   0   6  10:50pm   W 30.33   44
24   48.0  56.2  12:47pm  37.7  10:33pm   16    0  0.00   1   8   5:10am SSW 30.08   25
25   47.8  65.7   1:46pm  34.6   8:35pm   17    0  0.02   2   8   7:09pm   W 29.94   27
26   26.8  35.5  12:43am  21.0   9:25pm   37    0  0.00   0   5   2:52am   E 30.18   72
27   41.4  61.6   2:30pm  20.1   1:40am   23    0  0.00   1   6   5:42am   S 30.16   31
28   43.2  60.8  11:42am  31.4   4:18am   21    0  0.00   0   5   6:34am WSW 30.15   24
29   48.1  64.6   2:33pm  35.0   3:35am   16    0  0.00   1   6  10:42am   W 30.05   30
30   47.1  66.4   2:20pm  35.5   1:20am   17    0  0.00   0   5   1:16pm   W 29.99   36
---------------------------------------------------------------------------------------
TOT  44.1  74.0  11/7/12  -0.4 11/11/12  607    5  0.26   1  29 11/10/12   W 30.10   41

HEAT BASE: 65.0
COOL BASE: 65.0