NOAA-Style Climate Reports

Select a Year or Month report
2018: Jan Feb Mar Apr May Jun Jul Aug Sep Oct Nov Dec
2017: Jan Feb Mar Apr May Jun Jul Aug Sep Oct Nov Dec
2016: Jan Feb Mar Apr May Jun Jul Aug Sep Oct Nov Dec
2015: Jan Feb Mar Apr May Jun Jul Aug Sep Oct Nov Dec
2014: Jan Feb Mar Apr May Jun Jul Aug Sep Oct Nov Dec
2013: Jan Feb Mar Apr May Jun Jul Aug Sep Oct Nov Dec
2012: Jan Feb Mar Apr May Jun Jul Aug Sep Oct Nov Dec
2011: Jan Feb Mar Apr May Jun Jul Aug Sep Oct Nov Dec
2010: Jan Feb Mar Apr May Jun Jul Aug Sep Oct Nov Dec
2009: Jan Feb Mar Apr May Jun Jul Aug Sep Oct Nov Dec
2008: Jan Feb Mar Apr May Jun Jul Aug Sep Oct Nov Dec
2007: Jan Feb Mar Apr May Jun Jul Aug Sep Oct Nov Dec
2006: Jan Feb Mar Apr May Jun Jul Aug Sep Oct Nov Dec
2005: Jan Feb Mar Apr May Jun Jul Aug Sep Oct Nov Dec
2004: Jan Feb Mar Apr May Jun Jul Aug Sep Oct Nov Dec
2003: Jan Feb Mar Apr May Jun Jul Aug Sep Oct Nov Dec
2002: Jan Feb Mar Apr May Jun Jul Aug Sep Oct Nov Dec
2001: Jan Feb Mar Apr May Jun Jul Aug Sep Oct Nov Dec
2000: Jan Feb Mar Apr May Jun Jul Aug Sep Oct Nov Dec
1999: Jan Feb Mar Apr May Jun Jul Aug Sep Oct Nov Dec
1998: Jan Feb Mar Apr May Jun Jul Aug Sep Oct Nov Dec
1997: Jan Feb Mar Apr May Jun Jul Aug Sep Oct Nov Dec
1996: Jan Feb Mar Apr May Jun Jul Aug Sep Oct Nov Dec
1995: Jan Feb Mar Apr May Jun Jul Aug Sep Oct Nov Dec
1994: Jan Feb Mar Apr May Jun Jul Aug Sep Oct Nov Dec
1993: Jan Feb Mar Apr May Jun Jul Aug Sep Oct Nov Dec
1992: Jan Feb Mar Apr May Jun Jul Aug Sep Oct Nov Dec
1991: Jan Feb Mar Apr May Jun Jul Aug Sep Oct Nov Dec
1990: Jan Feb Mar Apr May Jun Jul Aug Sep Oct Nov Dec
1989: Jan Feb Mar Apr May Jun Jul Aug Sep Oct Nov Dec
1988: Jan Feb Mar Apr May Jun Jul Aug Sep Oct Nov Dec
1987: Jan Feb Mar Apr May Jun Jul Aug Sep Oct Nov Dec
1986: Jan Feb Mar Apr May Jun Jul Aug Sep Oct Nov Dec

Report for 2012 December
                  MONTHLY CLIMATOLOGICAL SUMMARY FOR 12/2012
                                        HEAT  COOL        
     MEAN                               DEG   DEG       WIND SPEED       DOM MEAN  MEAN
DAY  TEMP  HIGH   TIME     LOW   TIME   DAYS  DAYS RAIN AVG  HI  TIME    DIR BAROM HUM
---------------------------------------------------------------------------------------
1    49.0  66.8   2:46pm  37.2   3:14am   16    0  0.08   1   8   6:25am   E 29.99   38
2    51.8  67.5   2:45pm  37.2   3:14am   13    0  0.00   2  10   7:08pm   W 29.90   27
3    44.7  55.3  12:08am  32.3  11:35pm   20    0  0.00   2  12  10:21am   E 30.01   34
4    40.1  56.2   2:58pm  24.8   6:47am   24    0  0.00   0   5   1:02pm SSE 30.21   36
5    54.3  71.1   2:56pm  44.3  11:59pm   11    1  0.00   2  10  12:03pm   W 30.02   34
6    41.0  49.9   1:03pm  28.7  11:45pm   23    0  0.00   1  12   7:53am   E 29.97   57
7    36.1  55.4  12:40pm  25.4   9:05pm   28    0  0.00   1  15   2:04pm   E 29.90   54
8    32.5  52.6   2:11pm  19.4   6:46am   31    0  0.00   2  15   5:20pm   E 29.80   56
9    15.8  21.8  11:12am   7.2   7:26pm   48    0  0.00   2  10  10:21am   E 30.05   58
10   23.5  38.5   1:01pm  11.5  12:02am   40    0  0.02   1  11   9:26pm   W 29.91   46
11   26.4  40.7   2:15pm  14.6   5:28am   38    0  0.06   1   8  12:56pm SSE 29.91   57
12   41.9  55.1   2:51pm  30.4   2:31am   22    0  0.00   3  15  12:05pm   S 29.85   34
13   41.6  53.8   1:34pm  31.8   9:23pm   23    0  0.00   2  16   1:40pm   W 29.97   32
14   36.6  46.1   3:14pm -23.4   7:20pm   27    0  0.00   1   8   6:27am   S 29.73   41
15   34.9  46.6   3:06pm  24.8  11:49pm   29    0  0.00   0  10  11:49am   S 29.75   51
16   29.3  47.9  12:22pm  17.6   5:59am   35    0  0.02   1  10   4:35pm WNW 29.77   52
17   36.7  53.6   1:33pm  24.8   4:38am   27    0  0.00   2  11   1:59pm   W 29.73   38
18   33.2  46.3   1:27pm  23.6  11:59pm   31    0  0.00   1   8   1:10pm   E 29.76   55
19   16.2  23.8  12:10am   7.7   7:43pm   48    0  0.00   1  14  10:39am NNE 29.89   74
20   28.4  48.2   2:40pm   9.7   1:04am   35    0  0.02   2  59   5:07pm   W 30.15   39
21   41.1  48.4   2:48pm  30.3  10:38pm   15    0  0.00   2   8  10:44am   W 30.11   27
22   38.1  52.2   2:15pm  13.5   1:14am   26    0  0.00   1   6   4:30am   W 30.01   29
23   39.3  54.4  12:33pm  31.2   8:21pm   25    0  0.00   2  13   1:24pm   S 29.93   32
24   27.3  38.2   1:38pm  17.5  11:57pm   37    0  0.00   0   7   2:16pm   N 29.82   58
25   11.2  22.0   1:18pm   2.3   7:34am   53    0  0.00   0   6  12:46am NNE 30.05   71
26   15.6  32.9   1:24pm   4.1   2:21am   48    0  0.09   0   4   2:53pm NNE 29.77   69
27   18.0  33.3  11:03am   6.1   2:21am   46    0  0.02   1  10   2:57pm   E 29.75   73
28   18.8  33.1   1:45pm   8.9   5:05am   45    0  0.00   1   7   3:02pm   E 29.97   59
29   23.8  42.1  12:43pm  14.1  11:47pm   40    0  0.00   1   6   6:37am SSW 30.03   42
30   26.4  47.9  12:33pm  13.4   1:40am   38    0  0.00   1  10   1:33pm   S 29.93   45
31   18.1  27.7   1:27pm  11.3   6:54am   45    0  0.00   0   5   1:57pm   E 29.95   69
---------------------------------------------------------------------------------------
TOT  31.8  71.1  12/5/12 -23.4 12/14/12  988    1  0.31   1  59 12/20/12   W 29.92   48

HEAT BASE: 65.0
COOL BASE: 65.0