NOAA-Style Climate Reports

Select a Year or Month report
2018: Jan Feb Mar Apr May Jun Jul Aug Sep Oct Nov Dec
2017: Jan Feb Mar Apr May Jun Jul Aug Sep Oct Nov Dec
2016: Jan Feb Mar Apr May Jun Jul Aug Sep Oct Nov Dec
2015: Jan Feb Mar Apr May Jun Jul Aug Sep Oct Nov Dec
2014: Jan Feb Mar Apr May Jun Jul Aug Sep Oct Nov Dec
2013: Jan Feb Mar Apr May Jun Jul Aug Sep Oct Nov Dec
2012: Jan Feb Mar Apr May Jun Jul Aug Sep Oct Nov Dec
2011: Jan Feb Mar Apr May Jun Jul Aug Sep Oct Nov Dec
2010: Jan Feb Mar Apr May Jun Jul Aug Sep Oct Nov Dec
2009: Jan Feb Mar Apr May Jun Jul Aug Sep Oct Nov Dec
2008: Jan Feb Mar Apr May Jun Jul Aug Sep Oct Nov Dec
2007: Jan Feb Mar Apr May Jun Jul Aug Sep Oct Nov Dec
2006: Jan Feb Mar Apr May Jun Jul Aug Sep Oct Nov Dec
2005: Jan Feb Mar Apr May Jun Jul Aug Sep Oct Nov Dec
2004: Jan Feb Mar Apr May Jun Jul Aug Sep Oct Nov Dec
2003: Jan Feb Mar Apr May Jun Jul Aug Sep Oct Nov Dec
2002: Jan Feb Mar Apr May Jun Jul Aug Sep Oct Nov Dec
2001: Jan Feb Mar Apr May Jun Jul Aug Sep Oct Nov Dec
2000: Jan Feb Mar Apr May Jun Jul Aug Sep Oct Nov Dec
1999: Jan Feb Mar Apr May Jun Jul Aug Sep Oct Nov Dec
1998: Jan Feb Mar Apr May Jun Jul Aug Sep Oct Nov Dec
1997: Jan Feb Mar Apr May Jun Jul Aug Sep Oct Nov Dec
1996: Jan Feb Mar Apr May Jun Jul Aug Sep Oct Nov Dec
1995: Jan Feb Mar Apr May Jun Jul Aug Sep Oct Nov Dec
1994: Jan Feb Mar Apr May Jun Jul Aug Sep Oct Nov Dec
1993: Jan Feb Mar Apr May Jun Jul Aug Sep Oct Nov Dec
1992: Jan Feb Mar Apr May Jun Jul Aug Sep Oct Nov Dec
1991: Jan Feb Mar Apr May Jun Jul Aug Sep Oct Nov Dec
1990: Jan Feb Mar Apr May Jun Jul Aug Sep Oct Nov Dec
1989: Jan Feb Mar Apr May Jun Jul Aug Sep Oct Nov Dec
1988: Jan Feb Mar Apr May Jun Jul Aug Sep Oct Nov Dec
1987: Jan Feb Mar Apr May Jun Jul Aug Sep Oct Nov Dec
1986: Jan Feb Mar Apr May Jun Jul Aug Sep Oct Nov Dec

Report for 2013 January
                  MONTHLY CLIMATOLOGICAL SUMMARY FOR 1/2013
                                        HEAT  COOL        
     MEAN                               DEG   DEG       WIND SPEED       DOM MEAN  MEAN
DAY  TEMP  HIGH   TIME     LOW   TIME   DAYS  DAYS RAIN AVG  HI  TIME    DIR BAROM HUM
---------------------------------------------------------------------------------------
1    18.1  32.6   2:15pm   7.1   5:11am   46    0  0.00   0   7  12:22pm   E 30.05   60
2    20.3  34.0  12:24pm  12.2   7:10am   43    0  0.00   0   7  12:53pm   E 30.14   48
3    22.7  38.7   2:26pm  11.9   6:25am   41    0  0.00   0   6   7:38am   W 30.19   39
4    31.4  49.7   2:19pm  21.6  11:51pm   33    0  0.00   0   4   3:08pm WSW 30.09   33
5    29.0  41.2  12:00pm  20.2  12:24am   35    0  0.00   1  10   2:38pm   E 30.17   45
6    36.3  58.3  12:56pm  17.6   5:36am   27    0  0.00   0   5   8:12am WNW 30.06   31
7    38.5  51.8  12:08pm  26.7  10:39pm   26    0  0.00   0   6   2:16pm   E 29.94   30
8    40.5  56.2   1:22pm  28.2  10:15pm   23    0  0.00   0   3   5:06am   W 29.99   33
9    41.3  60.3   1:42pm  26.3   6:17am   23    0  0.00   2  14   4:39pm   S 30.16   36
10   43.9  51.8   2:09pm  33.6   4:05am   18    0  0.00   4  16   7:20am   S 29.78   27
11   25.2  45.4  10:22am  12.4   8:00pm   23    0  0.02   1  11  10:47am   S 29.60   63
12    7.2  18.2   1:01pm  -0.3  11:58pm   48    0  0.00   0   7   2:42pm   E 29.90   64
13    4.2  16.9  12:28pm  -3.8   6:09am   59    0  0.00   0   8   2:06pm   E 29.99   68
14    5.0  17.3   1:01pm  -1.5   3:14am   56    0  0.00   0   3  11:57am   N 30.02   68
15   18.2  30.3  11:50pm  -1.9   2:51am   43    0  0.00   0   5   5:08pm   W 30.04   50
16   35.2  51.8   1:26pm  26.1   5:22am   29    0  0.02   1   8   3:05pm   E 30.19   45
17   36.3  53.1   1:49pm  22.0   5:28am   27    0  0.00   1   8   3:47pm SSW 30.29   46
18   42.7  60.5   2:24pm  33.1   5:49am   21    0  0.00   1   6   5:02am   W 30.13   26
19   43.0  62.1   3:23pm  30.7   4:44am   21    0  0.00   0   5   8:40pm   W 30.16   24
20   34.1  52.4  11:54am  21.7  11:38pm   29    0  0.00   1  12  12:19pm   E 30.17   36
21   37.7  58.1   1:46pm  -1.4   6:44am   25    0  0.00   1  10   4:01pm WNW 30.12   37
22   46.9  65.3   1:10pm  34.6   7:43am   16    0  0.00   1  11  12:33pm SSE 30.11   16
23
24   49.2  67.0   2:49pm  38.0   2:28am   15    0  0.00   1   8   3:57pm   E 30.07   26
25   43.0  58.7   1:37pm  31.1   6:39am   20    0  0.00   1  10  12:09pm SSE 30.11   47
26   43.0  58.7   1:24pm  30.5   5:06am   20    0  0.00   0   7   1:17pm   E 29.95   54
27   42.5  61.0   3:14pm  28.8   7:21am   22    0  0.00   1  11   4:10pm   E 29.80   60
28   37.9  56.5  12:06pm  24.9  11:49pm   26    0  0.00   1  11   1:06pm   E 29.73   56
29   23.2  33.3  12:29pm  16.6  11:55pm   40    0  0.06   0   7   2:19pm   E 29.79   66
30   23.6  36.7  12:18pm   2.2   6:59pm   39    0  0.06   1  15   2:58pm NNW 29.88   54
31   34.2  47.7   3:04pm  24.3  12:11am   30    0  0.00   1  10   1:52pm NNW 30.03   46
---------------------------------------------------------------------------------------
TOT  32.4  67.0  1/24/13  -3.8  1/13/13  926    0  0.16   1  16  1/10/13   E 30.03   43

HEAT BASE: 65.0
COOL BASE: 65.0