NOAA-Style Climate Reports

Select a Year or Month report
2018: Jan Feb Mar Apr May Jun Jul Aug Sep Oct Nov Dec
2017: Jan Feb Mar Apr May Jun Jul Aug Sep Oct Nov Dec
2016: Jan Feb Mar Apr May Jun Jul Aug Sep Oct Nov Dec
2015: Jan Feb Mar Apr May Jun Jul Aug Sep Oct Nov Dec
2014: Jan Feb Mar Apr May Jun Jul Aug Sep Oct Nov Dec
2013: Jan Feb Mar Apr May Jun Jul Aug Sep Oct Nov Dec
2012: Jan Feb Mar Apr May Jun Jul Aug Sep Oct Nov Dec
2011: Jan Feb Mar Apr May Jun Jul Aug Sep Oct Nov Dec
2010: Jan Feb Mar Apr May Jun Jul Aug Sep Oct Nov Dec
2009: Jan Feb Mar Apr May Jun Jul Aug Sep Oct Nov Dec
2008: Jan Feb Mar Apr May Jun Jul Aug Sep Oct Nov Dec
2007: Jan Feb Mar Apr May Jun Jul Aug Sep Oct Nov Dec
2006: Jan Feb Mar Apr May Jun Jul Aug Sep Oct Nov Dec
2005: Jan Feb Mar Apr May Jun Jul Aug Sep Oct Nov Dec
2004: Jan Feb Mar Apr May Jun Jul Aug Sep Oct Nov Dec
2003: Jan Feb Mar Apr May Jun Jul Aug Sep Oct Nov Dec
2002: Jan Feb Mar Apr May Jun Jul Aug Sep Oct Nov Dec
2001: Jan Feb Mar Apr May Jun Jul Aug Sep Oct Nov Dec
2000: Jan Feb Mar Apr May Jun Jul Aug Sep Oct Nov Dec
1999: Jan Feb Mar Apr May Jun Jul Aug Sep Oct Nov Dec
1998: Jan Feb Mar Apr May Jun Jul Aug Sep Oct Nov Dec
1997: Jan Feb Mar Apr May Jun Jul Aug Sep Oct Nov Dec
1996: Jan Feb Mar Apr May Jun Jul Aug Sep Oct Nov Dec
1995: Jan Feb Mar Apr May Jun Jul Aug Sep Oct Nov Dec
1994: Jan Feb Mar Apr May Jun Jul Aug Sep Oct Nov Dec
1993: Jan Feb Mar Apr May Jun Jul Aug Sep Oct Nov Dec
1992: Jan Feb Mar Apr May Jun Jul Aug Sep Oct Nov Dec
1991: Jan Feb Mar Apr May Jun Jul Aug Sep Oct Nov Dec
1990: Jan Feb Mar Apr May Jun Jul Aug Sep Oct Nov Dec
1989: Jan Feb Mar Apr May Jun Jul Aug Sep Oct Nov Dec
1988: Jan Feb Mar Apr May Jun Jul Aug Sep Oct Nov Dec
1987: Jan Feb Mar Apr May Jun Jul Aug Sep Oct Nov Dec
1986: Jan Feb Mar Apr May Jun Jul Aug Sep Oct Nov Dec

Report for 2013 February
                  MONTHLY CLIMATOLOGICAL SUMMARY FOR 2/2013
                                        HEAT  COOL        
     MEAN                               DEG   DEG       WIND SPEED       DOM MEAN  MEAN
DAY  TEMP  HIGH   TIME     LOW   TIME   DAYS  DAYS RAIN AVG  HI  TIME    DIR BAROM HUM
---------------------------------------------------------------------------------------
1    34.6  50.8  12:21pm  21.1   7:07am   30    0  0.00   2  17   4:21pm NNW 30.08   47
2    37.2  59.0   1:37pm  17.6   1:05pm   26    0  0.00   1  58  10:18am SSE 30.22   42
3    38.4  58.1  12:53pm  10.8   8:50am   26    0  0.00   0   6   6:52pm   E 30.03   35
4    38.1  55.8   1:33pm  27.4   6:36am   26    0  0.00   1  58   6:55am   S 29.95   30
5    42.7  61.6   1:44pm  29.7   6:23am   20    0  0.00   2  11   4:52pm   S 29.97   34
6    41.6  61.6  11:21am  30.9   8:24pm   23    0  0.06   1   7   3:48pm   E 29.91   47
7    33.3  46.1   3:13pm  21.2   6:58am   31    0  0.27   1  10  11:40pm SSE 30.09   66
8    39.1  53.8   4:05pm  28.6   2:23am   25    0  0.02   2  12   3:13pm   S 29.87   43
9    29.1  38.3  11:14am  19.4   7:04am   35    0  0.00   1   7  10:53am   S 29.67   63
10   25.0  37.4   2:52pm  18.2  10:08pm   38    0  0.02   1   9   7:17pm   E 29.82   62
11   20.4  34.0   2:10pm  10.6   6:12am   43    0  0.00   0   7   2:44pm   E 29.98   66
12   26.5  44.1   3:51pm  14.6   6:37am   38    0  0.00   0   8   2:00pm   E 30.00   43
13   32.8  46.4  10:54am  23.1  12:02am   31    0  0.00   2  16  11:37am   W 29.97   38
14   25.9  41.2  10:52am  18.6  10:33pm   38    0  0.00   1  10  11:42am   E 30.12   60
15   24.9  41.0  12:19pm  12.5   4:31am   39    0  0.02   1   9   4:38pm   E 30.20   59
16   40.5  57.4   2:22pm  27.7  12:51am   24    0  0.00   2  15   1:22pm NNW 30.09   34
17   44.1  64.8   3:48pm  27.4  11:56pm   20    0  0.00   3  14   8:15pm   W 29.79   25
18   29.0  42.7   1:44pm  17.7  11:35pm   35    0  0.00   2  17   1:38pm   E 29.96   46
19   27.8  46.1   1:23pm  13.1   4:32am   36    0  0.00   0   5   4:21pm NNE 29.93   44
20   25.2  38.3   1:28pm  17.8   6:29am   39    0  0.00   0   8   2:24pm NNE 29.73   66
21   18.8  27.4   1:00pm  13.0   5:38am   45    0  0.06   0   6   4:55pm   N 29.80   74
22   22.1  34.7  12:46pm  10.6   6:34am   41    0  0.04   1  10  10:36am   E 29.88   69
23   31.9  52.0   3:49pm  16.4  12:27am   32    0  0.02   1  12   2:13pm   E 29.73   50
24   24.0  27.4  12:02am  20.3  11:04pm   40    0  0.00   1  13   3:04pm NNE 29.90   81
25   24.4  41.6   3:48pm   9.2   6:46am   40    0  0.15   1   8  10:33am SSE 29.96   60
26   23.4  32.0  10:44am  17.5   5:22am   41    0  0.04   0   8   4:51pm NNE 29.89   71
27   23.9  37.4  11:25am  14.6   6:10am   39    0  0.04   2   9   4:26pm   E 30.15   57
28   29.9  44.5   1:16pm  15.6   1:40am   34    0  0.00   2  14   4:50pm   W 30.17   42
---------------------------------------------------------------------------------------
TOT  30.5  64.8  2/17/13   9.2  2/25/13  933    0  0.74   1  58   2/4/13   E 29.96   52

HEAT BASE: 65.0
COOL BASE: 65.0