NOAA-Style Climate Reports

Select a Year or Month report
2018: Jan Feb Mar Apr May Jun Jul Aug Sep Oct Nov Dec
2017: Jan Feb Mar Apr May Jun Jul Aug Sep Oct Nov Dec
2016: Jan Feb Mar Apr May Jun Jul Aug Sep Oct Nov Dec
2015: Jan Feb Mar Apr May Jun Jul Aug Sep Oct Nov Dec
2014: Jan Feb Mar Apr May Jun Jul Aug Sep Oct Nov Dec
2013: Jan Feb Mar Apr May Jun Jul Aug Sep Oct Nov Dec
2012: Jan Feb Mar Apr May Jun Jul Aug Sep Oct Nov Dec
2011: Jan Feb Mar Apr May Jun Jul Aug Sep Oct Nov Dec
2010: Jan Feb Mar Apr May Jun Jul Aug Sep Oct Nov Dec
2009: Jan Feb Mar Apr May Jun Jul Aug Sep Oct Nov Dec
2008: Jan Feb Mar Apr May Jun Jul Aug Sep Oct Nov Dec
2007: Jan Feb Mar Apr May Jun Jul Aug Sep Oct Nov Dec
2006: Jan Feb Mar Apr May Jun Jul Aug Sep Oct Nov Dec
2005: Jan Feb Mar Apr May Jun Jul Aug Sep Oct Nov Dec
2004: Jan Feb Mar Apr May Jun Jul Aug Sep Oct Nov Dec
2003: Jan Feb Mar Apr May Jun Jul Aug Sep Oct Nov Dec
2002: Jan Feb Mar Apr May Jun Jul Aug Sep Oct Nov Dec
2001: Jan Feb Mar Apr May Jun Jul Aug Sep Oct Nov Dec
2000: Jan Feb Mar Apr May Jun Jul Aug Sep Oct Nov Dec
1999: Jan Feb Mar Apr May Jun Jul Aug Sep Oct Nov Dec
1998: Jan Feb Mar Apr May Jun Jul Aug Sep Oct Nov Dec
1997: Jan Feb Mar Apr May Jun Jul Aug Sep Oct Nov Dec
1996: Jan Feb Mar Apr May Jun Jul Aug Sep Oct Nov Dec
1995: Jan Feb Mar Apr May Jun Jul Aug Sep Oct Nov Dec
1994: Jan Feb Mar Apr May Jun Jul Aug Sep Oct Nov Dec
1993: Jan Feb Mar Apr May Jun Jul Aug Sep Oct Nov Dec
1992: Jan Feb Mar Apr May Jun Jul Aug Sep Oct Nov Dec
1991: Jan Feb Mar Apr May Jun Jul Aug Sep Oct Nov Dec
1990: Jan Feb Mar Apr May Jun Jul Aug Sep Oct Nov Dec
1989: Jan Feb Mar Apr May Jun Jul Aug Sep Oct Nov Dec
1988: Jan Feb Mar Apr May Jun Jul Aug Sep Oct Nov Dec
1987: Jan Feb Mar Apr May Jun Jul Aug Sep Oct Nov Dec
1986: Jan Feb Mar Apr May Jun Jul Aug Sep Oct Nov Dec

Report for 2013 March
                  MONTHLY CLIMATOLOGICAL SUMMARY FOR 3/2013
                                        HEAT  COOL        
     MEAN                               DEG   DEG       WIND SPEED       DOM MEAN  MEAN
DAY  TEMP  HIGH   TIME     LOW   TIME   DAYS  DAYS RAIN AVG  HI  TIME    DIR BAROM HUM
---------------------------------------------------------------------------------------
1    34.6  49.5   4:21pm  22.7   6:46am   30    0  0.00   2  14  10:28am   E 30.23   49
2    45.3  63.2   3:28pm  32.2   6:06am   19    0  0.00   1   9   1:14pm WSW 30.20   41
3    49.2  65.2   2:39pm  39.6   7:14am   15    0  0.00   1  11   2:56pm   E 29.84   36
4    28.1  41.2  12:02am  13.8  11:41pm   36    0  0.00   1  10  12:46pm   E 29.94   64
5    27.0  47.3   3:25pm   8.1   5:33am   37    0  0.04   1   8   9:47am NNE 30.15   56
6    40.8  62.3   1:09pm  19.6   2:21am   24    0  0.00   1  14   1:37pm   E 29.97   45
7    49.1  67.5   2:03pm  32.1   5:06am   15    0  0.00   1  14   4:09pm   E 29.94   36
8    37.4  50.2   2:34pm  27.7   5:22am   26    0  0.00   0   4   5:16pm NNE 29.88   62
9    28.7  33.3   1:18am  23.1  11:45pm   35    0  0.00   0   9  10:05pm NNE 29.84   79
10   28.7  42.5   5:53pm  12.4   7:17am   34    0  0.28   0   7   4:00pm   E 30.07   61
11   38.9  58.3   1:05pm  28.6  11:04pm   25    0  0.00   1  13   5:45pm   E 30.00   51
12   31.1  49.3   4:23pm  23.2   7:04am   33    0  0.11   0   6   9:41am   E 30.19   72
13   48.7  70.4   4:26pm  28.2   1:40am   16    0  0.00   0  10   4:01pm WSW 30.20   44
14   55.2  76.7   4:25pm  41.0   2:21am   11    2  0.00   0   5   6:26pm   S 30.22   31
15   59.1  77.9   4:20pm  49.3  12:04am    8    2  0.00   0  10  10:16am   N 30.02   27
16   45.0  52.4   2:01pm  38.9   7:26am   19    0  0.00   0   9   3:16am   N 29.95   53
17   45.0  60.5   2:30pm  32.4  11:57pm   19    0  0.00   2  13   4:46pm   W 29.75   44
18   38.3  56.0   5:47pm  21.8   6:07am   26    0  0.00   1  12   1:44am NNW 29.91   36
19   39.5  57.2   4:23pm  24.7  11:55pm   24    0  0.00   2  15   4:17pm   E 30.08   33
20   38.6  64.1   2:29pm  20.3   6:25am   26    0  0.00   0   6  12:59pm   E 30.01   45
21   42.4  60.1  12:01pm  28.4  11:43pm   22    0  0.00   1  60   5:31pm   N 29.73   42
22   34.2  55.4   2:55pm  24.9  11:11pm   30    0  0.18   1  26   4:53pm SSE 29.80   58
23   17.9  25.0  12:00am  10.9  11:25pm   45    0  0.00   0  11  12:25pm NNE 30.00   77
24   18.7  32.9  12:50pm   3.4   5:23am   45    0  0.26   0   8   1:10pm   E 30.06   62
25   21.7  38.3   5:25pm   4.7   6:56am   42    0  0.04   0   6   4:11pm   E 30.16   58
26   35.6  55.6   2:24pm  15.1   4:49am   28    0  0.03   0   8   1:28pm   E 30.01   51
27   42.4  60.5   5:05pm  25.2   4:14am   22    0  0.00   0  10  11:50pm   E 30.05   56
28   47.3  66.8   2:30pm  30.4   5:50am   17    0  0.00   0  11  12:07am   E 30.09   49
29   51.1  70.4   3:39pm  36.4   6:23am   14    0  0.00   0  10   5:41pm   N 30.12   43
30   50.9  68.6   1:59pm  38.2  10:17pm   14    0  0.00   0  11   5:09pm   E 30.12   46
31   51.4  74.3   3:27pm  32.9   5:58am   15    2  0.00   1  12   6:30pm   E 30.07   45
---------------------------------------------------------------------------------------
TOT  39.4  77.9  3/15/13   3.4  3/24/13  772    7  0.94   1  60  3/21/13   E 30.02   50

HEAT BASE: 65.0
COOL BASE: 65.0