NOAA-Style Climate Reports

Select a Year or Month report
2018: Jan Feb Mar Apr May Jun Jul Aug Sep Oct Nov Dec
2017: Jan Feb Mar Apr May Jun Jul Aug Sep Oct Nov Dec
2016: Jan Feb Mar Apr May Jun Jul Aug Sep Oct Nov Dec
2015: Jan Feb Mar Apr May Jun Jul Aug Sep Oct Nov Dec
2014: Jan Feb Mar Apr May Jun Jul Aug Sep Oct Nov Dec
2013: Jan Feb Mar Apr May Jun Jul Aug Sep Oct Nov Dec
2012: Jan Feb Mar Apr May Jun Jul Aug Sep Oct Nov Dec
2011: Jan Feb Mar Apr May Jun Jul Aug Sep Oct Nov Dec
2010: Jan Feb Mar Apr May Jun Jul Aug Sep Oct Nov Dec
2009: Jan Feb Mar Apr May Jun Jul Aug Sep Oct Nov Dec
2008: Jan Feb Mar Apr May Jun Jul Aug Sep Oct Nov Dec
2007: Jan Feb Mar Apr May Jun Jul Aug Sep Oct Nov Dec
2006: Jan Feb Mar Apr May Jun Jul Aug Sep Oct Nov Dec
2005: Jan Feb Mar Apr May Jun Jul Aug Sep Oct Nov Dec
2004: Jan Feb Mar Apr May Jun Jul Aug Sep Oct Nov Dec
2003: Jan Feb Mar Apr May Jun Jul Aug Sep Oct Nov Dec
2002: Jan Feb Mar Apr May Jun Jul Aug Sep Oct Nov Dec
2001: Jan Feb Mar Apr May Jun Jul Aug Sep Oct Nov Dec
2000: Jan Feb Mar Apr May Jun Jul Aug Sep Oct Nov Dec
1999: Jan Feb Mar Apr May Jun Jul Aug Sep Oct Nov Dec
1998: Jan Feb Mar Apr May Jun Jul Aug Sep Oct Nov Dec
1997: Jan Feb Mar Apr May Jun Jul Aug Sep Oct Nov Dec
1996: Jan Feb Mar Apr May Jun Jul Aug Sep Oct Nov Dec
1995: Jan Feb Mar Apr May Jun Jul Aug Sep Oct Nov Dec
1994: Jan Feb Mar Apr May Jun Jul Aug Sep Oct Nov Dec
1993: Jan Feb Mar Apr May Jun Jul Aug Sep Oct Nov Dec
1992: Jan Feb Mar Apr May Jun Jul Aug Sep Oct Nov Dec
1991: Jan Feb Mar Apr May Jun Jul Aug Sep Oct Nov Dec
1990: Jan Feb Mar Apr May Jun Jul Aug Sep Oct Nov Dec
1989: Jan Feb Mar Apr May Jun Jul Aug Sep Oct Nov Dec
1988: Jan Feb Mar Apr May Jun Jul Aug Sep Oct Nov Dec
1987: Jan Feb Mar Apr May Jun Jul Aug Sep Oct Nov Dec
1986: Jan Feb Mar Apr May Jun Jul Aug Sep Oct Nov Dec

Report for 2013 April
                  MONTHLY CLIMATOLOGICAL SUMMARY FOR 4/2013
                                        HEAT  COOL        
     MEAN                               DEG   DEG       WIND SPEED       DOM MEAN  MEAN
DAY  TEMP  HIGH   TIME     LOW   TIME   DAYS  DAYS RAIN AVG  HI  TIME    DIR BAROM HUM
---------------------------------------------------------------------------------------
1    42.4  58.1   3:33pm  29.0   5:53am   22    0  0.02   1  15   6:18pm   N 30.08   56
2    35.7  39.8  11:06am  32.3   8:10pm   29    0  0.06   0   5   3:21pm   N 30.08   79
3    45.2  65.3   4:59pm -16.9  12:16pm   19    0  0.02   0   7   4:27pm   N 30.10   60
4    54.3  73.4   3:29pm  35.6   4:31am   12    1  0.00   0  11   6:05pm   E 30.11   37
5    58.7  76.1   1:53pm  48.3   5:05am    8    2  0.00   0   9   8:59pm SSE 29.91   30
6    52.4  67.0   2:02pm  38.2   6:50am   12    0  0.00   1  10  10:57pm   E 29.95   36
7    51.7  66.2  12:17pm  35.8   6:35am   13    0  0.00   1  10   8:24pm NNW 29.84   42
8    47.8  69.1   1:10pm  25.2  11:53pm   17    0  0.00   2  17   2:34pm SSE 29.70   45
9    15.3  25.2  12:00am   8.7   9:52pm   48    0  0.00   1  17   6:27am NNE 30.02   73
10   17.6  29.9   5:28pm   2.7   6:20am   46    0  0.16   0  12  12:49pm   E 30.01   65
11   39.0  58.7   2:01pm  19.6   5:59am   25    0  0.00   1  11   2:40pm ENE 29.83   56
12   42.4  62.8   2:26pm  27.5   5:26am   20    0  0.00   0  10   3:13pm   E 29.94   61
13   51.2  72.5   2:39pm  30.4   1:34am   14    1  0.00   1  14  10:33am   S 29.71   43
14   43.0  57.8   5:27pm  29.0   6:40am   21    0  0.24   3  25   9:23pm   W 29.69   47
15   29.3  38.5  12:26pm  21.8   9:15pm   34    0  0.00   2  17   4:59am SSE 29.85   67
16   30.6  44.6   3:11pm  21.2   5:22am   32    0  0.03   3  17   1:41pm SSE 29.91   73
17   25.2  32.9   2:03pm  17.6  10:10pm   39    0  0.04   1  10   5:46pm NNE 29.97   81
18   27.0  43.0   5:22pm  10.4   6:25am   36    0  0.20   1  10   1:41pm   E 30.07   58
19   41.2  60.8   3:33pm  18.0   4:05pm   23    0  0.00   1   7   2:16pm   W 30.04   39
20   46.0  64.6   3:14pm  31.3   5:32am   19    0  0.00   1   7  10:06am   E 29.97   47
21   49.6  68.0   3:23pm  34.7   5:32am   15    0  0.00   1  11  12:26pm   E 30.04   45
22   34.2  59.0  10:49am  21.0  11:32pm   30    0  0.00   1  10  10:51am NNE 30.07   66
23   26.5  41.0   5:14pm  17.8   5:44am   36    0  0.22   0   5  12:14pm   E 30.15   66
24   40.0  59.6   5:12pm  24.3  12:00am   24    0  0.00   2  10   1:26pm   S 30.14   43
25   50.8  68.8   4:32pm  32.2   6:12am   14    0  0.00   2  10   3:01am ENE 30.05   36
26   53.7  70.9   3:30pm  34.0   6:10am   12    1  0.00   1  18   1:54pm   E 30.16   33
27   60.1  77.8   5:34pm  43.6   6:38am    8    3  0.00   2  11  10:35am   W 30.15   28
28   65.2  83.0   2:57pm  48.2   6:11am    5    5  0.00   2  13   4:12pm   W 30.01   25
29   64.9  82.6   2:26pm  45.5   5:42am    4    4  0.00   2  20  10:32am   W 29.86   30
30   53.7  62.8  12:07pm  37.8  11:51pm   11    0  0.00   2  12   6:26am   E 29.86   44
---------------------------------------------------------------------------------------
TOT  43.2  83.0  4/28/13 -16.9   4/3/13  650   19  0.99   1  25  4/14/13   E 29.98   50

HEAT BASE: 65.0
COOL BASE: 65.0