NOAA-Style Climate Reports

Select a Year or Month report
2018: Jan Feb Mar Apr May Jun Jul Aug Sep Oct Nov Dec
2017: Jan Feb Mar Apr May Jun Jul Aug Sep Oct Nov Dec
2016: Jan Feb Mar Apr May Jun Jul Aug Sep Oct Nov Dec
2015: Jan Feb Mar Apr May Jun Jul Aug Sep Oct Nov Dec
2014: Jan Feb Mar Apr May Jun Jul Aug Sep Oct Nov Dec
2013: Jan Feb Mar Apr May Jun Jul Aug Sep Oct Nov Dec
2012: Jan Feb Mar Apr May Jun Jul Aug Sep Oct Nov Dec
2011: Jan Feb Mar Apr May Jun Jul Aug Sep Oct Nov Dec
2010: Jan Feb Mar Apr May Jun Jul Aug Sep Oct Nov Dec
2009: Jan Feb Mar Apr May Jun Jul Aug Sep Oct Nov Dec
2008: Jan Feb Mar Apr May Jun Jul Aug Sep Oct Nov Dec
2007: Jan Feb Mar Apr May Jun Jul Aug Sep Oct Nov Dec
2006: Jan Feb Mar Apr May Jun Jul Aug Sep Oct Nov Dec
2005: Jan Feb Mar Apr May Jun Jul Aug Sep Oct Nov Dec
2004: Jan Feb Mar Apr May Jun Jul Aug Sep Oct Nov Dec
2003: Jan Feb Mar Apr May Jun Jul Aug Sep Oct Nov Dec
2002: Jan Feb Mar Apr May Jun Jul Aug Sep Oct Nov Dec
2001: Jan Feb Mar Apr May Jun Jul Aug Sep Oct Nov Dec
2000: Jan Feb Mar Apr May Jun Jul Aug Sep Oct Nov Dec
1999: Jan Feb Mar Apr May Jun Jul Aug Sep Oct Nov Dec
1998: Jan Feb Mar Apr May Jun Jul Aug Sep Oct Nov Dec
1997: Jan Feb Mar Apr May Jun Jul Aug Sep Oct Nov Dec
1996: Jan Feb Mar Apr May Jun Jul Aug Sep Oct Nov Dec
1995: Jan Feb Mar Apr May Jun Jul Aug Sep Oct Nov Dec
1994: Jan Feb Mar Apr May Jun Jul Aug Sep Oct Nov Dec
1993: Jan Feb Mar Apr May Jun Jul Aug Sep Oct Nov Dec
1992: Jan Feb Mar Apr May Jun Jul Aug Sep Oct Nov Dec
1991: Jan Feb Mar Apr May Jun Jul Aug Sep Oct Nov Dec
1990: Jan Feb Mar Apr May Jun Jul Aug Sep Oct Nov Dec
1989: Jan Feb Mar Apr May Jun Jul Aug Sep Oct Nov Dec
1988: Jan Feb Mar Apr May Jun Jul Aug Sep Oct Nov Dec
1987: Jan Feb Mar Apr May Jun Jul Aug Sep Oct Nov Dec
1986: Jan Feb Mar Apr May Jun Jul Aug Sep Oct Nov Dec

Report for 2013 May
                  MONTHLY CLIMATOLOGICAL SUMMARY FOR 5/2013
                                        HEAT  COOL        
     MEAN                               DEG   DEG       WIND SPEED       DOM MEAN  MEAN
DAY  TEMP  HIGH   TIME     LOW   TIME   DAYS  DAYS RAIN AVG  HI  TIME    DIR BAROM HUM
---------------------------------------------------------------------------------------
1    29.6  37.8  12:00am  22.4  11:40pm   34    0  0.09   0   9  12:58am   E 30.26   81
2    33.8  51.5   5:52pm  17.6   6:20am   30    0  0.32   0   6   5:32pm   E 30.48   58
3    47.1  65.2   2:52pm  28.8   1:08am   18    0  0.00   1   8   1:20pm   E 30.20   40
4    47.6  65.2   2:10pm  32.9   6:15am   17    0  0.00   1  13   7:22pm   E 30.14   45
5    47.1  63.0   2:04pm  33.1   6:06am   17    0  0.00   1  11   2:21pm NNE 30.15   43
6    52.0  67.5   1:06pm  38.3   6:05am   12    0  0.00   2   8  12:00pm SSW 30.04   45
7    55.5  74.9   2:56pm  42.9  11:49pm   10    1  0.04   1  17   7:00pm   W 29.99   51
8    45.8  64.3  12:57pm  40.7   7:14pm   17    0  0.76   1   8   2:34pm   W 30.05   75
9    44.7  54.2  11:25am  39.1   5:42am   20    0  0.65   1  10   3:12pm WNW 30.17   82
10   51.4  68.8   5:56pm  36.0   3:56am   14    0  0.00   1  13   2:36pm   W 30.23   57
11   55.3  74.0   1:56pm  38.2   5:59am   10    1  0.00   1  13   4:24pm   E 30.32   51
12   64.6  82.4   2:57pm  48.7   4:32am    5    5  0.00   2   8   2:59pm   W 30.21   37
13   70.4  88.4   4:16pm  55.2   5:05am    2    8  0.00   2   9   1:57pm WSW 30.17   32
14   69.4  90.7   1:38pm  59.4  10:06pm    1    5  0.00   3  19   1:28pm   W 30.07   35
15   65.7  86.9   2:15pm  53.8  11:53pm    3    4  0.00   2  11   5:43pm   W 30.03   45
16   66.7  88.7   2:42pm  50.2   4:49am    5    6  0.00   1   8   1:14pm   E 29.96   43
17   70.0  90.7   4:18pm  49.1   6:19am    3    8  0.00   2  19   2:21pm WSW 29.93   31
18   63.0  81.2   1:33pm  48.7   5:06am    5    3  0.00   1  14   3:03pm WSW 29.93   30
19   58.4  75.4   3:38pm  47.0  12:48am    7    1  0.00   1  14   4:36pm WNW 29.89   41
20   50.8  67.0  12:41pm  42.9  11:47pm   14    0  0.18   1  10   3:41pm   E 29.99   61
21   56.0  74.0   5:17pm  37.6   3:57am   10    2  0.00   1  11   2:03pm   E 30.02   50
22   61.5  80.8   2:58pm  40.1   5:42am    7    4  0.00   2  10   6:02pm   E 29.99   43
23   59.8  73.4   2:33pm  45.9   6:18am    5    1  0.00   4  16   6:20pm SSE 30.07   56
24   66.7  89.6   3:25pm  50.4   6:09am    4    5  0.00   2  16  12:35am WSW 30.02   46
25   70.9  92.7   5:21pm  53.3   6:11am    3    9  0.00   1  18   5:49pm   W 30.02   40
26   70.3  91.4   2:13pm  57.4   5:43am    2    7  0.00   2  18  12:30pm   W 29.98   27
27   70.6  86.4   1:00pm  56.0   5:46am    2    6  0.00   1  21   5:36pm WSW 29.91   27
28   69.1  81.5   4:25pm  46.3   6:26am    1    4  0.00   2  14   1:23pm SSE 29.79   35
29   56.0  63.7  12:13pm  48.6   6:05am    8    0  0.27   1   9   9:35am   E 29.77   59
30   59.1  71.5   5:17pm  43.0   5:32am    7    1  0.00   2  12   5:11pm   W 29.84   37
31   58.9  73.1   5:17pm  40.5   5:49am    8    2  0.04   1  12   1:20pm   W 29.98   31
---------------------------------------------------------------------------------------
TOT  57.5  92.7  5/25/13  17.6   5/2/13  305   86  2.35   1  21  5/27/13   W 30.06   46

HEAT BASE: 65.0
COOL BASE: 65.0