NOAA-Style Climate Reports

Select a Year or Month report
2018: Jan Feb Mar Apr May Jun Jul Aug Sep Oct Nov Dec
2017: Jan Feb Mar Apr May Jun Jul Aug Sep Oct Nov Dec
2016: Jan Feb Mar Apr May Jun Jul Aug Sep Oct Nov Dec
2015: Jan Feb Mar Apr May Jun Jul Aug Sep Oct Nov Dec
2014: Jan Feb Mar Apr May Jun Jul Aug Sep Oct Nov Dec
2013: Jan Feb Mar Apr May Jun Jul Aug Sep Oct Nov Dec
2012: Jan Feb Mar Apr May Jun Jul Aug Sep Oct Nov Dec
2011: Jan Feb Mar Apr May Jun Jul Aug Sep Oct Nov Dec
2010: Jan Feb Mar Apr May Jun Jul Aug Sep Oct Nov Dec
2009: Jan Feb Mar Apr May Jun Jul Aug Sep Oct Nov Dec
2008: Jan Feb Mar Apr May Jun Jul Aug Sep Oct Nov Dec
2007: Jan Feb Mar Apr May Jun Jul Aug Sep Oct Nov Dec
2006: Jan Feb Mar Apr May Jun Jul Aug Sep Oct Nov Dec
2005: Jan Feb Mar Apr May Jun Jul Aug Sep Oct Nov Dec
2004: Jan Feb Mar Apr May Jun Jul Aug Sep Oct Nov Dec
2003: Jan Feb Mar Apr May Jun Jul Aug Sep Oct Nov Dec
2002: Jan Feb Mar Apr May Jun Jul Aug Sep Oct Nov Dec
2001: Jan Feb Mar Apr May Jun Jul Aug Sep Oct Nov Dec
2000: Jan Feb Mar Apr May Jun Jul Aug Sep Oct Nov Dec
1999: Jan Feb Mar Apr May Jun Jul Aug Sep Oct Nov Dec
1998: Jan Feb Mar Apr May Jun Jul Aug Sep Oct Nov Dec
1997: Jan Feb Mar Apr May Jun Jul Aug Sep Oct Nov Dec
1996: Jan Feb Mar Apr May Jun Jul Aug Sep Oct Nov Dec
1995: Jan Feb Mar Apr May Jun Jul Aug Sep Oct Nov Dec
1994: Jan Feb Mar Apr May Jun Jul Aug Sep Oct Nov Dec
1993: Jan Feb Mar Apr May Jun Jul Aug Sep Oct Nov Dec
1992: Jan Feb Mar Apr May Jun Jul Aug Sep Oct Nov Dec
1991: Jan Feb Mar Apr May Jun Jul Aug Sep Oct Nov Dec
1990: Jan Feb Mar Apr May Jun Jul Aug Sep Oct Nov Dec
1989: Jan Feb Mar Apr May Jun Jul Aug Sep Oct Nov Dec
1988: Jan Feb Mar Apr May Jun Jul Aug Sep Oct Nov Dec
1987: Jan Feb Mar Apr May Jun Jul Aug Sep Oct Nov Dec
1986: Jan Feb Mar Apr May Jun Jul Aug Sep Oct Nov Dec

Report for 2013 June
                  MONTHLY CLIMATOLOGICAL SUMMARY FOR 6/2013
                                        HEAT  COOL        
     MEAN                               DEG   DEG       WIND SPEED       DOM MEAN  MEAN
DAY  TEMP  HIGH   TIME     LOW   TIME   DAYS  DAYS RAIN AVG  HI  TIME    DIR BAROM HUM
---------------------------------------------------------------------------------------
1    56.3  69.3   5:22pm  40.4   4:38am    9    1  0.00   1  12  12:07pm   E 30.18   44
2    65.7  84.4   5:29pm  43.2   5:53am    6    6  0.00   1  11   3:03pm   E 30.06   37
3    74.7  93.1  12:38pm  59.1   4:15am    1   10  0.00   1  19   3:07pm WSW 29.91   24
4    61.0  74.0   3:20pm  47.5  11:52pm    6    2  0.20   1  13  10:09pm   E 30.09   53
5    48.3  52.7   3:26pm  43.0   5:22am   16    0  0.04   0   5   1:09am   E 30.20   79
6    62.2  77.2   2:18pm  42.1   4:34am    6    4  0.00   1  13   3:50pm   E 30.13   52
7    67.1  83.9   1:08pm  50.6   6:28am    3    5  0.00   0  11   1:12pm   N 30.06   41
8    67.2  79.7   7:54am  55.6  11:57pm    2    4  0.00   1  11   9:09am   E 29.99   40
9    71.3  89.1   5:35pm  47.3   5:37am    4   10  0.00   1  21   2:18pm   E 30.07   36
10   80.6  99.5  11:49am  67.5   5:22am    0   15  0.00   3  22  11:15am SSW 30.02   24
11   81.0  95.2   3:07pm  66.2   5:45am    0   15  0.00   2  23   4:05pm WSW 29.98   21
12   75.7  90.4   3:39pm  57.4   5:36am    1   11  0.00   2  19   3:16pm SSE 30.14   24
13   71.7  87.8   1:57pm  54.7   5:22am    2    8  0.00   1  17   1:29pm   N 30.11   50
14   74.2  89.8  12:41pm  61.4  11:55pm    0    9  0.00   3  21   8:17pm   E 30.04   33
15   67.7  80.3   3:00pm  52.0   5:22am    3    5  0.00   1   9   4:35pm NNE 30.11   48
16   68.3  89.6  11:35am  57.8   6:20am    2    6  0.02   1  20  11:22am SSE 30.15   43
17   66.7  79.9  10:29am  50.7   5:10am    3    5  0.00   0  10   1:48pm   N 30.17   41
18   67.7  86.8  12:48pm  50.6   5:49am    3    6  0.00   1  16   1:10pm SSE 30.10   49
19   74.8  91.4  12:06pm  51.7   5:39am    3   12  0.00   2  21   6:20pm SSE 29.93   39
20   73.8  88.7   5:27pm  55.6   6:30am    1   10  0.00   2  17   5:35pm   E 29.97   26
21   75.6  93.2  12:57pm  57.4   5:56am    1   12  0.00   4  23   3:04pm SSE 29.97   29
22   70.8  86.0   2:22pm  52.9   5:37am    2    8  0.00   1  18   3:26pm NNE 29.99   44
23   65.4  85.1   1:50pm  51.8   5:57am    5    5  0.19   1  21   1:45pm  SE 30.03   55
24   70.3  86.6   4:33pm  53.9   5:05am    3    8  0.00   1  13   5:37pm SSE 29.96   42
25   76.4  88.7   5:31pm  60.1   5:22am    0   12  0.00   1  19   2:57pm NNE 30.01   25
26   80.0  95.2  11:35am  61.1   5:10am    0   15  0.00   3  23  12:01pm   E 30.14   27
27   82.2  95.2  11:41am  62.6   5:37am    0   17  0.00   3  22   5:26pm   E 30.24   27
28   77.8  91.1  11:50am  59.0  11:38pm    0   12  0.26   3  21   6:43pm   N 30.27   42
29   70.0  83.5  11:48am  58.1   6:02am    1    6  0.00   0  15  11:40am   N 30.25   54
30   66.3  80.8  12:02pm  58.7   9:05pm    2    3  0.04   0  10   8:03pm   N 30.24   61
---------------------------------------------------------------------------------------
TOT  70.3  99.5  6/10/13  40.4   6/1/13   86  243  0.75   1  23  6/21/13   E 30.08   40

HEAT BASE: 65.0
COOL BASE: 65.0