NOAA-Style Climate Reports

Select a Year or Month report
2018: Jan Feb Mar Apr May Jun Jul Aug Sep Oct Nov Dec
2017: Jan Feb Mar Apr May Jun Jul Aug Sep Oct Nov Dec
2016: Jan Feb Mar Apr May Jun Jul Aug Sep Oct Nov Dec
2015: Jan Feb Mar Apr May Jun Jul Aug Sep Oct Nov Dec
2014: Jan Feb Mar Apr May Jun Jul Aug Sep Oct Nov Dec
2013: Jan Feb Mar Apr May Jun Jul Aug Sep Oct Nov Dec
2012: Jan Feb Mar Apr May Jun Jul Aug Sep Oct Nov Dec
2011: Jan Feb Mar Apr May Jun Jul Aug Sep Oct Nov Dec
2010: Jan Feb Mar Apr May Jun Jul Aug Sep Oct Nov Dec
2009: Jan Feb Mar Apr May Jun Jul Aug Sep Oct Nov Dec
2008: Jan Feb Mar Apr May Jun Jul Aug Sep Oct Nov Dec
2007: Jan Feb Mar Apr May Jun Jul Aug Sep Oct Nov Dec
2006: Jan Feb Mar Apr May Jun Jul Aug Sep Oct Nov Dec
2005: Jan Feb Mar Apr May Jun Jul Aug Sep Oct Nov Dec
2004: Jan Feb Mar Apr May Jun Jul Aug Sep Oct Nov Dec
2003: Jan Feb Mar Apr May Jun Jul Aug Sep Oct Nov Dec
2002: Jan Feb Mar Apr May Jun Jul Aug Sep Oct Nov Dec
2001: Jan Feb Mar Apr May Jun Jul Aug Sep Oct Nov Dec
2000: Jan Feb Mar Apr May Jun Jul Aug Sep Oct Nov Dec
1999: Jan Feb Mar Apr May Jun Jul Aug Sep Oct Nov Dec
1998: Jan Feb Mar Apr May Jun Jul Aug Sep Oct Nov Dec
1997: Jan Feb Mar Apr May Jun Jul Aug Sep Oct Nov Dec
1996: Jan Feb Mar Apr May Jun Jul Aug Sep Oct Nov Dec
1995: Jan Feb Mar Apr May Jun Jul Aug Sep Oct Nov Dec
1994: Jan Feb Mar Apr May Jun Jul Aug Sep Oct Nov Dec
1993: Jan Feb Mar Apr May Jun Jul Aug Sep Oct Nov Dec
1992: Jan Feb Mar Apr May Jun Jul Aug Sep Oct Nov Dec
1991: Jan Feb Mar Apr May Jun Jul Aug Sep Oct Nov Dec
1990: Jan Feb Mar Apr May Jun Jul Aug Sep Oct Nov Dec
1989: Jan Feb Mar Apr May Jun Jul Aug Sep Oct Nov Dec
1988: Jan Feb Mar Apr May Jun Jul Aug Sep Oct Nov Dec
1987: Jan Feb Mar Apr May Jun Jul Aug Sep Oct Nov Dec
1986: Jan Feb Mar Apr May Jun Jul Aug Sep Oct Nov Dec

Report for 2013 July
                  MONTHLY CLIMATOLOGICAL SUMMARY FOR 7/2013
                                        HEAT  COOL        
     MEAN                               DEG   DEG       WIND SPEED       DOM MEAN  MEAN
DAY  TEMP  HIGH   TIME     LOW   TIME   DAYS  DAYS RAIN AVG  HI  TIME    DIR BAROM HUM
---------------------------------------------------------------------------------------
1    65.8  79.6  11:51am  55.4   5:48am    3    3  0.21   1   9   9:07am   N 30.28   62
2    69.0  80.6   3:20pm  53.3   5:36am    3    7  0.00   1  17   5:24pm   E 30.24   51
3    72.3  86.0  11:55am  53.1   5:27am    2    9  0.00   1  19   2:48pm NNE 30.11   42
4    74.2  89.6  11:46am  59.8   4:53am    1   10  0.04   1  20   3:28pm NNE 30.06   39
5    73.7  91.4   1:26pm  61.1   5:07am    0    9  0.00   2  22   2:37pm NNE 30.01   45
6    74.9  91.6  12:46pm  63.2   6:44am    0   10  0.00   1  22  12:56pm NNE 30.05   43
7    72.7  86.9   1:05pm  63.7   6:25am    0    8  0.00   1  16   1:07pm   E 30.12   48
8    77.9  93.4  11:21am  64.1   5:47am    0   13  0.00   3  23  10:16am WSW 30.15   39
9    78.1  97.7  11:38am  63.7   2:31am    0   13  0.00   3  22  11:41am SSE 30.23   34
10   73.5  92.3  11:41am  58.1   5:56am    1    9  0.04   2  22   3:34pm SSE 30.22   47
11   78.0  96.1  12:31pm  59.8   6:10am    1   13  0.18   4  23  12:50pm SSE 30.10   47
12   75.2  92.0  11:23am  64.2   9:29pm    0   10  0.02   1  22  10:47am   E 30.09   50
13   71.3  91.4   2:17pm  59.6   7:19pm    2    7  0.13   2  22  12:13pm NNE 30.17   62
14   68.2  81.9   5:48pm  56.7   6:12am    2    5  0.00   1  20   5:56pm   N 30.23   67
15   65.0  75.2   5:36pm  59.6   5:54am    2    2  0.20   1  12   2:53pm SSE 30.22   71
16   68.4  80.8   5:47pm  54.2   5:46am    2    6  0.00   1  19   7:25pm SSE 30.22   51
17   72.9  88.4   5:48pm  56.5   5:49am    2    9  0.00   3  22   6:22pm SSE 30.24   50
18   76.3  90.4   4:27pm  62.8   6:06am    0   11  0.00   2  22   1:46pm NNE 30.19   44
19   70.7  84.8  11:41am  59.9   5:28am    1    7  0.00   1  14   1:00pm   E 30.22   57
20   73.4  90.7   4:03pm  55.1   6:12am    1   10  0.00   2  24   4:03pm NNE 30.10   55
21   75.3  92.3   5:49pm  58.0   5:37am    1   11  0.00   3  22   3:45pm   N 30.04   47
22   79.6  94.3   5:47pm  63.2   6:16am    0   14  0.00   2  23   4:05pm   E 30.07   31
23   79.7 104.9  11:04am  66.4   6:42am    0   14  0.00   3  24   9:55am   E 30.13   32
24   71.9  94.5  10:37am  60.7  11:59pm    0    7  0.00   0  15  11:17am SSE 30.20   56
25   63.3  87.1  12:20pm  53.3   4:48am    5    3  0.04   0  12   2:24pm NNE 30.23   66
26   73.0  97.9  10:40am  52.0   5:57am    3   11  0.02   1  20   2:29pm   N 30.28   47
27   71.0  92.3  11:04am  59.1  11:46pm    1    7  0.08   1  12   1:53pm NNE 30.16   53
28   62.2  72.5  12:48pm  57.4   6:20am    4    1  0.06   0   7  11:05am  SE 30.08   77
29   64.6  90.9  10:53am  55.4   5:51am    3    3  0.04   0   7   4:51pm   N 30.13   71
30   73.9 101.9  10:39am  52.9   5:39am    2   11  0.00   2  20   6:41pm NNE 30.26   49
31   76.4 102.2  12:08pm  56.7   6:12am    1   12  0.00   2  22   6:22pm   E 30.29   44
---------------------------------------------------------------------------------------
TOT  72.3 104.9  7/23/13  52.0  7/26/13   42  262  1.06   2  24  7/23/13 NNE 30.17   51

HEAT BASE: 65.0
COOL BASE: 65.0