NOAA-Style Climate Reports

Select a Year or Month report
2018: Jan Feb Mar Apr May Jun Jul Aug Sep Oct Nov Dec
2017: Jan Feb Mar Apr May Jun Jul Aug Sep Oct Nov Dec
2016: Jan Feb Mar Apr May Jun Jul Aug Sep Oct Nov Dec
2015: Jan Feb Mar Apr May Jun Jul Aug Sep Oct Nov Dec
2014: Jan Feb Mar Apr May Jun Jul Aug Sep Oct Nov Dec
2013: Jan Feb Mar Apr May Jun Jul Aug Sep Oct Nov Dec
2012: Jan Feb Mar Apr May Jun Jul Aug Sep Oct Nov Dec
2011: Jan Feb Mar Apr May Jun Jul Aug Sep Oct Nov Dec
2010: Jan Feb Mar Apr May Jun Jul Aug Sep Oct Nov Dec
2009: Jan Feb Mar Apr May Jun Jul Aug Sep Oct Nov Dec
2008: Jan Feb Mar Apr May Jun Jul Aug Sep Oct Nov Dec
2007: Jan Feb Mar Apr May Jun Jul Aug Sep Oct Nov Dec
2006: Jan Feb Mar Apr May Jun Jul Aug Sep Oct Nov Dec
2005: Jan Feb Mar Apr May Jun Jul Aug Sep Oct Nov Dec
2004: Jan Feb Mar Apr May Jun Jul Aug Sep Oct Nov Dec
2003: Jan Feb Mar Apr May Jun Jul Aug Sep Oct Nov Dec
2002: Jan Feb Mar Apr May Jun Jul Aug Sep Oct Nov Dec
2001: Jan Feb Mar Apr May Jun Jul Aug Sep Oct Nov Dec
2000: Jan Feb Mar Apr May Jun Jul Aug Sep Oct Nov Dec
1999: Jan Feb Mar Apr May Jun Jul Aug Sep Oct Nov Dec
1998: Jan Feb Mar Apr May Jun Jul Aug Sep Oct Nov Dec
1997: Jan Feb Mar Apr May Jun Jul Aug Sep Oct Nov Dec
1996: Jan Feb Mar Apr May Jun Jul Aug Sep Oct Nov Dec
1995: Jan Feb Mar Apr May Jun Jul Aug Sep Oct Nov Dec
1994: Jan Feb Mar Apr May Jun Jul Aug Sep Oct Nov Dec
1993: Jan Feb Mar Apr May Jun Jul Aug Sep Oct Nov Dec
1992: Jan Feb Mar Apr May Jun Jul Aug Sep Oct Nov Dec
1991: Jan Feb Mar Apr May Jun Jul Aug Sep Oct Nov Dec
1990: Jan Feb Mar Apr May Jun Jul Aug Sep Oct Nov Dec
1989: Jan Feb Mar Apr May Jun Jul Aug Sep Oct Nov Dec
1988: Jan Feb Mar Apr May Jun Jul Aug Sep Oct Nov Dec
1987: Jan Feb Mar Apr May Jun Jul Aug Sep Oct Nov Dec
1986: Jan Feb Mar Apr May Jun Jul Aug Sep Oct Nov Dec

Report for 2013 August
                  MONTHLY CLIMATOLOGICAL SUMMARY FOR 8/2013
                                        HEAT  COOL        
     MEAN                               DEG   DEG       WIND SPEED       DOM MEAN  MEAN
DAY  TEMP  HIGH   TIME     LOW   TIME   DAYS  DAYS RAIN AVG  HI  TIME    DIR BAROM HUM
---------------------------------------------------------------------------------------
1    73.8 105.1  11:37am  58.1   5:22am    1   10  0.00   1  24  12:17pm   E 30.16   49
2    76.5 106.6  11:31am  57.1   6:05am    1   13  0.00   3  23   2:17pm   E 30.10   42
3    73.1 105.5  11:08am  54.4   8:36pm    2   10  0.53   3  22  12:40pm   E 30.20   51
4    74.6 105.1  10:59am  55.3   1:10am    2   11  0.00   2  22  11:58am NNE 30.20   50
5    75.5 102.6  10:21am  61.4   5:56am    1   11  0.00   2  22   3:32pm   E 30.15   44
6    73.0  92.5  11:47am  61.7   6:03am    1    8  0.00   2  21   2:07pm NNE 30.12   43
7    64.2  70.7   6:05pm  56.5  11:54pm    2    1  0.00   0  10   7:43pm SSE 30.15   60
8    60.6  77.8   4:08pm  51.2   9:49pm    6    2  0.94   0   9   7:34pm SSE 30.17   73
9    60.8  80.8  12:12pm  49.7   2:21am    7    3  0.55   0  12   3:37pm  SE 30.23   68
10   70.0  87.1  11:58am  50.9   5:22am    3    7  0.13   1  13   1:23pm   E 30.23   50
11   68.3  86.2  11:54am  54.5   6:05am    2    6  0.00   0  17   1:54pm   E 30.23   50
12   66.3  84.6  11:31am  54.0   6:10am    4    5  0.16   1  13   5:24pm  SE 30.24   57
13   65.2  81.4  12:17pm  50.2   6:21am    4    4  0.06   0   8  10:53am NNE 30.25   61
14   66.8  83.7   5:08pm  49.5   6:20am    4    6  0.00   0  14   5:55pm ESE 30.23   52
15   71.0  85.9   4:15pm  55.8   2:31am    2    8  0.00   1  14   2:24pm NNE 30.20   43
16   74.0  91.1   4:20pm  56.7   5:25am    1   10  0.00   1  20   5:26pm   E 30.21   37
17   76.6  96.1   5:08pm  55.4   6:27am    1   13  0.00   4  23   4:36pm   E 30.18   35
18
19   79.2  96.8   5:09pm  61.0   6:17am    0   13  0.00   4  23   1:42pm  SE 30.17   34
20   79.3  97.4  11:18am  64.3   2:58am    0   14  0.00   4  22  11:08am   E 30.12   32
21   74.0  90.0  10:40am  62.5  11:52pm    0    9  0.00   1  21   2:14pm   E 30.18   41
22   66.0  85.1   2:36pm  56.5   6:44pm    3    4  0.41   0  16   4:23pm NNE 30.24   67
23   68.6  86.6   4:43pm  56.1   1:40am    2    6  0.00   1  15  11:39am   E 30.14   59
24   69.4  90.5  11:30am  57.1   2:28am    2    7  0.02   1  20  11:36am NNE 30.14   56
25   73.8  91.6  11:41am  61.7   5:26am    1    9  0.02   3  22   3:21pm NNE 30.20   51
26   75.5  93.4  11:14am  61.2   4:49am    0   11  0.00   2  22   1:42pm   E 30.20   48
27   75.7  90.9   3:23pm  62.3   6:49am    1   11  0.00   2  22   4:14pm ESE 30.19   49
28   75.8  92.0  11:24am  60.9   5:05am    1   11  0.00   3  24   4:29pm NNE 30.18   45
29   76.8  94.9  11:14am  63.6   1:40am    0   12  0.00   3  23   2:32pm NNE 30.22   41
30   72.7  90.2  12:42pm  64.7   8:43pm    0    7  0.00   1  22  12:12pm  SE 30.23   48
31   74.6  93.2  11:44am  64.6   7:38am    0    9  0.00   1  20   2:10pm NNE 30.17   45
---------------------------------------------------------------------------------------
TOT  71.9 106.6   8/2/13  49.5  8/14/13   56  251  2.82   2  24   8/1/13   E 30.19   49

HEAT BASE: 65.0
COOL BASE: 65.0