NOAA-Style Climate Reports

Select a Year or Month report
2018: Jan Feb Mar Apr May Jun Jul Aug Sep Oct Nov Dec
2017: Jan Feb Mar Apr May Jun Jul Aug Sep Oct Nov Dec
2016: Jan Feb Mar Apr May Jun Jul Aug Sep Oct Nov Dec
2015: Jan Feb Mar Apr May Jun Jul Aug Sep Oct Nov Dec
2014: Jan Feb Mar Apr May Jun Jul Aug Sep Oct Nov Dec
2013: Jan Feb Mar Apr May Jun Jul Aug Sep Oct Nov Dec
2012: Jan Feb Mar Apr May Jun Jul Aug Sep Oct Nov Dec
2011: Jan Feb Mar Apr May Jun Jul Aug Sep Oct Nov Dec
2010: Jan Feb Mar Apr May Jun Jul Aug Sep Oct Nov Dec
2009: Jan Feb Mar Apr May Jun Jul Aug Sep Oct Nov Dec
2008: Jan Feb Mar Apr May Jun Jul Aug Sep Oct Nov Dec
2007: Jan Feb Mar Apr May Jun Jul Aug Sep Oct Nov Dec
2006: Jan Feb Mar Apr May Jun Jul Aug Sep Oct Nov Dec
2005: Jan Feb Mar Apr May Jun Jul Aug Sep Oct Nov Dec
2004: Jan Feb Mar Apr May Jun Jul Aug Sep Oct Nov Dec
2003: Jan Feb Mar Apr May Jun Jul Aug Sep Oct Nov Dec
2002: Jan Feb Mar Apr May Jun Jul Aug Sep Oct Nov Dec
2001: Jan Feb Mar Apr May Jun Jul Aug Sep Oct Nov Dec
2000: Jan Feb Mar Apr May Jun Jul Aug Sep Oct Nov Dec
1999: Jan Feb Mar Apr May Jun Jul Aug Sep Oct Nov Dec
1998: Jan Feb Mar Apr May Jun Jul Aug Sep Oct Nov Dec
1997: Jan Feb Mar Apr May Jun Jul Aug Sep Oct Nov Dec
1996: Jan Feb Mar Apr May Jun Jul Aug Sep Oct Nov Dec
1995: Jan Feb Mar Apr May Jun Jul Aug Sep Oct Nov Dec
1994: Jan Feb Mar Apr May Jun Jul Aug Sep Oct Nov Dec
1993: Jan Feb Mar Apr May Jun Jul Aug Sep Oct Nov Dec
1992: Jan Feb Mar Apr May Jun Jul Aug Sep Oct Nov Dec
1991: Jan Feb Mar Apr May Jun Jul Aug Sep Oct Nov Dec
1990: Jan Feb Mar Apr May Jun Jul Aug Sep Oct Nov Dec
1989: Jan Feb Mar Apr May Jun Jul Aug Sep Oct Nov Dec
1988: Jan Feb Mar Apr May Jun Jul Aug Sep Oct Nov Dec
1987: Jan Feb Mar Apr May Jun Jul Aug Sep Oct Nov Dec
1986: Jan Feb Mar Apr May Jun Jul Aug Sep Oct Nov Dec

Report for 2013 September
                  MONTHLY CLIMATOLOGICAL SUMMARY FOR 9/2013
                                        HEAT  COOL        
     MEAN                               DEG   DEG       WIND SPEED       DOM MEAN  MEAN
DAY  TEMP  HIGH   TIME     LOW   TIME   DAYS  DAYS RAIN AVG  HI  TIME    DIR BAROM HUM
---------------------------------------------------------------------------------------
1    67.1  77.2   3:15pm  59.0   5:56am    1    3  0.00   0   0  12:00am   N 30.23   61
2    72.0  89.8  11:39am  54.9   6:31am    2    9  0.00   2  21  11:41am   E 30.17   54
3    77.2  93.2  10:59am  21.2   8:01am    0   12  0.00   3  22   1:09pm   E 30.18   43
4    74.8  89.3   2:55pm  66.8   5:34am    0   10  0.00   1  22   4:08pm   E 30.24   47
5    73.5  92.7  11:49am  62.1   6:02am    0    9  0.16   2  22   4:12pm   E 30.24   48
6    77.5  95.2  11:08am  64.3  11:54pm    0   12  0.00   5  24  11:51am NNE 30.20   37
7    76.1  94.7   4:44pm  60.5   3:41am    1   11  0.00   5  24   4:15pm ESE 30.17   38
8    72.6  89.3   3:57pm  56.7   6:25am    1    8  0.00   2  23   4:09pm NNE 30.07   41
9    66.2  82.1   3:07pm  56.5   5:22am    3    4  0.00   0  14   3:52pm SSE 30.06   60
10   59.7  70.9   1:42pm  56.2   5:22am    6    1  1.71   0   0  12:00am   N 30.19   80
11   59.0  65.0  12:35pm  56.3   6:20am    6    0  0.62   0   0  12:00am   N 30.24   90
12   58.2  65.0   1:18pm  55.0  10:36pm    7    0  2.69   0   0  12:00am   N 30.26   90
13   60.9  71.6   4:46pm  54.7   5:22am    5    1  0.45   0  18   1:08pm SSE 30.09   82
14   60.7  80.3  11:16am  17.8   8:40pm    6    2  0.00   0   8   3:56pm ESE 30.04   75
15   55.0  62.1   1:17pm  51.3  11:59pm   10    0  0.10   0   6   4:38pm   E 30.22   84
16   59.5  75.6  11:23am  46.6   5:25am    7    2  0.00   0   3   4:19pm SSE 30.20   74
17   69.1  90.4  11:20am  54.7   6:12am    3    7  0.00   1  13   5:19pm  SE 30.05   48
18   68.6  85.5  10:39am  57.1   3:01am    2    5  0.00   0   9   3:00pm  SE 29.97   45
19   57.6  64.6  10:57am  48.2   7:12am    7    0  0.00   0   7   9:12am   E 30.14   54
20   60.3  74.9  11:10am  44.3   6:53am    6    2  0.02   0   8   3:36pm   E 30.16   57
21   66.3  87.1  10:47am  51.2   4:41am    4    5  0.00   1  12   1:32pm   E 30.02   48
22   63.5  80.3  10:29am  51.5  11:54pm    5    3  0.12   0   5   1:06pm SSE 29.84   51
23   53.4  65.7  11:25am  44.9   3:35am   10    0  0.82   1  16   9:39am NNE 29.88   63
24   60.9  81.2  10:59am  45.7   6:51am    7    3  0.00   1   8  11:01am  SE 30.09   37
25   68.0  82.8  11:33am  52.6   7:12am    3    6  0.00   0  13  11:58am SSE 29.80   30
26   57.5  73.4   4:12pm  40.7   6:59am    8    1  0.00   0  10   2:30am   E 29.83   55
27   44.3  48.8   8:05am  37.1  11:56pm   20    0  0.30   0   4   5:20pm NNE 29.91   84
28   49.5  72.4  11:31am  30.4   5:27am   12    0  0.00   0   2  12:09pm  SE 30.12   55
29   59.8  83.0  10:20am  41.2   2:21am    8    3  0.00   0   9  10:12am ESE 30.06   37
30   65.4  84.4  10:48am  51.1   4:31am    4    5  0.00   0   6   5:13pm NNE 29.96   36
---------------------------------------------------------------------------------------
TOT  63.9  95.2   9/6/13  17.8  9/14/13  152  122  6.99   1  24   9/7/13   E 30.09   57

HEAT BASE: 65.0
COOL BASE: 65.0