NOAA-Style Climate Reports

Select a Year or Month report
2018: Jan Feb Mar Apr May Jun Jul Aug Sep Oct Nov Dec
2017: Jan Feb Mar Apr May Jun Jul Aug Sep Oct Nov Dec
2016: Jan Feb Mar Apr May Jun Jul Aug Sep Oct Nov Dec
2015: Jan Feb Mar Apr May Jun Jul Aug Sep Oct Nov Dec
2014: Jan Feb Mar Apr May Jun Jul Aug Sep Oct Nov Dec
2013: Jan Feb Mar Apr May Jun Jul Aug Sep Oct Nov Dec
2012: Jan Feb Mar Apr May Jun Jul Aug Sep Oct Nov Dec
2011: Jan Feb Mar Apr May Jun Jul Aug Sep Oct Nov Dec
2010: Jan Feb Mar Apr May Jun Jul Aug Sep Oct Nov Dec
2009: Jan Feb Mar Apr May Jun Jul Aug Sep Oct Nov Dec
2008: Jan Feb Mar Apr May Jun Jul Aug Sep Oct Nov Dec
2007: Jan Feb Mar Apr May Jun Jul Aug Sep Oct Nov Dec
2006: Jan Feb Mar Apr May Jun Jul Aug Sep Oct Nov Dec
2005: Jan Feb Mar Apr May Jun Jul Aug Sep Oct Nov Dec
2004: Jan Feb Mar Apr May Jun Jul Aug Sep Oct Nov Dec
2003: Jan Feb Mar Apr May Jun Jul Aug Sep Oct Nov Dec
2002: Jan Feb Mar Apr May Jun Jul Aug Sep Oct Nov Dec
2001: Jan Feb Mar Apr May Jun Jul Aug Sep Oct Nov Dec
2000: Jan Feb Mar Apr May Jun Jul Aug Sep Oct Nov Dec
1999: Jan Feb Mar Apr May Jun Jul Aug Sep Oct Nov Dec
1998: Jan Feb Mar Apr May Jun Jul Aug Sep Oct Nov Dec
1997: Jan Feb Mar Apr May Jun Jul Aug Sep Oct Nov Dec
1996: Jan Feb Mar Apr May Jun Jul Aug Sep Oct Nov Dec
1995: Jan Feb Mar Apr May Jun Jul Aug Sep Oct Nov Dec
1994: Jan Feb Mar Apr May Jun Jul Aug Sep Oct Nov Dec
1993: Jan Feb Mar Apr May Jun Jul Aug Sep Oct Nov Dec
1992: Jan Feb Mar Apr May Jun Jul Aug Sep Oct Nov Dec
1991: Jan Feb Mar Apr May Jun Jul Aug Sep Oct Nov Dec
1990: Jan Feb Mar Apr May Jun Jul Aug Sep Oct Nov Dec
1989: Jan Feb Mar Apr May Jun Jul Aug Sep Oct Nov Dec
1988: Jan Feb Mar Apr May Jun Jul Aug Sep Oct Nov Dec
1987: Jan Feb Mar Apr May Jun Jul Aug Sep Oct Nov Dec
1986: Jan Feb Mar Apr May Jun Jul Aug Sep Oct Nov Dec

Report for 2013 October
                  MONTHLY CLIMATOLOGICAL SUMMARY FOR 10/2013
                                        HEAT  COOL        
     MEAN                               DEG   DEG       WIND SPEED       DOM MEAN  MEAN
DAY  TEMP  HIGH   TIME     LOW   TIME   DAYS  DAYS RAIN AVG  HI  TIME    DIR BAROM HUM
---------------------------------------------------------------------------------------
1    62.6  77.0  10:23am  47.3   6:14am    5    3  0.00   1  12   3:37pm ESE 30.06   41
2    62.1  85.7  10:25am  47.9   3:45am    7    4  0.02   1  13  10:08am   E 30.01   44
3    52.1  70.6  10:30am  20.0   3:08pm   13    0  0.00   0   9   3:21pm   E 29.89   65
4    34.3  47.2  12:00am  26.5  10:29pm   30    0  0.43   0  14   4:16am NNE 30.05   82
5    40.8  62.3  11:26am  23.3   5:05am   23    0  0.06   0  10   1:56pm NNE 30.17   51
6    52.7  73.1  10:13am  38.7  12:23am   12    0  0.00   0   8   4:40pm   E 30.24   35
7    60.2  80.6  11:26am  42.5   2:29am    8    3  0.00   1  15   1:43pm   E 30.12   33
8    62.7  81.5   9:47am  50.8  11:57pm    5    3  0.00   0   8   5:31pm ESE 29.92   32
9    54.5  73.8   9:33am  42.7   5:25am   11    1  0.00   0   6   2:50pm NNE 29.98   50
10   48.6  65.5  10:03am  40.0   4:49am   16    0  0.00   0   7   7:35pm NNE 29.82   69
11   49.6  67.7  11:32am  38.1  10:14pm   15    0  0.00   1  11   5:19pm   N 29.87   50
12   48.1  58.7  10:05am  36.1   2:50am   13    0  0.00   0  13  10:38pm  SE 30.14   62
13   50.0  63.7   3:44pm  32.9   6:10am   14    0  0.00   0   5  12:51pm   N 30.08   61
14   45.7  57.4  11:35am  37.0  11:49pm   19    0  0.06   1  11   1:50am   E 29.99   68
15   34.8  39.4   3:27pm  30.4   7:38am   29    0  0.00   0   8   9:35pm   E 30.22   64
16   38.7  54.0   9:58am  25.0   6:16am   25    0  0.00   0   6  12:15am ESE 30.09   58
17   40.1  50.4   2:35pm  31.5  12:10am   24    0  0.00   0   8  12:54pm   E 30.07   55
18   35.1  55.1  10:36am  28.1   6:04am   29    0  0.21   0   6   4:19pm   E 30.13   70
19   47.1  63.9   3:15pm  33.5  12:00am   17    0  0.00   0  10   4:36pm   N 30.05   39
20   40.5  52.9   9:57am  31.8  11:41pm   24    0  0.10   0   8   2:00pm   E 30.05   60
21   41.1  57.2  10:06am -23.2   2:59pm   23    0  0.00   0   0   6:34pm SSE 30.15   60
22   49.6  69.7  10:05am  36.2   7:29am   15    0  0.00   0   0  12:00am   N 30.18   44
23   51.9  74.9  10:01am  42.0  11:39pm   13    0  0.00   1   7   2:29pm   E 30.18   43
24   42.8  56.2   3:12pm  30.4   7:13am   21    0  0.00   0   7   4:47pm ESE 30.23   65
25   49.0  69.3  10:01am  34.0   4:52am   16    0  0.00   0   8   2:56pm   E 30.19   54
26   47.1  63.9  10:08am  33.1   7:34am   18    0  0.00   0   6   1:42pm   E 30.27   55
27   53.3  70.9  10:07am  40.9  12:00am   12    0  0.00   0   5   3:04pm ESE 30.03   37
28   35.6  45.6  12:42am  29.9   7:43pm   29    0  0.00   0   7   5:52pm   E 30.02   70
29   34.5  43.6   2:21pm  30.8   5:23am   30    0  0.00   0   9   2:34pm   N 29.98   79
30   37.5  60.1  10:12am  28.8   7:55am   27    0  0.12   0   8   6:33pm ESE 29.89   74
31   39.7  63.5  10:20am  28.3   2:26am   25    0  0.00   0  11   2:06pm NNW 29.90   53
---------------------------------------------------------------------------------------
TOT  46.4  85.7  10/2/13 -23.2 10/21/13  565   14  1.00   0  15  10/7/13   E 30.06   56

HEAT BASE: 65.0
COOL BASE: 65.0