NOAA-Style Climate Reports

Select a Year or Month report
2018: Jan Feb Mar Apr May Jun Jul Aug Sep Oct Nov Dec
2017: Jan Feb Mar Apr May Jun Jul Aug Sep Oct Nov Dec
2016: Jan Feb Mar Apr May Jun Jul Aug Sep Oct Nov Dec
2015: Jan Feb Mar Apr May Jun Jul Aug Sep Oct Nov Dec
2014: Jan Feb Mar Apr May Jun Jul Aug Sep Oct Nov Dec
2013: Jan Feb Mar Apr May Jun Jul Aug Sep Oct Nov Dec
2012: Jan Feb Mar Apr May Jun Jul Aug Sep Oct Nov Dec
2011: Jan Feb Mar Apr May Jun Jul Aug Sep Oct Nov Dec
2010: Jan Feb Mar Apr May Jun Jul Aug Sep Oct Nov Dec
2009: Jan Feb Mar Apr May Jun Jul Aug Sep Oct Nov Dec
2008: Jan Feb Mar Apr May Jun Jul Aug Sep Oct Nov Dec
2007: Jan Feb Mar Apr May Jun Jul Aug Sep Oct Nov Dec
2006: Jan Feb Mar Apr May Jun Jul Aug Sep Oct Nov Dec
2005: Jan Feb Mar Apr May Jun Jul Aug Sep Oct Nov Dec
2004: Jan Feb Mar Apr May Jun Jul Aug Sep Oct Nov Dec
2003: Jan Feb Mar Apr May Jun Jul Aug Sep Oct Nov Dec
2002: Jan Feb Mar Apr May Jun Jul Aug Sep Oct Nov Dec
2001: Jan Feb Mar Apr May Jun Jul Aug Sep Oct Nov Dec
2000: Jan Feb Mar Apr May Jun Jul Aug Sep Oct Nov Dec
1999: Jan Feb Mar Apr May Jun Jul Aug Sep Oct Nov Dec
1998: Jan Feb Mar Apr May Jun Jul Aug Sep Oct Nov Dec
1997: Jan Feb Mar Apr May Jun Jul Aug Sep Oct Nov Dec
1996: Jan Feb Mar Apr May Jun Jul Aug Sep Oct Nov Dec
1995: Jan Feb Mar Apr May Jun Jul Aug Sep Oct Nov Dec
1994: Jan Feb Mar Apr May Jun Jul Aug Sep Oct Nov Dec
1993: Jan Feb Mar Apr May Jun Jul Aug Sep Oct Nov Dec
1992: Jan Feb Mar Apr May Jun Jul Aug Sep Oct Nov Dec
1991: Jan Feb Mar Apr May Jun Jul Aug Sep Oct Nov Dec
1990: Jan Feb Mar Apr May Jun Jul Aug Sep Oct Nov Dec
1989: Jan Feb Mar Apr May Jun Jul Aug Sep Oct Nov Dec
1988: Jan Feb Mar Apr May Jun Jul Aug Sep Oct Nov Dec
1987: Jan Feb Mar Apr May Jun Jul Aug Sep Oct Nov Dec
1986: Jan Feb Mar Apr May Jun Jul Aug Sep Oct Nov Dec

Report for 2013 November
                  MONTHLY CLIMATOLOGICAL SUMMARY FOR 11/2013
                                        HEAT  COOL        
     MEAN                               DEG   DEG       WIND SPEED       DOM MEAN  MEAN
DAY  TEMP  HIGH   TIME     LOW   TIME   DAYS  DAYS RAIN AVG  HI  TIME    DIR BAROM HUM
---------------------------------------------------------------------------------------
1    40.1  50.2  10:16am  33.1   6:50am   24    0  0.04   1  16   4:48pm   E 30.11   51
2    46.9  69.3   3:10pm  25.4   5:57am   18    0  0.00   0   7  10:05pm SSE 30.06   38
3    53.2  71.8   9:22am  34.7  10:55pm   12    0  0.00   2  12   3:58pm   E 29.75   29
4    33.0  43.9   1:21pm  25.7   6:40am   29    0  0.00   2  14   7:42am   E 29.96   60
5    31.5  40.3   2:53pm  23.6   7:57pm   29    0  0.00   1   9   5:14pm   E 30.03   53
6    37.9  52.0   9:27am  24.3  12:14am   26    0  0.00   1  15   1:05pm NNW 30.19   35
7    43.7  62.6   2:00pm  28.1   6:57am   21    0  0.00   0  13   2:52pm SSE 30.23   38
8    53.1  73.4   9:28am  43.4  11:50pm   11    0  0.00   2  11  11:51am   E 29.96   29
9    48.0  66.8   1:58pm  35.0  11:40pm   16    0  0.00   0   7   4:04pm  SE 30.15   40
10   48.0  67.3   1:20pm  31.0   6:12am   16    0  0.00   0   8   3:33pm ESE 30.21   42
11   42.9  67.1   1:18pm  27.7   7:01pm   18    0  0.00   1  10   2:35pm WNW 30.33   49
12   43.6  62.6   1:58pm  28.2   2:50am   21    0  0.00   1   7   2:00pm SSE 30.46   52
13   50.6  69.8   1:33pm  39.7   1:55am   14    0  0.00   1   5   8:25am   W 30.18   28
14   47.2  59.2   1:41pm  38.6  11:26pm   17    0  0.00   2  16   5:48pm   E 30.00   44
15   48.5  64.6   1:38pm  35.5   2:39am   16    0  0.00   2  27   7:09am   W 29.70   34
16   44.0  59.2   1:40pm  33.3   4:14am   20    0  0.00   2  12   1:21pm   W 29.54   42
17   40.7  55.4   1:43pm  27.9   6:28am   24    0  0.00   2  16  12:22am SSE 29.90   43
18   44.1  67.9   1:39pm  24.8   5:22am   20    0  0.00   1   9   3:43pm   E 30.09   34
19   46.6  58.5   2:17pm  36.9   3:20am   18    0  0.00   1  13   8:17am   W 29.89   31
20   45.7  63.9   9:43am  28.8  11:59pm   18    0  0.00   1  11  11:34am   E 29.88   41
21   15.2  28.8  12:02am  10.6   5:48pm   38    0  0.00   0   6   3:37pm ENE 30.28   73
22   21.2  38.3  12:45pm  10.6   5:48pm   72    0  0.04   0   6   3:37pm NNE 30.35   67
23   27.8  40.5  12:29pm  22.5   5:33am   36    0  0.04   0   3  11:42pm SSE 30.40   58
24   27.6  36.9   1:09pm  19.4   7:02am   37    0  0.00   0   3   9:54am  SE 30.05   71
25   32.1  36.9   2:48pm  25.9  11:58pm   31    0  0.00   0  11  12:55am   E 30.18   61
26   35.7  49.7  10:15am  24.9   2:09am   28    0  0.03   1   7   1:19pm   S 30.28   53
27   44.2  67.3   1:41pm  33.1  11:59pm   20    0  0.00   1   8   8:43am   W 30.12   37
28   37.0  56.3  11:11am  27.4   6:58am   27    0  0.00   0   8   2:04pm   E 30.15   52
29   44.2  67.1  11:05am  28.5   2:15am   20    0  0.00   1   5   8:55am   W 30.13   39
30   43.8  65.7  11:12am  33.8   5:47am   20    0  0.00   1   6  12:08pm   W 30.15   32
---------------------------------------------------------------------------------------
TOT  41.0  73.4  11/8/13  10.6 11/21/13  719    2  0.15   1  27 11/15/13   E 30.09   45

HEAT BASE: 65.0
COOL BASE: 65.0