NOAA-Style Climate Reports

Select a Year or Month report
2018: Jan Feb Mar Apr May Jun Jul Aug Sep Oct Nov Dec
2017: Jan Feb Mar Apr May Jun Jul Aug Sep Oct Nov Dec
2016: Jan Feb Mar Apr May Jun Jul Aug Sep Oct Nov Dec
2015: Jan Feb Mar Apr May Jun Jul Aug Sep Oct Nov Dec
2014: Jan Feb Mar Apr May Jun Jul Aug Sep Oct Nov Dec
2013: Jan Feb Mar Apr May Jun Jul Aug Sep Oct Nov Dec
2012: Jan Feb Mar Apr May Jun Jul Aug Sep Oct Nov Dec
2011: Jan Feb Mar Apr May Jun Jul Aug Sep Oct Nov Dec
2010: Jan Feb Mar Apr May Jun Jul Aug Sep Oct Nov Dec
2009: Jan Feb Mar Apr May Jun Jul Aug Sep Oct Nov Dec
2008: Jan Feb Mar Apr May Jun Jul Aug Sep Oct Nov Dec
2007: Jan Feb Mar Apr May Jun Jul Aug Sep Oct Nov Dec
2006: Jan Feb Mar Apr May Jun Jul Aug Sep Oct Nov Dec
2005: Jan Feb Mar Apr May Jun Jul Aug Sep Oct Nov Dec
2004: Jan Feb Mar Apr May Jun Jul Aug Sep Oct Nov Dec
2003: Jan Feb Mar Apr May Jun Jul Aug Sep Oct Nov Dec
2002: Jan Feb Mar Apr May Jun Jul Aug Sep Oct Nov Dec
2001: Jan Feb Mar Apr May Jun Jul Aug Sep Oct Nov Dec
2000: Jan Feb Mar Apr May Jun Jul Aug Sep Oct Nov Dec
1999: Jan Feb Mar Apr May Jun Jul Aug Sep Oct Nov Dec
1998: Jan Feb Mar Apr May Jun Jul Aug Sep Oct Nov Dec
1997: Jan Feb Mar Apr May Jun Jul Aug Sep Oct Nov Dec
1996: Jan Feb Mar Apr May Jun Jul Aug Sep Oct Nov Dec
1995: Jan Feb Mar Apr May Jun Jul Aug Sep Oct Nov Dec
1994: Jan Feb Mar Apr May Jun Jul Aug Sep Oct Nov Dec
1993: Jan Feb Mar Apr May Jun Jul Aug Sep Oct Nov Dec
1992: Jan Feb Mar Apr May Jun Jul Aug Sep Oct Nov Dec
1991: Jan Feb Mar Apr May Jun Jul Aug Sep Oct Nov Dec
1990: Jan Feb Mar Apr May Jun Jul Aug Sep Oct Nov Dec
1989: Jan Feb Mar Apr May Jun Jul Aug Sep Oct Nov Dec
1988: Jan Feb Mar Apr May Jun Jul Aug Sep Oct Nov Dec
1987: Jan Feb Mar Apr May Jun Jul Aug Sep Oct Nov Dec
1986: Jan Feb Mar Apr May Jun Jul Aug Sep Oct Nov Dec

Report for 2013 December
                  MONTHLY CLIMATOLOGICAL SUMMARY FOR 12/2013
                                        HEAT  COOL        
     MEAN                               DEG   DEG       WIND SPEED       DOM MEAN  MEAN
DAY  TEMP  HIGH   TIME     LOW   TIME   DAYS  DAYS RAIN AVG  HI  TIME    DIR BAROM HUM
---------------------------------------------------------------------------------------
1    43.6  61.6  11:00am  27.6   4:58am   21    0  0.00   1  13   9:00pm   E 30.05   34
2    47.6  63.9  11:03am  37.3   7:10am   17    0  0.00   1  14   2:32pm   N 29.79   36
3    34.7  59.9  10:58am  10.8  11:51pm   29    0  0.00   1  12  11:20am WNW 29.66   50
4     5.0  11.3   1:51pm  -3.4  11:57pm   59    0  0.00   0   4   1:39am  NE 29.83   72
5     0.1  21.2   9:53am -10.0   4:31am   63    0  0.00   0   0  12:02am   N 29.96   66
6    -0.0  18.7  11:45am -10.4   7:11am   63    0  0.00   0   3  12:08pm   E 30.06   68
7     3.2  22.0  10:16am  -7.9   4:49am   59    0  0.00   0   8   2:33pm NNE 29.91   68
8     8.2  27.2  12:28pm  -1.9   1:52am   55    0  0.00   0   5   2:15pm   E 29.79   71
9    13.5  31.7  10:56am  -3.1   7:11am   50    0  0.00   0   4   1:43pm WNW 30.00   55
10   30.1  52.9   9:52am  15.1  12:02am   34    0  0.08   1   8  12:52pm   E 30.02   44
11   26.3  48.8  12:29pm   9.9   7:32am   38    0  0.00   1   9   2:10am   E 30.22   57
12   37.3  62.3  12:28pm  20.0   6:11am   26    0  0.00   1   7   1:55pm   E 30.12   38
13   36.5  57.2  10:47am  10.7   4:43am   28    0  0.00   1  14   2:06pm   E 29.95   39
14   31.9  47.2  11:03am  20.5   6:05am   32    0  0.00   1   8  12:22pm  SE 30.18   49
15   41.8  62.1  11:06am  26.6   5:55am   22    0  0.00   1  13   3:07pm   W 30.14   37
16   46.6  68.8  10:56am  33.7   9:49pm   18    0  0.00   1  12  12:28pm WNW 30.16   31
17   46.2  65.3   1:39pm  29.5   5:50am   18    0  0.00   1   6  10:37pm   W 30.21   31
18   52.0  68.2   1:37pm  42.3   6:33pm   12    0  0.00   1  13  12:47am WSW 29.93   25
19   38.2  60.5  12:31pm  16.6  11:54pm   25    0  0.00   1  12  11:55am   E 29.74   45
20   18.9  26.8   1:29pm  15.0   1:16am   44    0  0.00   0   6  12:18am   E 29.76   79
21   21.5  33.5   9:23am  12.4   6:27am   41    0  0.00   0   7   2:05pm   N 29.71   76
22   26.7  43.0  12:31pm  14.6   6:05am   37    0  0.00   0  12   2:58pm   N 29.99   59
23   30.5  50.2   3:09pm  15.3   7:46am   29    0  0.02   0   5  11:13pm   E 30.16   59
24   37.4  65.0   9:59am  20.9   9:13pm   27    0  0.00   1  13  10:38am   W 30.11   47
25   31.6  46.1   1:42pm  16.4   6:23am   32    0  0.00   0   8  10:29am   E 30.25   36
26   40.6  60.3  11:07am  30.4   6:59am   22    0  0.00   1   8   3:58pm   E 30.22   30
27   43.9  61.4  12:39pm  35.2   3:57am   20    0  0.00   1   6   3:12am   W 30.19   35
28   39.4  62.6  12:36pm  19.6  11:50pm   25    0  0.00   1  12   2:44pm   N 30.01   47
29   24.7  43.2  11:13am   8.8   7:11am   39    0  0.08   0   6   2:43pm NNE 30.09   58
30   36.1  54.5  10:12am  24.5   5:57am   28    0  0.02   1  12   3:19am   S 30.10   41
31   43.0  65.2  11:06am  32.0   6:06am   21    0  0.00   1   9   6:37am SSE 30.02   37
---------------------------------------------------------------------------------------
TOT  30.2  68.8 12/16/13 -10.4  12/6/13 1034    0  0.20   1  14 12/13/13   E 30.01   49

HEAT BASE: 65.0
COOL BASE: 65.0