NOAA-Style Climate Reports

Select a Year or Month report
2018: Jan Feb Mar Apr May Jun Jul Aug Sep Oct Nov Dec
2017: Jan Feb Mar Apr May Jun Jul Aug Sep Oct Nov Dec
2016: Jan Feb Mar Apr May Jun Jul Aug Sep Oct Nov Dec
2015: Jan Feb Mar Apr May Jun Jul Aug Sep Oct Nov Dec
2014: Jan Feb Mar Apr May Jun Jul Aug Sep Oct Nov Dec
2013: Jan Feb Mar Apr May Jun Jul Aug Sep Oct Nov Dec
2012: Jan Feb Mar Apr May Jun Jul Aug Sep Oct Nov Dec
2011: Jan Feb Mar Apr May Jun Jul Aug Sep Oct Nov Dec
2010: Jan Feb Mar Apr May Jun Jul Aug Sep Oct Nov Dec
2009: Jan Feb Mar Apr May Jun Jul Aug Sep Oct Nov Dec
2008: Jan Feb Mar Apr May Jun Jul Aug Sep Oct Nov Dec
2007: Jan Feb Mar Apr May Jun Jul Aug Sep Oct Nov Dec
2006: Jan Feb Mar Apr May Jun Jul Aug Sep Oct Nov Dec
2005: Jan Feb Mar Apr May Jun Jul Aug Sep Oct Nov Dec
2004: Jan Feb Mar Apr May Jun Jul Aug Sep Oct Nov Dec
2003: Jan Feb Mar Apr May Jun Jul Aug Sep Oct Nov Dec
2002: Jan Feb Mar Apr May Jun Jul Aug Sep Oct Nov Dec
2001: Jan Feb Mar Apr May Jun Jul Aug Sep Oct Nov Dec
2000: Jan Feb Mar Apr May Jun Jul Aug Sep Oct Nov Dec
1999: Jan Feb Mar Apr May Jun Jul Aug Sep Oct Nov Dec
1998: Jan Feb Mar Apr May Jun Jul Aug Sep Oct Nov Dec
1997: Jan Feb Mar Apr May Jun Jul Aug Sep Oct Nov Dec
1996: Jan Feb Mar Apr May Jun Jul Aug Sep Oct Nov Dec
1995: Jan Feb Mar Apr May Jun Jul Aug Sep Oct Nov Dec
1994: Jan Feb Mar Apr May Jun Jul Aug Sep Oct Nov Dec
1993: Jan Feb Mar Apr May Jun Jul Aug Sep Oct Nov Dec
1992: Jan Feb Mar Apr May Jun Jul Aug Sep Oct Nov Dec
1991: Jan Feb Mar Apr May Jun Jul Aug Sep Oct Nov Dec
1990: Jan Feb Mar Apr May Jun Jul Aug Sep Oct Nov Dec
1989: Jan Feb Mar Apr May Jun Jul Aug Sep Oct Nov Dec
1988: Jan Feb Mar Apr May Jun Jul Aug Sep Oct Nov Dec
1987: Jan Feb Mar Apr May Jun Jul Aug Sep Oct Nov Dec
1986: Jan Feb Mar Apr May Jun Jul Aug Sep Oct Nov Dec

Report for 2014 January
                  MONTHLY CLIMATOLOGICAL SUMMARY FOR 1/2014
                                        HEAT  COOL        
     MEAN                               DEG   DEG       WIND SPEED       DOM MEAN  MEAN
DAY  TEMP  HIGH   TIME     LOW   TIME   DAYS  DAYS RAIN AVG  HI  TIME    DIR BAROM HUM
---------------------------------------------------------------------------------------
1    30.5  41.2  11:02am  19.8   8:28pm   33    0  0.00   1  10   1:19pm   E 30.11   67
2    32.8  52.6  10:27am  18.0   1:13am   30    0  0.02   0   7  12:27pm   E 30.13   53
3    46.8  66.4  12:38pm  35.9  11:35pm   18    0  0.00   0   6  10:40am   E 29.82   33
4    20.1  37.8  12:05am   8.0  11:47pm   44    0  0.00   1  12   2:06am   E 29.93   74
5     8.1  20.0  12:21pm  -0.7  11:07pm   55    0  0.00   0   7   8:57am   E 30.13   69
6    21.3  41.6   3:13pm  -1.0   1:42am   42    0  0.14   0  12   3:22am  SE 30.12   55
7    36.6  46.6   2:44pm  30.9  11:28pm   27    0  0.00   0   7   8:06am   W 30.00   46
8    31.2  49.9  11:12am  18.7   6:23am   27    0  0.00   1   8   1:10pm  SE 30.00   59
9    36.9  54.7  11:26am  23.4   1:21am   23    0  0.00   0   7  12:41pm WSW 29.83   44
10   30.2  47.3  11:12am  21.1   6:23am   33    0  0.00   1  16  11:59am NNW 29.79   44
11   43.1  64.4  11:32am  25.6   1:20am   21    0  0.00   2   9   4:08pm   W 29.89   41
12   36.1  46.3   1:16am   2.2   5:57pm   28    0  0.00   2  13   4:04pm   S 29.80   39
13   36.0  50.9  10:09am  21.6  12:17am   28    0  0.00   2  15  11:31am WNW 29.98   36
14   27.7  36.9  12:38am  20.2   7:33pm   36    0  0.04   1  60   2:51am NNW 30.23   63
15   39.4  58.5   2:02pm  24.1  12:00am   25    0  0.00   0  12   1:26pm WNW 30.11   41
16   34.7  50.0  11:25am  24.6  11:17pm   29    0  0.00   1  13  11:57am   E 30.17   41
17   37.6  56.9   2:05pm  25.1   2:52am   27    0  0.00   0  11   2:37pm NNW 30.10   39
18   40.1  60.3  11:32am  28.3   2:21am   24    0  0.00   1  10   2:29pm   W 30.15   35
19   47.4  68.2   1:59pm  38.0   7:30am   17    0  0.00   1  10   2:24pm   W 30.05   23
20   38.3  51.1  10:08am  31.2   8:20pm   26    0  0.00   1  10   5:25am   E 30.22   36
21   44.3  67.5  10:21am  29.1  11:26pm   20    0  0.00   1  12   2:21pm   W 30.17   22
22   31.5  47.7  10:19am  18.7   7:43am   32    0  0.00   1  13   6:04pm   E 30.10   44
23   18.0  30.4   2:20pm   4.1   7:03am   43    0  0.04   0  14   1:16am   E 30.31   66
24   40.0  62.8   2:06pm  25.0  12:02am   24    0  0.00   0   6   1:51pm   W 30.18   31
25   46.6  67.1  10:20am  36.2   5:58am   18    0  0.00   1  12   5:00pm   E 30.07   33
26   38.3  63.9  11:32am  16.0  11:59pm   26    0  0.00   2  14   2:13pm   E 29.96   42
27   16.5  25.0  12:14pm  12.4  11:59pm   47    0  0.00   1   9   6:06am   E 30.06   69
28   20.2  41.0   2:26pm   3.5   4:20am   44    0  0.09   0   7   3:30pm   W 30.08   53
29   39.9  59.8  10:12am  25.0  12:02am   24    0  0.02   1  12  11:31pm   E 29.82   37
30   37.6  50.6  11:04am  29.4  11:57pm   23    0  0.00   1  12  12:16am   E 29.72   62
31   21.5  33.8   1:40pm  14.6   7:18am   41    0  0.00   0   0  12:02am   N 29.78   77
---------------------------------------------------------------------------------------
TOT  33.2  68.2  1/19/14  -1.0   1/6/14  937    0  0.35   1  60  1/14/14   E 30.03   47

HEAT BASE: 65.0
COOL BASE: 65.0