NOAA-Style Climate Reports

Select a Year or Month report
2018: Jan Feb Mar Apr May Jun Jul Aug Sep Oct Nov Dec
2017: Jan Feb Mar Apr May Jun Jul Aug Sep Oct Nov Dec
2016: Jan Feb Mar Apr May Jun Jul Aug Sep Oct Nov Dec
2015: Jan Feb Mar Apr May Jun Jul Aug Sep Oct Nov Dec
2014: Jan Feb Mar Apr May Jun Jul Aug Sep Oct Nov Dec
2013: Jan Feb Mar Apr May Jun Jul Aug Sep Oct Nov Dec
2012: Jan Feb Mar Apr May Jun Jul Aug Sep Oct Nov Dec
2011: Jan Feb Mar Apr May Jun Jul Aug Sep Oct Nov Dec
2010: Jan Feb Mar Apr May Jun Jul Aug Sep Oct Nov Dec
2009: Jan Feb Mar Apr May Jun Jul Aug Sep Oct Nov Dec
2008: Jan Feb Mar Apr May Jun Jul Aug Sep Oct Nov Dec
2007: Jan Feb Mar Apr May Jun Jul Aug Sep Oct Nov Dec
2006: Jan Feb Mar Apr May Jun Jul Aug Sep Oct Nov Dec
2005: Jan Feb Mar Apr May Jun Jul Aug Sep Oct Nov Dec
2004: Jan Feb Mar Apr May Jun Jul Aug Sep Oct Nov Dec
2003: Jan Feb Mar Apr May Jun Jul Aug Sep Oct Nov Dec
2002: Jan Feb Mar Apr May Jun Jul Aug Sep Oct Nov Dec
2001: Jan Feb Mar Apr May Jun Jul Aug Sep Oct Nov Dec
2000: Jan Feb Mar Apr May Jun Jul Aug Sep Oct Nov Dec
1999: Jan Feb Mar Apr May Jun Jul Aug Sep Oct Nov Dec
1998: Jan Feb Mar Apr May Jun Jul Aug Sep Oct Nov Dec
1997: Jan Feb Mar Apr May Jun Jul Aug Sep Oct Nov Dec
1996: Jan Feb Mar Apr May Jun Jul Aug Sep Oct Nov Dec
1995: Jan Feb Mar Apr May Jun Jul Aug Sep Oct Nov Dec
1994: Jan Feb Mar Apr May Jun Jul Aug Sep Oct Nov Dec
1993: Jan Feb Mar Apr May Jun Jul Aug Sep Oct Nov Dec
1992: Jan Feb Mar Apr May Jun Jul Aug Sep Oct Nov Dec
1991: Jan Feb Mar Apr May Jun Jul Aug Sep Oct Nov Dec
1990: Jan Feb Mar Apr May Jun Jul Aug Sep Oct Nov Dec
1989: Jan Feb Mar Apr May Jun Jul Aug Sep Oct Nov Dec
1988: Jan Feb Mar Apr May Jun Jul Aug Sep Oct Nov Dec
1987: Jan Feb Mar Apr May Jun Jul Aug Sep Oct Nov Dec
1986: Jan Feb Mar Apr May Jun Jul Aug Sep Oct Nov Dec

Report for 2014 February
                  MONTHLY CLIMATOLOGICAL SUMMARY FOR 2/2014
                                        HEAT  COOL        
     MEAN                               DEG   DEG       WIND SPEED       DOM MEAN  MEAN
DAY  TEMP  HIGH   TIME     LOW   TIME   DAYS  DAYS RAIN AVG  HI  TIME    DIR BAROM HUM
---------------------------------------------------------------------------------------
1    19.7  29.9  11:29am   8.4  11:48pm   44    0  0.02   0   0   6:01pm ENE 29.91   77
2    17.5  42.1  11:17am   2.4   5:17am   45    0  0.16   0   0  12:02am   N 29.96   68
3    21.3  46.4  11:27am   5.8   6:31am   42    0  0.12   0   6   1:16pm   N 29.87   65
4    10.6  23.8  11:04am  -5.0  11:53pm   42    0  0.00   1   7   1:09pm   E 29.99   72
5    -4.2  15.1  11:15am -13.9   7:02am   64    0  0.00   0   4  11:36am   E 30.17   67
6    -2.6  15.1  11:15am -13.9   7:02am  117    0  0.00   0   6  12:22pm   E 30.07   66
7    24.8  55.4  11:07am  -5.7  12:20am   39    0  0.10   0   7  10:38pm   E 29.81   56
8    38.4  56.5  11:16am  22.3  11:58pm   26    0  0.00   1  11   2:56pm   W 29.88   46
9    23.2  35.3  11:44am  18.9   9:04pm   40    0  0.00   0   6  11:08am   E 29.96   76
10   25.3  44.3   2:05pm  16.5   3:21am   38    0  0.00   0   3   3:52pm   N 30.02   75
11   34.8  49.1  10:49am  24.8   5:52am   29    0  0.00   1  12   6:08pm   S 30.01   47
12   34.0  48.4  10:07am  21.1   5:22am   30    0  0.00   1  10   2:03am SSE 29.98   56
13   45.4  64.8  11:01am  32.9   6:23am   19    0  0.00   1  12   5:17pm WNW 29.91   47
14   41.8  56.0  10:55am  32.1   1:58am   22    0  0.00   2  18   4:23am NNW 29.97   43
15   42.7  58.0   8:47am  27.1  11:40pm   22    0  0.00   1  15   9:02am   E 29.99   57
16   48.9  68.6   2:34pm  27.2  12:05am   16    0  0.00   2  19   7:00pm   W 29.88   42
17   47.2  65.7  12:40pm  28.3   4:52am   17    0  0.00   1   8  12:29am WSW 30.01   23
18   49.5  68.2  10:28am  33.9  11:21pm   15    0  0.00   2  15   5:19pm   W 29.92   27
19   45.3  64.6  12:34pm  24.3  11:53pm   19    0  0.00   1  12   4:13am SSE 29.72   41
20   26.7  37.4   4:18pm  18.2   3:38am   37    0  0.13   1  19   1:35pm NNW 29.92   44
21   36.3  51.8  10:21am  23.2   6:21am   28    0  0.00   2  18  12:10pm WNW 29.89   32
22   36.8  55.6   9:28am  22.3   6:50am   27    0  0.00   1  19  12:09pm WNW 29.89   46
23   32.4  61.0   4:25pm  18.2   5:38am   32    0  0.02   0   7   4:18pm   E 29.98   68
24   39.4  69.1   2:26pm  20.3   9:56pm   25    0  0.00   1  18   3:09pm   E 30.00   52
25   19.5  45.2   9:23am   9.7  10:48pm   44    0  0.00   0   9  10:59am  NW 30.09   70
26   33.4  65.3   4:34pm  10.5  12:02am   31    0  0.00   0   7   5:22am   E 30.00   52
27   44.4  66.2   4:24pm  26.0   1:40am   20    0  0.00   0  12  11:52am   E 29.75   42
28   42.2  67.7  10:25am  25.7   9:17pm   22    0  0.00   1  14   4:39pm   E 29.76   54
---------------------------------------------------------------------------------------
TOT  31.7  69.1  2/24/14 -13.9   2/5/14  954    0  0.55   1  19  2/16/14   E 29.93   54

HEAT BASE: 65.0
COOL BASE: 65.0