NOAA-Style Climate Reports

Select a Year or Month report
2018: Jan Feb Mar Apr May Jun Jul Aug Sep Oct Nov Dec
2017: Jan Feb Mar Apr May Jun Jul Aug Sep Oct Nov Dec
2016: Jan Feb Mar Apr May Jun Jul Aug Sep Oct Nov Dec
2015: Jan Feb Mar Apr May Jun Jul Aug Sep Oct Nov Dec
2014: Jan Feb Mar Apr May Jun Jul Aug Sep Oct Nov Dec
2013: Jan Feb Mar Apr May Jun Jul Aug Sep Oct Nov Dec
2012: Jan Feb Mar Apr May Jun Jul Aug Sep Oct Nov Dec
2011: Jan Feb Mar Apr May Jun Jul Aug Sep Oct Nov Dec
2010: Jan Feb Mar Apr May Jun Jul Aug Sep Oct Nov Dec
2009: Jan Feb Mar Apr May Jun Jul Aug Sep Oct Nov Dec
2008: Jan Feb Mar Apr May Jun Jul Aug Sep Oct Nov Dec
2007: Jan Feb Mar Apr May Jun Jul Aug Sep Oct Nov Dec
2006: Jan Feb Mar Apr May Jun Jul Aug Sep Oct Nov Dec
2005: Jan Feb Mar Apr May Jun Jul Aug Sep Oct Nov Dec
2004: Jan Feb Mar Apr May Jun Jul Aug Sep Oct Nov Dec
2003: Jan Feb Mar Apr May Jun Jul Aug Sep Oct Nov Dec
2002: Jan Feb Mar Apr May Jun Jul Aug Sep Oct Nov Dec
2001: Jan Feb Mar Apr May Jun Jul Aug Sep Oct Nov Dec
2000: Jan Feb Mar Apr May Jun Jul Aug Sep Oct Nov Dec
1999: Jan Feb Mar Apr May Jun Jul Aug Sep Oct Nov Dec
1998: Jan Feb Mar Apr May Jun Jul Aug Sep Oct Nov Dec
1997: Jan Feb Mar Apr May Jun Jul Aug Sep Oct Nov Dec
1996: Jan Feb Mar Apr May Jun Jul Aug Sep Oct Nov Dec
1995: Jan Feb Mar Apr May Jun Jul Aug Sep Oct Nov Dec
1994: Jan Feb Mar Apr May Jun Jul Aug Sep Oct Nov Dec
1993: Jan Feb Mar Apr May Jun Jul Aug Sep Oct Nov Dec
1992: Jan Feb Mar Apr May Jun Jul Aug Sep Oct Nov Dec
1991: Jan Feb Mar Apr May Jun Jul Aug Sep Oct Nov Dec
1990: Jan Feb Mar Apr May Jun Jul Aug Sep Oct Nov Dec
1989: Jan Feb Mar Apr May Jun Jul Aug Sep Oct Nov Dec
1988: Jan Feb Mar Apr May Jun Jul Aug Sep Oct Nov Dec
1987: Jan Feb Mar Apr May Jun Jul Aug Sep Oct Nov Dec
1986: Jan Feb Mar Apr May Jun Jul Aug Sep Oct Nov Dec

Report for 2014 March
                  MONTHLY CLIMATOLOGICAL SUMMARY FOR 3/2014
                                        HEAT  COOL        
     MEAN                               DEG   DEG       WIND SPEED       DOM MEAN  MEAN
DAY  TEMP  HIGH   TIME     LOW   TIME   DAYS  DAYS RAIN AVG  HI  TIME    DIR BAROM HUM
---------------------------------------------------------------------------------------
1    18.1  27.2  12:02am  11.0  10:42pm   45    0  0.00   0   8   6:32am   E 29.89   78
2    18.2  41.8   4:23pm   6.1   6:23am   45    0  0.00   0   7   1:06pm NNE 30.03   69
3    45.3  65.3   4:10pm  24.7  12:50am   19    0  0.00   1  11  12:58pm   S 30.00   39
4    45.0  67.7  12:23pm  30.9  11:27pm   19    0  0.00   2  12   6:18pm   E 29.94   40
5    40.6  59.0   4:08pm  25.0   6:33am   22    0  0.45   0  10   8:10pm   S 30.10   56
6    49.5  63.9   4:15pm  38.4   1:44am   15    0  0.02   0   9   9:05am   W 29.93   31
7    35.8  45.9  12:36am  29.5   6:54pm   28    0  0.10   0   5   9:33am   E 29.99   68
8    38.7  55.6  10:41am  25.8   4:14am   25    0  0.55   0   6  11:13pm ENE 30.23   64
9    52.5  76.1   3:16pm  35.1   4:14am   13    2  0.00   1   8   4:52pm   W 30.13   27
10   58.5  80.6   5:34pm  44.9  11:35pm    9    3  0.00   0   8  12:22pm   S 29.92   20
11   33.0  47.2  12:14am  17.1  11:55pm   32    0  0.00   0  11  11:13am ENE 29.99   59
12   33.2  58.1   5:37pm  14.5   2:50am   30    0  0.14   0   8   3:41pm  SE 30.22   48
13   45.7  74.5   5:03pm  23.2   6:08am   19    0  0.00   0   8   2:16pm   W 29.99   32
14   45.8  66.2   3:14pm  25.9   5:22am   19    0  0.00   1  13   6:16pm SSE 30.00   38
15   38.1  45.7   3:05pm  24.3  11:52pm   26    0  0.00   1  18  10:33am NNW 30.06   42
16   44.2  75.6   5:29pm  21.6   6:43am   21    0  0.00   1  12   6:08pm   N 30.16   44
17   51.9  73.6   1:01pm  36.0  11:56pm   13    1  0.00   2  17   1:40pm   W 29.67   27
18   30.0  37.1   2:36pm  22.0  11:50pm   34    0  0.04   1  20   8:40am   E 29.84   52
19   40.1  69.8   5:28pm  20.5   5:39am   24    0  0.00   1  11   1:17pm   W 30.06   40
20   50.1  73.1   4:21pm  27.5   6:12am   16    1  0.00   1   9   4:55pm   E 29.95   21
21   39.1  53.8  11:47am  22.5   6:22am   25    0  0.00   2  12   8:55pm   E 30.04   40
22   27.7  35.1  12:27am  20.0   6:57am   36    0  0.00   1  10   2:27am SSE 30.11   68
23   39.8  69.3   4:58pm  14.9   6:35am   25    0  0.06   1  15   6:00pm   W 30.08   46
24   32.7  59.0   5:09pm  20.0   5:35am   31    0  0.00   0  10  12:35am   E 30.16   55
25   41.9  66.8   4:46pm  16.6   5:40am   22    0  0.02   1   9   5:27pm SSE 30.05   50
26   51.6  70.4  12:18pm  37.7   2:19am   13    0  0.00   2  14   4:59pm   W 29.64   32
27   45.8  64.6   5:23pm  32.6   6:32am   19    0  0.00   1  19   3:12pm NNW 29.70   41
28   42.8  63.9   5:00pm  26.6   7:11am   22    0  0.00   1  14   2:47pm NNW 30.04   45
29   51.3  78.1   4:53pm  32.2   4:53am   15    1  0.00   1  12  10:07am   S 30.06   26
30   54.8  68.0   3:36pm  44.8  11:55pm   10    0  0.00   4  15   4:09pm   S 29.80   26
31   45.9  65.9   5:07pm  15.8  10:05am   18    0  0.00   3  24  12:25am WNW 29.87   32
---------------------------------------------------------------------------------------
TOT  41.5  80.6  3/10/14   6.1   3/2/14  712    9  1.38   1  24  3/31/14   E 29.99   44

HEAT BASE: 65.0
COOL BASE: 65.0