NOAA-Style Climate Reports

Select a Year or Month report
2018: Jan Feb Mar Apr May Jun Jul Aug Sep Oct Nov Dec
2017: Jan Feb Mar Apr May Jun Jul Aug Sep Oct Nov Dec
2016: Jan Feb Mar Apr May Jun Jul Aug Sep Oct Nov Dec
2015: Jan Feb Mar Apr May Jun Jul Aug Sep Oct Nov Dec
2014: Jan Feb Mar Apr May Jun Jul Aug Sep Oct Nov Dec
2013: Jan Feb Mar Apr May Jun Jul Aug Sep Oct Nov Dec
2012: Jan Feb Mar Apr May Jun Jul Aug Sep Oct Nov Dec
2011: Jan Feb Mar Apr May Jun Jul Aug Sep Oct Nov Dec
2010: Jan Feb Mar Apr May Jun Jul Aug Sep Oct Nov Dec
2009: Jan Feb Mar Apr May Jun Jul Aug Sep Oct Nov Dec
2008: Jan Feb Mar Apr May Jun Jul Aug Sep Oct Nov Dec
2007: Jan Feb Mar Apr May Jun Jul Aug Sep Oct Nov Dec
2006: Jan Feb Mar Apr May Jun Jul Aug Sep Oct Nov Dec
2005: Jan Feb Mar Apr May Jun Jul Aug Sep Oct Nov Dec
2004: Jan Feb Mar Apr May Jun Jul Aug Sep Oct Nov Dec
2003: Jan Feb Mar Apr May Jun Jul Aug Sep Oct Nov Dec
2002: Jan Feb Mar Apr May Jun Jul Aug Sep Oct Nov Dec
2001: Jan Feb Mar Apr May Jun Jul Aug Sep Oct Nov Dec
2000: Jan Feb Mar Apr May Jun Jul Aug Sep Oct Nov Dec
1999: Jan Feb Mar Apr May Jun Jul Aug Sep Oct Nov Dec
1998: Jan Feb Mar Apr May Jun Jul Aug Sep Oct Nov Dec
1997: Jan Feb Mar Apr May Jun Jul Aug Sep Oct Nov Dec
1996: Jan Feb Mar Apr May Jun Jul Aug Sep Oct Nov Dec
1995: Jan Feb Mar Apr May Jun Jul Aug Sep Oct Nov Dec
1994: Jan Feb Mar Apr May Jun Jul Aug Sep Oct Nov Dec
1993: Jan Feb Mar Apr May Jun Jul Aug Sep Oct Nov Dec
1992: Jan Feb Mar Apr May Jun Jul Aug Sep Oct Nov Dec
1991: Jan Feb Mar Apr May Jun Jul Aug Sep Oct Nov Dec
1990: Jan Feb Mar Apr May Jun Jul Aug Sep Oct Nov Dec
1989: Jan Feb Mar Apr May Jun Jul Aug Sep Oct Nov Dec
1988: Jan Feb Mar Apr May Jun Jul Aug Sep Oct Nov Dec
1987: Jan Feb Mar Apr May Jun Jul Aug Sep Oct Nov Dec
1986: Jan Feb Mar Apr May Jun Jul Aug Sep Oct Nov Dec

Report for 2014 April
                  MONTHLY CLIMATOLOGICAL SUMMARY FOR 4/2014
                                        HEAT  COOL        
     MEAN                               DEG   DEG       WIND SPEED       DOM MEAN  MEAN
DAY  TEMP  HIGH   TIME     LOW   TIME   DAYS  DAYS RAIN AVG  HI  TIME    DIR BAROM HUM
---------------------------------------------------------------------------------------
1    45.5  62.3   1:16pm  29.2   3:35am   19    0  0.00   2  14   6:08am   S 29.82   41
2    38.4  57.4   3:59pm  22.5   6:58am   25    0  0.06   0   8   7:23pm   E 29.77   62
3    34.7  53.6   5:00pm  28.1   6:35am   25    0  0.23   0   9   9:04pm   E 29.96   73
4    38.3  56.0  12:42pm  20.3   5:26am   24    0  0.00   1  12   3:40pm   S 30.03   53
5    44.1  61.9  12:20pm  30.1   3:35am   19    0  0.00   0   7  11:43am   S 29.93   47
6    42.7  65.7  12:01pm  31.3   6:51am   22    0  0.00   0  15   1:20pm   E 29.94   57
7    42.2  58.7   4:38pm  31.3   6:55am   22    0  0.00   0  13   4:12pm WNW 30.12   51
8    53.7  79.0   5:02pm  32.3   2:05am   13    2  0.00   1  11   4:53pm   N 30.18   36
9    62.2  85.0   5:02pm  46.6   6:14am    7    4  0.00   2  11   2:28pm   W 30.04   25
10   57.2  77.9   3:46pm  34.4   6:36am   10    2  0.00   1  12   3:35pm   E 30.02   38
11   61.6  88.0   5:28pm  38.7   6:40am    9    5  0.00   1  10   2:09pm   E 29.99   31
12   59.2  76.0  12:50pm  46.3  11:53pm    7    2  0.00   2  10   9:02pm WSW 29.83   28
13   30.0  46.3  12:00am  18.0  11:53pm   33    0  0.12   0   8   1:13am ENE 29.97   78
14   29.2  48.2   5:22pm  14.6   6:25am   34    0  0.16   1  58   5:43pm   E 30.19   61
15   50.0  74.9   6:16pm  29.7  12:00am   16    1  0.00   0   8   6:08am   S 29.93   33
16   46.4  63.5  11:53am  33.3  11:59pm   18    0  0.00   0  11  10:40am   E 29.93   40
17   48.7  66.8  12:10pm  30.4   6:26am   16    0  0.00   2  14   3:02pm SSE 30.06   50
18   63.7  90.5   4:38pm  42.9   1:42am    7    6  0.00   1  10  12:45pm   E 29.98   31
19   56.2  72.5  12:40pm  45.4   8:38pm    9    1  0.00   1  12  12:02pm   E 30.06   47
20   58.4  82.6   4:08pm  43.7   6:46am    9    3  0.02   1   8   8:23pm   W 30.09   51
21   55.9  71.1   4:09pm  36.5   6:22am   10    1  0.00   2  12   9:25pm   S 30.22   46
22   63.2  80.8  11:35am  45.5   6:53am    6    4  0.00   3  12   4:11pm   S 29.95   37
23   57.4  78.5   1:12pm  32.7  10:08pm   10    2  0.45   2  22   5:45pm   S 29.76   41
24   49.3  77.6   5:07pm  28.6   6:04am   16    1  0.00   1  12   3:05pm   E 29.98   50
25   58.1  74.9   3:14pm  41.2   4:02am    8    2  0.00   3  15   9:28pm   S 29.86   29
26   61.5  78.5  11:59am  48.2   5:42am    6    3  0.00   2  15  10:31am   W 29.59   26
27   44.8  53.3   5:35pm  36.7   9:59am   20    0  0.02   2  17   7:53am   N 29.55   50
28   44.0  57.8  10:35am  15.1   6:34pm   20    0  0.00   2  16   9:06am   N 29.81   35
29   42.1  54.9  12:35pm  29.9   5:23am   22    0  0.00   2  19  10:35pm NNE 30.11   42
30   40.6  55.6   1:21pm  25.2   6:15am   24    0  0.00   1  18  11:19am NNE 30.25   49
---------------------------------------------------------------------------------------
TOT  49.4  90.5  4/18/14 -22.7  4/23/14  483   37  1.06   1  58  4/14/14   E 29.96   44

HEAT BASE: 65.0
COOL BASE: 65.0