NOAA-Style Climate Reports

Select a Year or Month report
2018: Jan Feb Mar Apr May Jun Jul Aug Sep Oct Nov Dec
2017: Jan Feb Mar Apr May Jun Jul Aug Sep Oct Nov Dec
2016: Jan Feb Mar Apr May Jun Jul Aug Sep Oct Nov Dec
2015: Jan Feb Mar Apr May Jun Jul Aug Sep Oct Nov Dec
2014: Jan Feb Mar Apr May Jun Jul Aug Sep Oct Nov Dec
2013: Jan Feb Mar Apr May Jun Jul Aug Sep Oct Nov Dec
2012: Jan Feb Mar Apr May Jun Jul Aug Sep Oct Nov Dec
2011: Jan Feb Mar Apr May Jun Jul Aug Sep Oct Nov Dec
2010: Jan Feb Mar Apr May Jun Jul Aug Sep Oct Nov Dec
2009: Jan Feb Mar Apr May Jun Jul Aug Sep Oct Nov Dec
2008: Jan Feb Mar Apr May Jun Jul Aug Sep Oct Nov Dec
2007: Jan Feb Mar Apr May Jun Jul Aug Sep Oct Nov Dec
2006: Jan Feb Mar Apr May Jun Jul Aug Sep Oct Nov Dec
2005: Jan Feb Mar Apr May Jun Jul Aug Sep Oct Nov Dec
2004: Jan Feb Mar Apr May Jun Jul Aug Sep Oct Nov Dec
2003: Jan Feb Mar Apr May Jun Jul Aug Sep Oct Nov Dec
2002: Jan Feb Mar Apr May Jun Jul Aug Sep Oct Nov Dec
2001: Jan Feb Mar Apr May Jun Jul Aug Sep Oct Nov Dec
2000: Jan Feb Mar Apr May Jun Jul Aug Sep Oct Nov Dec
1999: Jan Feb Mar Apr May Jun Jul Aug Sep Oct Nov Dec
1998: Jan Feb Mar Apr May Jun Jul Aug Sep Oct Nov Dec
1997: Jan Feb Mar Apr May Jun Jul Aug Sep Oct Nov Dec
1996: Jan Feb Mar Apr May Jun Jul Aug Sep Oct Nov Dec
1995: Jan Feb Mar Apr May Jun Jul Aug Sep Oct Nov Dec
1994: Jan Feb Mar Apr May Jun Jul Aug Sep Oct Nov Dec
1993: Jan Feb Mar Apr May Jun Jul Aug Sep Oct Nov Dec
1992: Jan Feb Mar Apr May Jun Jul Aug Sep Oct Nov Dec
1991: Jan Feb Mar Apr May Jun Jul Aug Sep Oct Nov Dec
1990: Jan Feb Mar Apr May Jun Jul Aug Sep Oct Nov Dec
1989: Jan Feb Mar Apr May Jun Jul Aug Sep Oct Nov Dec
1988: Jan Feb Mar Apr May Jun Jul Aug Sep Oct Nov Dec
1987: Jan Feb Mar Apr May Jun Jul Aug Sep Oct Nov Dec
1986: Jan Feb Mar Apr May Jun Jul Aug Sep Oct Nov Dec

Report for 2014 May
                  MONTHLY CLIMATOLOGICAL SUMMARY FOR 5/2014
                                        HEAT  COOL        
     MEAN                               DEG   DEG       WIND SPEED       DOM MEAN  MEAN
DAY  TEMP  HIGH   TIME     LOW   TIME   DAYS  DAYS RAIN AVG  HI  TIME    DIR BAROM HUM
---------------------------------------------------------------------------------------
1    46.4  66.4   4:49pm  29.5   2:31am   18    0  0.00   1  14  12:50pm NNE 30.19   38
2    59.3  81.2   3:52pm  37.0   2:01am    9    4  0.02   1  10   8:34pm WSW 30.07   30
3    67.4  87.8   6:13pm  49.8   4:31am    4    7  0.00   1  10  12:28pm   S 30.02   25
4    68.6  88.4   4:48pm  54.9   3:18am    3    6  0.00   1  10   1:40pm WSW 29.94   21
5    66.4  86.0   4:20pm  52.7   5:30am    3    5  0.00   1  11   3:05pm WSW 29.92   21
6    63.2  82.1   1:08pm  51.0  11:44pm    5    3  0.00   1  13   6:27pm   E 29.75   27
7    54.5  72.7  11:31am  41.0  11:09pm   10    0  0.00   1  14   1:07pm   E 29.76   58
8    43.0  65.3  12:23pm  32.1   3:35am   20    0  0.51   0  10   7:25pm   E 29.92   72
9    49.0  68.4   3:39pm  34.0   5:22am   15    0  0.00   0   8   2:09pm   E 29.93   53
10   53.4  75.4  11:55am  38.8   4:31am   12    1  0.00   0   8  12:21pm   E 29.89   54
11   33.1  45.9  12:00am  29.6  11:20pm   26    0  0.23   0   7   7:15am   E 29.96   84
12   32.6  44.8   3:47pm  27.5   5:22am   32    0  0.34   0   8   4:54pm  NE 30.22   77
13   39.5  54.4  12:40pm  26.6   5:41am   25    0  0.23   0  10   1:29pm NNE 30.37   56
14   45.1  64.1  11:37am  29.9   5:22am   19    0  0.00   0  10  12:00pm   E 30.35   51
15   50.8  69.8   4:11pm  32.9   5:36am   14    0  0.00   0   7  12:25pm   E 30.24   55
16   54.0  73.6  10:47am  37.1   6:02am   12    1  0.00   0  10   3:23pm   E 30.12   54
17   57.3  75.4   6:06pm  40.1   5:31am    9    2  0.02   0  13   6:50pm   E 30.06   60
18   66.5  85.9   2:31pm  47.2   3:49am    5    6  0.04   0  13  12:53pm WSW 29.89   39
19   67.3  82.8   2:54pm  51.3   6:36am    3    6  0.00   1  13   5:43pm   E 29.87   32
20   61.4  78.8  11:56am  50.2   6:25am    6    3  0.00   1  12   2:45pm   E 30.03   56
21   59.2  75.6   1:23pm  50.8   6:21am    7    2  0.00   1  11   4:16pm   E 30.13   65
22   59.5  79.2   1:32pm  50.0   4:40am    8    2  0.02   0   9   1:22pm  SE 30.19   64
23   59.2  77.0  11:38am  44.3   5:22am    8    2  0.02   0  10   2:27pm SSE 30.13   63
24   56.8  70.0   1:50pm  46.1   5:41am    9    1  0.33   0   7   4:34pm   E 30.06   69
25   54.6  75.2  12:10pm  42.1   5:51am    9    1  0.12   0   2  11:45am   E 30.05   66
26   62.0  79.4  11:33am  45.6   5:01am    7    4  0.04   0  12  10:33am   E 30.11   52
27   69.3  89.1  11:31am  49.7   5:22am    4    8  0.00   0  11  12:14pm   E 30.15   41
28   71.9  93.8  12:22pm  53.1   4:57am    3    9  0.00   1  18  12:18pm SSE 30.16   36
29   71.1  95.2  12:01pm  59.2   5:34am    1    7  0.00   1  18  12:54pm   W 30.09   39
30   63.6  77.2   2:12pm  54.0  11:01pm    3    2  0.00   0   9  11:28am NNE 30.14   59
31   65.7  83.7  11:14am  47.5   5:22am    5    5  0.02   1  10   3:22pm SSE 30.09   56
---------------------------------------------------------------------------------------
TOT  57.3  95.2  5/29/14  26.6  5/13/14  313   86  1.94   1  18  5/28/14   E 30.06   50

HEAT BASE: 65.0
COOL BASE: 65.0