NOAA-Style Climate Reports

Select a Year or Month report
2018: Jan Feb Mar Apr May Jun Jul Aug Sep Oct Nov Dec
2017: Jan Feb Mar Apr May Jun Jul Aug Sep Oct Nov Dec
2016: Jan Feb Mar Apr May Jun Jul Aug Sep Oct Nov Dec
2015: Jan Feb Mar Apr May Jun Jul Aug Sep Oct Nov Dec
2014: Jan Feb Mar Apr May Jun Jul Aug Sep Oct Nov Dec
2013: Jan Feb Mar Apr May Jun Jul Aug Sep Oct Nov Dec
2012: Jan Feb Mar Apr May Jun Jul Aug Sep Oct Nov Dec
2011: Jan Feb Mar Apr May Jun Jul Aug Sep Oct Nov Dec
2010: Jan Feb Mar Apr May Jun Jul Aug Sep Oct Nov Dec
2009: Jan Feb Mar Apr May Jun Jul Aug Sep Oct Nov Dec
2008: Jan Feb Mar Apr May Jun Jul Aug Sep Oct Nov Dec
2007: Jan Feb Mar Apr May Jun Jul Aug Sep Oct Nov Dec
2006: Jan Feb Mar Apr May Jun Jul Aug Sep Oct Nov Dec
2005: Jan Feb Mar Apr May Jun Jul Aug Sep Oct Nov Dec
2004: Jan Feb Mar Apr May Jun Jul Aug Sep Oct Nov Dec
2003: Jan Feb Mar Apr May Jun Jul Aug Sep Oct Nov Dec
2002: Jan Feb Mar Apr May Jun Jul Aug Sep Oct Nov Dec
2001: Jan Feb Mar Apr May Jun Jul Aug Sep Oct Nov Dec
2000: Jan Feb Mar Apr May Jun Jul Aug Sep Oct Nov Dec
1999: Jan Feb Mar Apr May Jun Jul Aug Sep Oct Nov Dec
1998: Jan Feb Mar Apr May Jun Jul Aug Sep Oct Nov Dec
1997: Jan Feb Mar Apr May Jun Jul Aug Sep Oct Nov Dec
1996: Jan Feb Mar Apr May Jun Jul Aug Sep Oct Nov Dec
1995: Jan Feb Mar Apr May Jun Jul Aug Sep Oct Nov Dec
1994: Jan Feb Mar Apr May Jun Jul Aug Sep Oct Nov Dec
1993: Jan Feb Mar Apr May Jun Jul Aug Sep Oct Nov Dec
1992: Jan Feb Mar Apr May Jun Jul Aug Sep Oct Nov Dec
1991: Jan Feb Mar Apr May Jun Jul Aug Sep Oct Nov Dec
1990: Jan Feb Mar Apr May Jun Jul Aug Sep Oct Nov Dec
1989: Jan Feb Mar Apr May Jun Jul Aug Sep Oct Nov Dec
1988: Jan Feb Mar Apr May Jun Jul Aug Sep Oct Nov Dec
1987: Jan Feb Mar Apr May Jun Jul Aug Sep Oct Nov Dec
1986: Jan Feb Mar Apr May Jun Jul Aug Sep Oct Nov Dec

Report for 2014 June
                  MONTHLY CLIMATOLOGICAL SUMMARY FOR 6/2014
                                        HEAT  COOL        
     MEAN                               DEG   DEG       WIND SPEED       DOM MEAN  MEAN
DAY  TEMP  HIGH   TIME     LOW   TIME   DAYS  DAYS RAIN AVG  HI  TIME    DIR BAROM HUM
---------------------------------------------------------------------------------------
1    69.8  87.1  11:10am  51.1   5:25am    3    8  0.00   1  17  12:31pm NNE 29.99   46
2    68.9  85.7  12:21pm  49.1   5:43am    3    7  0.00   1  14   4:35pm SSE 30.11   44
3    74.2  92.9  11:15am  55.8   4:49am    2   11  0.00   1  19  10:55am   W 29.96   35
4    66.7  86.6  11:55am  48.2   5:49am    4    6  0.10   2  17   3:03pm SSE 30.02   47
5    62.0  79.6  12:11pm  46.3   5:35am    6    3  0.08   1  15   3:40pm SSE 30.09   56
6    64.3  82.4  12:04pm  50.8  11:57pm    4    3  0.03   2  18  10:32am SSE 30.03   51
7    57.7  76.9  11:53am  44.6   5:22am    8    1  0.00   0   8   6:46pm NNE 30.12   68
8    52.8  75.6  11:36am  41.7   9:25pm   12    0  0.42   0  12   1:21pm NNE 30.05   78
9    53.4  68.2   5:35pm  34.7   5:45am   11    0  0.02   0   9   9:40am   N 30.14   57
10   67.5  89.3  11:10am  45.2   2:28am    4    7  0.00   0  11  11:51am NNE 30.02   37
11   67.0  92.0  11:13am  52.6  11:57pm    2    4  0.02   1  14   4:44pm   E 30.02   44
12   63.0  76.3  11:25am  51.8   6:16am    5    3  0.00   2  12   3:34pm SSE 30.14   59
13   73.9  90.5   5:39pm  54.8   3:51am    2   10  0.00   2  21   5:05pm WSW 29.92   33
14   63.0  79.4  12:05pm  54.4  10:48am    5    3  0.02   1  11  10:31am   E 29.85   47
15   61.6  76.7  12:06pm  42.2   4:32am    7    4  0.02   0  11   1:47pm SSE 29.96   48
16   70.6  89.1  11:13am  50.4   4:52am    3    8  0.00   0  13  12:21pm WSW 29.85   28
17   74.1  88.7  10:45am  55.6   5:50am    1   10  0.00   0  17   2:45pm SSE 29.87   22
18   67.4  83.0  10:34am  48.4  10:53pm    3    5  0.09   2  14   2:36pm   E 29.94   40
19   68.5  80.8  12:01pm  45.4   5:38am    3    5  0.00   1  16   1:30pm   E 30.13   44
20   71.1  87.1  11:59am  52.7   6:04am    3    9  0.00   1  17  12:29pm   E 30.13   39
21   68.2  85.3   2:16pm  56.5   5:25am    2    5  0.08   1  13  12:12pm SSE 30.06   47
22   65.1  83.7  11:45am  53.8  11:54pm    4    4  0.02   0  10   7:41pm   N 30.10   48
23   63.5  80.8  11:41am  46.3   5:45am    5    4  0.06   0  13   4:17pm   N 30.15   60
24   65.9  81.4  11:48am  51.3   5:46am    4    5  0.06   0   9   8:09pm SSE 30.16   63
25   69.9  92.2  11:40am  52.6   5:38am    2    7  0.06   1  16  11:31am SSE 30.08   49
26   72.9  96.8  11:10am  55.0   3:56am    2   10  0.02   1  20  12:27pm  SE 29.93   39
27   66.3  85.3  11:42am  54.0   5:56am    3    4  0.00   1  15   2:12pm NNE 29.88   47
28   68.9  85.3  11:11am  50.0   5:41am    3    7  0.00   1  14   3:26pm ESE 29.99   40
29   74.3  91.1   2:32pm  53.7   4:52am    2   11  0.00   3  21   3:13pm   E 30.03   32
30   74.5  94.3  11:54am  57.2   4:35am    1   10  0.00   3  20   1:09pm   E 30.05   37
---------------------------------------------------------------------------------------
TOT  66.9  96.8  6/26/14  45.4  6/19/14  122  176  1.10   1  21  6/29/14 SSE 30.03   46

HEAT BASE: 65.0
COOL BASE: 65.0