NOAA-Style Climate Reports

Select a Year or Month report
2018: Jan Feb Mar Apr May Jun Jul Aug Sep Oct Nov Dec
2017: Jan Feb Mar Apr May Jun Jul Aug Sep Oct Nov Dec
2016: Jan Feb Mar Apr May Jun Jul Aug Sep Oct Nov Dec
2015: Jan Feb Mar Apr May Jun Jul Aug Sep Oct Nov Dec
2014: Jan Feb Mar Apr May Jun Jul Aug Sep Oct Nov Dec
2013: Jan Feb Mar Apr May Jun Jul Aug Sep Oct Nov Dec
2012: Jan Feb Mar Apr May Jun Jul Aug Sep Oct Nov Dec
2011: Jan Feb Mar Apr May Jun Jul Aug Sep Oct Nov Dec
2010: Jan Feb Mar Apr May Jun Jul Aug Sep Oct Nov Dec
2009: Jan Feb Mar Apr May Jun Jul Aug Sep Oct Nov Dec
2008: Jan Feb Mar Apr May Jun Jul Aug Sep Oct Nov Dec
2007: Jan Feb Mar Apr May Jun Jul Aug Sep Oct Nov Dec
2006: Jan Feb Mar Apr May Jun Jul Aug Sep Oct Nov Dec
2005: Jan Feb Mar Apr May Jun Jul Aug Sep Oct Nov Dec
2004: Jan Feb Mar Apr May Jun Jul Aug Sep Oct Nov Dec
2003: Jan Feb Mar Apr May Jun Jul Aug Sep Oct Nov Dec
2002: Jan Feb Mar Apr May Jun Jul Aug Sep Oct Nov Dec
2001: Jan Feb Mar Apr May Jun Jul Aug Sep Oct Nov Dec
2000: Jan Feb Mar Apr May Jun Jul Aug Sep Oct Nov Dec
1999: Jan Feb Mar Apr May Jun Jul Aug Sep Oct Nov Dec
1998: Jan Feb Mar Apr May Jun Jul Aug Sep Oct Nov Dec
1997: Jan Feb Mar Apr May Jun Jul Aug Sep Oct Nov Dec
1996: Jan Feb Mar Apr May Jun Jul Aug Sep Oct Nov Dec
1995: Jan Feb Mar Apr May Jun Jul Aug Sep Oct Nov Dec
1994: Jan Feb Mar Apr May Jun Jul Aug Sep Oct Nov Dec
1993: Jan Feb Mar Apr May Jun Jul Aug Sep Oct Nov Dec
1992: Jan Feb Mar Apr May Jun Jul Aug Sep Oct Nov Dec
1991: Jan Feb Mar Apr May Jun Jul Aug Sep Oct Nov Dec
1990: Jan Feb Mar Apr May Jun Jul Aug Sep Oct Nov Dec
1989: Jan Feb Mar Apr May Jun Jul Aug Sep Oct Nov Dec
1988: Jan Feb Mar Apr May Jun Jul Aug Sep Oct Nov Dec
1987: Jan Feb Mar Apr May Jun Jul Aug Sep Oct Nov Dec
1986: Jan Feb Mar Apr May Jun Jul Aug Sep Oct Nov Dec

Report for 2014 July
                  MONTHLY CLIMATOLOGICAL SUMMARY FOR 7/2014
                                        HEAT  COOL        
     MEAN                               DEG   DEG       WIND SPEED       DOM MEAN  MEAN
DAY  TEMP  HIGH   TIME     LOW   TIME   DAYS  DAYS RAIN AVG  HI  TIME    DIR BAROM HUM
---------------------------------------------------------------------------------------
1    63.9  73.4   5:50pm  54.5   5:22am    3    2  0.00   1   8  12:55am   E 30.24   46
2    66.4  78.8  11:04am  55.4   4:31am    3    4  0.00   2  12   1:25pm SSE 30.25   54
3    73.5  90.4  12:01pm  55.1   5:22am    2   10  0.00   1  21   2:09pm ESE 30.18   46
4    73.4  96.3  11:46am  62.7   9:13pm    0    8  0.00   2  22  10:28am SSE 30.21   43
5    75.5  91.4   1:01pm  60.7   5:36am    1   11  0.00   2  22   1:38pm   N 30.21   38
6    79.9 102.2  10:42am  65.2   6:06am    0   15  0.02   4  24   3:29pm NNE 30.19   31
7    79.2  95.8   4:03pm  61.2  10:06pm    0   14  0.06   4  23  11:09am ENE 30.12   34
8    67.1  77.6   2:27pm  57.4   5:22am    2    4  0.02   1  12   5:28pm SSE 30.24   65
9    74.9  91.8   3:58pm  58.3   3:28am    1   11  0.00   2  24   3:47pm NNE 30.12   43
10   78.3  91.4   3:12pm  63.2   5:51am    0   13  0.05   2  58   1:25pm NNE 30.08   36
11   70.7  88.4   2:18pm  60.8   5:30am    1    6  0.14   1  20   2:11pm NNE 30.18   59
12   67.2  81.5   3:39pm  58.1   5:22am    2    4  0.00   0  19   1:02am   N 30.27   70
13   70.8  84.1   5:25pm  57.8   5:43am    2    7  0.00   1  19   3:23pm  SE 30.30   60
14   70.2  80.8  10:44am  20.9  10:02pm    1    6  0.02   1  18   1:01pm   E 30.30   58
15   64.9  76.7   1:32pm  28.8   3:18pm    3    3  0.00   0   6   9:18pm NNE 30.20   68
16   63.4  74.9   1:28pm  52.7  10:58pm    4    2  0.16   1  13  12:24pm NNE 30.12   69
17   62.8  74.9   4:44pm  51.2   1:40am    5    2  0.02   0   8   1:12pm ESE 30.14   67
18   72.7  87.8  11:30am  58.8   3:24am    1    9  0.00   0  19  11:02am SSE 30.09   47
19   76.6  90.5   3:21pm  62.5   6:28am    0   11  0.00   2  62   2:34pm SSE 30.10   36
20   77.2  92.0   1:11pm  67.3   5:39am    0   11  0.08   3  23  12:00pm SSE 30.12   35
21   79.2  93.6   4:05pm  66.1   2:51am    0   13  0.02   3  23   5:49pm  SE 30.17   33
22   77.5  91.4   4:53pm  65.9   5:35am    0    9  0.00   4  67   5:46pm   E 30.29   37
23   77.3  91.4   4:53pm  32.0  10:03am    0   13  0.02   3  67   5:46pm   E 30.31   40
24   81.9  92.2  11:50am  29.2  10:35pm    0   12  0.00   4  23  12:29pm ESE 30.14   37
25   74.9  91.4   1:17pm  27.7   5:35am    1   10  0.35   2  21  12:45pm SSE 30.14   47
26   72.3  88.7  10:22am  64.3   9:43pm    0    7  0.02   1  18  12:01pm  NE 30.20   50
27   68.2  82.8   3:59pm  57.4   5:22am    1    5  0.00   0  17   3:27pm NNE 30.32   62
28   68.3  82.1   1:50pm  56.9   6:13am    1    5  0.16   1  13  12:48pm SSE 30.32   62
29   64.9  82.1   1:17pm  19.6   4:25pm    4    4  0.37   0  15   1:06pm SSE 30.25   68
30   55.5  60.8   2:56pm  53.4   8:20pm    9    0  1.18   0   6  11:16am   E 30.30   88
31   59.4  69.5   5:17pm  52.7   5:22am    6    0  0.02   0   6   6:32pm   E 30.29   81
---------------------------------------------------------------------------------------
TOT  70.9 102.2   7/6/14  19.6  7/29/14   53  231  2.71   1  67  7/22/14 SSE 30.20   53

HEAT BASE: 65.0
COOL BASE: 65.0