NOAA-Style Climate Reports

Select a Year or Month report
2018: Jan Feb Mar Apr May Jun Jul Aug Sep Oct Nov Dec
2017: Jan Feb Mar Apr May Jun Jul Aug Sep Oct Nov Dec
2016: Jan Feb Mar Apr May Jun Jul Aug Sep Oct Nov Dec
2015: Jan Feb Mar Apr May Jun Jul Aug Sep Oct Nov Dec
2014: Jan Feb Mar Apr May Jun Jul Aug Sep Oct Nov Dec
2013: Jan Feb Mar Apr May Jun Jul Aug Sep Oct Nov Dec
2012: Jan Feb Mar Apr May Jun Jul Aug Sep Oct Nov Dec
2011: Jan Feb Mar Apr May Jun Jul Aug Sep Oct Nov Dec
2010: Jan Feb Mar Apr May Jun Jul Aug Sep Oct Nov Dec
2009: Jan Feb Mar Apr May Jun Jul Aug Sep Oct Nov Dec
2008: Jan Feb Mar Apr May Jun Jul Aug Sep Oct Nov Dec
2007: Jan Feb Mar Apr May Jun Jul Aug Sep Oct Nov Dec
2006: Jan Feb Mar Apr May Jun Jul Aug Sep Oct Nov Dec
2005: Jan Feb Mar Apr May Jun Jul Aug Sep Oct Nov Dec
2004: Jan Feb Mar Apr May Jun Jul Aug Sep Oct Nov Dec
2003: Jan Feb Mar Apr May Jun Jul Aug Sep Oct Nov Dec
2002: Jan Feb Mar Apr May Jun Jul Aug Sep Oct Nov Dec
2001: Jan Feb Mar Apr May Jun Jul Aug Sep Oct Nov Dec
2000: Jan Feb Mar Apr May Jun Jul Aug Sep Oct Nov Dec
1999: Jan Feb Mar Apr May Jun Jul Aug Sep Oct Nov Dec
1998: Jan Feb Mar Apr May Jun Jul Aug Sep Oct Nov Dec
1997: Jan Feb Mar Apr May Jun Jul Aug Sep Oct Nov Dec
1996: Jan Feb Mar Apr May Jun Jul Aug Sep Oct Nov Dec
1995: Jan Feb Mar Apr May Jun Jul Aug Sep Oct Nov Dec
1994: Jan Feb Mar Apr May Jun Jul Aug Sep Oct Nov Dec
1993: Jan Feb Mar Apr May Jun Jul Aug Sep Oct Nov Dec
1992: Jan Feb Mar Apr May Jun Jul Aug Sep Oct Nov Dec
1991: Jan Feb Mar Apr May Jun Jul Aug Sep Oct Nov Dec
1990: Jan Feb Mar Apr May Jun Jul Aug Sep Oct Nov Dec
1989: Jan Feb Mar Apr May Jun Jul Aug Sep Oct Nov Dec
1988: Jan Feb Mar Apr May Jun Jul Aug Sep Oct Nov Dec
1987: Jan Feb Mar Apr May Jun Jul Aug Sep Oct Nov Dec
1986: Jan Feb Mar Apr May Jun Jul Aug Sep Oct Nov Dec

Report for 2014 August
                  MONTHLY CLIMATOLOGICAL SUMMARY FOR 8/2014
                                        HEAT  COOL        
     MEAN                               DEG   DEG       WIND SPEED       DOM MEAN  MEAN
DAY  TEMP  HIGH   TIME     LOW   TIME   DAYS  DAYS RAIN AVG  HI  TIME    DIR BAROM HUM
---------------------------------------------------------------------------------------
1    65.0  77.2  10:30am  51.8   5:40am    4    4  0.00   0   8   4:46pm SSE 30.27   59
2    68.3  83.9   4:20pm  52.6   5:58am    3    6  0.00   0  12   1:51pm SSE 30.27   51
3    72.6  90.9   4:15pm  56.9   5:37am    1    9  0.00   0  21   3:25pm  NE 30.22   47
4    73.2  88.4   4:13pm  61.2   5:41am    0    9  0.03   0  21   3:37pm NNE 30.18   47
5    67.9  81.5  12:46pm  61.0  11:52pm    1    4  0.02   0   0  12:00am   N 30.18   57
6    70.1  85.5   4:25pm  56.6   4:31am    2    7  0.14   1  20   1:53pm NNE 30.17   53
7    64.8  79.6  12:01pm  54.7   1:35pm    3    3  0.41   0  10  10:01am SSE 30.17   66
8    67.8  80.5  11:02am  56.5   5:22am    2    5  0.00   0  14  11:02am SSE 30.15   54
9    68.1  83.5  10:58am  55.1   5:22am    2    5  0.00   0  14  10:58am ESE 30.19   50
10   65.2  74.5  11:35am  55.1   6:14am    3    3  0.00   0   6   8:50am  NE 30.34   58
11   69.4  84.8   4:07pm  54.4   6:42am    2    7  0.00   0  15   4:57pm  SE 30.34   51
12   73.1  87.8   4:10pm  56.2   5:22am    1    9  0.00   2  20   6:39pm   E 30.27   43
13   74.0  88.9   4:04pm  62.3   5:28am    0    9  0.00   2  22   2:12pm SSE 30.19   43
14   70.4  82.4   2:00pm  62.3  11:53pm    0    5  0.02   0  12   1:37pm NNE 30.13   55
15   68.6  85.3  10:12am  57.4   5:07pm    2    6  0.16   1  20  10:40am   E 30.17   56
16   74.4  94.0   4:46pm  60.3   5:54am    1   10  0.00   2  22   6:23pm SSE 30.18   40
17   74.3  89.6   2:19pm  61.0   6:30am    0    9  0.00   3  22  11:27am SSE 30.18   36
18   72.3  85.7  11:18am  60.1   6:42am    1    8  0.00   1  21  11:15am ESE 30.12   37
19   69.2  88.7   2:37pm  58.2   5:12am    2    6  0.08   1  20  11:05am ENE 30.03   49
20   70.8  82.8  10:10am  57.8   6:47am    1    7  0.02   1  14  11:01am SSE 30.01   50
21   69.2  80.6   2:02pm  56.5   6:15am    2    6  0.00   0  18  11:57am  SE 30.13   51
22   61.6  67.0  12:05pm  56.9   6:09am    4    0  0.12   0   0  12:00am   N 30.15   73
23   65.0  77.2  11:17am  51.3   6:23am    4    4  0.00   0   0  12:00am   N 30.02   62
24   68.2  81.9   4:29pm  54.1   3:55am    3    6  0.00   0  12   5:59pm ENE 30.08   44
25   62.8  75.8   2:47pm  50.2   6:24am    4    2  0.05   0   2  11:17am   E 30.18   58
26   64.4  76.0   1:28pm  56.3   5:23am    3    2  0.02   0   0  12:00am   N 30.22   66
27   63.7  79.2   4:31pm  53.1  11:50pm    4    3  0.06   0   0  12:00am   N 30.17   64
28   57.6  75.4  10:29am  49.3   3:55am    9    1  0.32   0  10   3:28pm NNW 30.17   69
29   62.5  78.8   2:22pm  52.4   6:15am    5    3  0.21   0   6  11:44am   N 30.15   56
30   69.2  88.4   4:06pm  55.8   6:02am    2    6  0.00   0  17  11:00am ENE 30.08   42
31   65.3  79.7   3:55pm  54.7  11:59pm    3    3  0.00   0  10  10:06am ESE 29.99   51
---------------------------------------------------------------------------------------
TOT  68.0  94.0  8/16/14  49.3  8/28/14   75  166  1.66   1  22  8/16/14 SSE 30.16   53

HEAT BASE: 65.0
COOL BASE: 65.0