NOAA-Style Climate Reports

Select a Year or Month report
2018: Jan Feb Mar Apr May Jun Jul Aug Sep Oct Nov Dec
2017: Jan Feb Mar Apr May Jun Jul Aug Sep Oct Nov Dec
2016: Jan Feb Mar Apr May Jun Jul Aug Sep Oct Nov Dec
2015: Jan Feb Mar Apr May Jun Jul Aug Sep Oct Nov Dec
2014: Jan Feb Mar Apr May Jun Jul Aug Sep Oct Nov Dec
2013: Jan Feb Mar Apr May Jun Jul Aug Sep Oct Nov Dec
2012: Jan Feb Mar Apr May Jun Jul Aug Sep Oct Nov Dec
2011: Jan Feb Mar Apr May Jun Jul Aug Sep Oct Nov Dec
2010: Jan Feb Mar Apr May Jun Jul Aug Sep Oct Nov Dec
2009: Jan Feb Mar Apr May Jun Jul Aug Sep Oct Nov Dec
2008: Jan Feb Mar Apr May Jun Jul Aug Sep Oct Nov Dec
2007: Jan Feb Mar Apr May Jun Jul Aug Sep Oct Nov Dec
2006: Jan Feb Mar Apr May Jun Jul Aug Sep Oct Nov Dec
2005: Jan Feb Mar Apr May Jun Jul Aug Sep Oct Nov Dec
2004: Jan Feb Mar Apr May Jun Jul Aug Sep Oct Nov Dec
2003: Jan Feb Mar Apr May Jun Jul Aug Sep Oct Nov Dec
2002: Jan Feb Mar Apr May Jun Jul Aug Sep Oct Nov Dec
2001: Jan Feb Mar Apr May Jun Jul Aug Sep Oct Nov Dec
2000: Jan Feb Mar Apr May Jun Jul Aug Sep Oct Nov Dec
1999: Jan Feb Mar Apr May Jun Jul Aug Sep Oct Nov Dec
1998: Jan Feb Mar Apr May Jun Jul Aug Sep Oct Nov Dec
1997: Jan Feb Mar Apr May Jun Jul Aug Sep Oct Nov Dec
1996: Jan Feb Mar Apr May Jun Jul Aug Sep Oct Nov Dec
1995: Jan Feb Mar Apr May Jun Jul Aug Sep Oct Nov Dec
1994: Jan Feb Mar Apr May Jun Jul Aug Sep Oct Nov Dec
1993: Jan Feb Mar Apr May Jun Jul Aug Sep Oct Nov Dec
1992: Jan Feb Mar Apr May Jun Jul Aug Sep Oct Nov Dec
1991: Jan Feb Mar Apr May Jun Jul Aug Sep Oct Nov Dec
1990: Jan Feb Mar Apr May Jun Jul Aug Sep Oct Nov Dec
1989: Jan Feb Mar Apr May Jun Jul Aug Sep Oct Nov Dec
1988: Jan Feb Mar Apr May Jun Jul Aug Sep Oct Nov Dec
1987: Jan Feb Mar Apr May Jun Jul Aug Sep Oct Nov Dec
1986: Jan Feb Mar Apr May Jun Jul Aug Sep Oct Nov Dec

Report for 2014 September
                  MONTHLY CLIMATOLOGICAL SUMMARY FOR 9/2014
                                        HEAT  COOL        
     MEAN                               DEG   DEG       WIND SPEED       DOM MEAN  MEAN
DAY  TEMP  HIGH   TIME     LOW   TIME   DAYS  DAYS RAIN AVG  HI  TIME    DIR BAROM HUM
---------------------------------------------------------------------------------------
1    63.3  82.6   4:04pm  47.3   6:35am    5    4  0.00   0   8  11:39am  SE 30.09   56
2    68.0  90.7   4:02pm  46.1   5:29am    5    8  0.00   1  19   4:35pm SSE 30.10   48
3    75.9 100.8   4:01pm  62.8   4:48am    0   11  0.02   2  20   3:56pm  SE 29.97   35
4    63.9  76.3   4:00pm  53.4  11:47pm    3    2  0.26   0   8  10:05am NNE 30.10   50
5    54.4  64.4   1:58pm  47.3   7:26am   10    0  0.25   1  11  11:28am SSE 30.29   79
6    58.4  71.6   3:59pm  17.3  11:04pm    7    1  0.08   0   0  12:00am   N 30.30   70
7    66.4  79.4  12:09pm  52.6   6:17am    3    4  0.00   0  17  11:36am  SW 30.16   51
8    67.9  80.8   1:08pm  59.0   6:13am    1    4  0.02   0   9  11:58am   E 30.08   48
9    63.4  79.6  11:05am  53.7  11:41pm    4    3  0.18   0   0  12:00am   N 29.98   65
10   57.9  78.5   3:51pm  47.3   6:30am    8    1  0.08   0   0  12:00am   N 30.10   70
11   47.1  57.4  12:00am  36.0  11:53pm   18    0  0.04   0   0  12:00am   N 30.22   79
12   36.8  45.2   4:51pm  30.2   4:31am   27    0  0.00   0   0  12:00am   N 30.36   81
13   56.1  80.3   3:41pm  32.9   5:40am   11    3  0.00   0   0  12:00am   N 30.16   53
14   67.2  91.4   3:39pm  49.0   2:50am    4    6  0.00   0   0  12:00am   N 30.13   38
15   60.2  78.8   3:39pm  46.8   7:03am    6    1  0.00   0   0  12:00am   N 30.27   57
16   68.2  86.9   3:41pm  52.8   1:40am    3    6  0.00   0  13  10:40am  SE 30.18   43
17   71.7  97.7   3:39pm  57.4   6:27am    1    8  0.00   0  19   5:41pm  SE 30.11   35
18   71.9  98.8   3:36pm  57.4   6:15am    2    8  0.00   0  17   4:25pm NNW 30.06   35
19   72.5  99.5   3:41pm  59.7   5:05am    1    8  0.00   0  18   5:20pm SSE 30.05   34
20   65.7  87.1   3:42pm  55.4   7:07am    3    4  0.33   0   0  12:00am   N 30.23   53
21   60.2  74.5   2:28pm  50.2   6:43am    6    1  0.41   0   0  12:00am   N 30.31   68
22   61.0  77.8   3:35pm  52.8  12:36am    5    1  0.04   0   0  12:00am   N 30.19   67
23   64.2  77.6   2:15pm  54.9   6:56am    4    3  0.00   0   0  12:00am   N 30.17   53
24   67.3  94.3   3:41pm  54.9   6:35am    3    5  0.00   0   0  12:00am   N 30.25   43
25   70.0  97.0   3:41pm  55.1   5:48am    2    7  0.00   0  13   5:17pm  SE 30.20   41
26   70.7  95.0   3:36pm  54.9   7:09am    2    7  0.00   0  14  10:41am ESE 30.10   39
27   69.6  95.0   3:44pm  58.5  11:54pm    2    6  0.00   0   0  12:00am   N 30.03   37
28   58.3  69.5   3:02pm  49.3   6:41am    7    0  0.12   0   0  12:00am   N 30.07   64
29   51.4  61.4  10:21am  43.9  11:51pm   13    0  0.70   0   0  12:00am   N 30.01   80
30   52.1  71.6   3:54pm  39.4   5:25am   13    0  0.00   0   0  12:00am   N 29.91   61
---------------------------------------------------------------------------------------
TOT  62.7 100.8   9/3/14  17.3   9/6/14  179  112  2.53   0  20   9/3/14  SE 30.14   55

HEAT BASE: 65.0
COOL BASE: 65.0