NOAA-Style Climate Reports

Select a Year or Month report
2018: Jan Feb Mar Apr May Jun Jul Aug Sep Oct Nov Dec
2017: Jan Feb Mar Apr May Jun Jul Aug Sep Oct Nov Dec
2016: Jan Feb Mar Apr May Jun Jul Aug Sep Oct Nov Dec
2015: Jan Feb Mar Apr May Jun Jul Aug Sep Oct Nov Dec
2014: Jan Feb Mar Apr May Jun Jul Aug Sep Oct Nov Dec
2013: Jan Feb Mar Apr May Jun Jul Aug Sep Oct Nov Dec
2012: Jan Feb Mar Apr May Jun Jul Aug Sep Oct Nov Dec
2011: Jan Feb Mar Apr May Jun Jul Aug Sep Oct Nov Dec
2010: Jan Feb Mar Apr May Jun Jul Aug Sep Oct Nov Dec
2009: Jan Feb Mar Apr May Jun Jul Aug Sep Oct Nov Dec
2008: Jan Feb Mar Apr May Jun Jul Aug Sep Oct Nov Dec
2007: Jan Feb Mar Apr May Jun Jul Aug Sep Oct Nov Dec
2006: Jan Feb Mar Apr May Jun Jul Aug Sep Oct Nov Dec
2005: Jan Feb Mar Apr May Jun Jul Aug Sep Oct Nov Dec
2004: Jan Feb Mar Apr May Jun Jul Aug Sep Oct Nov Dec
2003: Jan Feb Mar Apr May Jun Jul Aug Sep Oct Nov Dec
2002: Jan Feb Mar Apr May Jun Jul Aug Sep Oct Nov Dec
2001: Jan Feb Mar Apr May Jun Jul Aug Sep Oct Nov Dec
2000: Jan Feb Mar Apr May Jun Jul Aug Sep Oct Nov Dec
1999: Jan Feb Mar Apr May Jun Jul Aug Sep Oct Nov Dec
1998: Jan Feb Mar Apr May Jun Jul Aug Sep Oct Nov Dec
1997: Jan Feb Mar Apr May Jun Jul Aug Sep Oct Nov Dec
1996: Jan Feb Mar Apr May Jun Jul Aug Sep Oct Nov Dec
1995: Jan Feb Mar Apr May Jun Jul Aug Sep Oct Nov Dec
1994: Jan Feb Mar Apr May Jun Jul Aug Sep Oct Nov Dec
1993: Jan Feb Mar Apr May Jun Jul Aug Sep Oct Nov Dec
1992: Jan Feb Mar Apr May Jun Jul Aug Sep Oct Nov Dec
1991: Jan Feb Mar Apr May Jun Jul Aug Sep Oct Nov Dec
1990: Jan Feb Mar Apr May Jun Jul Aug Sep Oct Nov Dec
1989: Jan Feb Mar Apr May Jun Jul Aug Sep Oct Nov Dec
1988: Jan Feb Mar Apr May Jun Jul Aug Sep Oct Nov Dec
1987: Jan Feb Mar Apr May Jun Jul Aug Sep Oct Nov Dec
1986: Jan Feb Mar Apr May Jun Jul Aug Sep Oct Nov Dec

Report for 2014 October
                  MONTHLY CLIMATOLOGICAL SUMMARY FOR 10/2014
                                        HEAT  COOL        
     MEAN                               DEG   DEG       WIND SPEED       DOM MEAN  MEAN
DAY  TEMP  HIGH   TIME     LOW   TIME   DAYS  DAYS RAIN AVG  HI  TIME    DIR BAROM HUM
---------------------------------------------------------------------------------------
1    48.5  66.8  12:29pm  38.8  10:35pm   16    0  0.57   0   0  12:00am   N 29.96   63
2    46.9  69.8   3:52pm  34.0   6:05am   17    0  0.04   0   0  12:00am   N 30.12   62
3    44.1  64.3   3:46pm  30.1   7:13am   21    0  0.00   0   0  12:00am   N 30.29   59
4    56.9  77.9   3:49pm  40.2  12:00am    9    2  0.00   0  10  11:43am NNE 30.13   39
5    57.5  77.2   3:49pm  43.9   7:05am    9    1  0.04   0   2   8:48am  NE 30.08   41
6    60.6  76.3   3:51pm  44.1   7:11am    7    2  0.00   0   0  12:00am   N 30.02   37
7    61.6  79.0   4:25pm  51.8   7:05am    5    2  0.00   0   0  12:00am   N 30.09   34
8    59.1  76.3   3:23pm  48.8   5:56am    7    1  0.00   0   0  12:00am   N 30.10   44
9    50.7  61.4   1:33pm  45.2   7:07pm   14    0  0.24   0   0  12:00am   N 30.12   67
10   47.7  60.7   3:43pm  43.0   6:03am   17    0  0.00   0   0  12:00am   N 30.20   78
11   53.9  75.4   3:36pm  39.3   4:21am   12    1  0.00   0   0  12:00am   N 30.05   58
12   47.3  54.1   2:01am  38.4  11:12pm   17    0  0.02   0   0  12:00am   N 29.91   58
13   43.1  61.0   3:24pm  32.9   7:01am   20    0  0.00   0   0  12:00am   N 30.18   60
14   54.2  79.0   3:26pm  41.2  12:00am   12    1  0.00   0   0  12:00am   N 30.17   40
15   61.8  82.6   3:54pm  47.5   6:25am    7    4  0.00   0   0  12:00am   N 30.03   33
16   56.9  73.3   3:31pm  44.4  11:24pm    8    1  0.00   0   0  12:00am   N 30.05   37
17   49.0  67.0   3:27pm  36.4   7:02am   15    0  0.00   0   0  12:00am   N 30.16   54
18   52.7  77.9   3:30pm  38.0   7:43am   13    1  0.00   0   0  12:00am   N 30.13   53
19   56.8  80.8   3:29pm  46.6   5:22am    9    1  0.00   0   0  12:00am   N 30.13   44
20   58.0  82.1   3:44pm  42.8   7:34am    9    2  0.00   0   0  12:00am   N 30.14   45
21   60.2  76.1   2:25pm  51.1   6:33am    6    2  0.00   0   0  12:00am   N 30.03   44
22   55.9  73.3   3:04pm  43.0   5:33am   10    1  0.00   0   0  12:00am   N 30.10   53
23   56.6  84.2   3:43pm  38.9   6:16am   10    2  0.00   0   0  12:00am   N 30.16   44
24   64.9  91.6   4:28pm  53.4   9:28pm    4    4  0.00   0   0  12:00am   N 30.18   27
25   62.8  87.3   3:50pm  50.2   7:32am    6    3  0.00   0   0  12:00am   N 30.16   26
26   62.9  86.6   3:56pm  53.7  11:59pm    5    3  0.00   0   0  12:00am   N 29.90   30
27   39.7  53.7  12:00am  31.5   7:11pm   23    0  0.02   0   0  12:00am   N 29.99   68
28   42.9  72.9   4:10pm  28.6   7:28am   22    0  0.00   0   0  12:00am   N 30.15   51
29   51.7  82.6   4:31pm  32.4   6:34am   14    1  0.00   0   0   4:35am ENE 30.16   32
30   48.0  71.6   3:38pm  34.0   7:19am   17    0  0.00   0   0  12:00am   N 30.31   42
31   44.8  70.7   4:10pm  32.0   7:41am   20    0  0.00   0   0  12:00am   N 30.21   51
---------------------------------------------------------------------------------------
TOT  53.5  91.6 10/24/14  28.6 10/28/14  378   37  0.93   0  10  10/4/14  NE 30.11   48

HEAT BASE: 65.0
COOL BASE: 65.0