NOAA-Style Climate Reports

Select a Year or Month report
2018: Jan Feb Mar Apr May Jun Jul Aug Sep Oct Nov Dec
2017: Jan Feb Mar Apr May Jun Jul Aug Sep Oct Nov Dec
2016: Jan Feb Mar Apr May Jun Jul Aug Sep Oct Nov Dec
2015: Jan Feb Mar Apr May Jun Jul Aug Sep Oct Nov Dec
2014: Jan Feb Mar Apr May Jun Jul Aug Sep Oct Nov Dec
2013: Jan Feb Mar Apr May Jun Jul Aug Sep Oct Nov Dec
2012: Jan Feb Mar Apr May Jun Jul Aug Sep Oct Nov Dec
2011: Jan Feb Mar Apr May Jun Jul Aug Sep Oct Nov Dec
2010: Jan Feb Mar Apr May Jun Jul Aug Sep Oct Nov Dec
2009: Jan Feb Mar Apr May Jun Jul Aug Sep Oct Nov Dec
2008: Jan Feb Mar Apr May Jun Jul Aug Sep Oct Nov Dec
2007: Jan Feb Mar Apr May Jun Jul Aug Sep Oct Nov Dec
2006: Jan Feb Mar Apr May Jun Jul Aug Sep Oct Nov Dec
2005: Jan Feb Mar Apr May Jun Jul Aug Sep Oct Nov Dec
2004: Jan Feb Mar Apr May Jun Jul Aug Sep Oct Nov Dec
2003: Jan Feb Mar Apr May Jun Jul Aug Sep Oct Nov Dec
2002: Jan Feb Mar Apr May Jun Jul Aug Sep Oct Nov Dec
2001: Jan Feb Mar Apr May Jun Jul Aug Sep Oct Nov Dec
2000: Jan Feb Mar Apr May Jun Jul Aug Sep Oct Nov Dec
1999: Jan Feb Mar Apr May Jun Jul Aug Sep Oct Nov Dec
1998: Jan Feb Mar Apr May Jun Jul Aug Sep Oct Nov Dec
1997: Jan Feb Mar Apr May Jun Jul Aug Sep Oct Nov Dec
1996: Jan Feb Mar Apr May Jun Jul Aug Sep Oct Nov Dec
1995: Jan Feb Mar Apr May Jun Jul Aug Sep Oct Nov Dec
1994: Jan Feb Mar Apr May Jun Jul Aug Sep Oct Nov Dec
1993: Jan Feb Mar Apr May Jun Jul Aug Sep Oct Nov Dec
1992: Jan Feb Mar Apr May Jun Jul Aug Sep Oct Nov Dec
1991: Jan Feb Mar Apr May Jun Jul Aug Sep Oct Nov Dec
1990: Jan Feb Mar Apr May Jun Jul Aug Sep Oct Nov Dec
1989: Jan Feb Mar Apr May Jun Jul Aug Sep Oct Nov Dec
1988: Jan Feb Mar Apr May Jun Jul Aug Sep Oct Nov Dec
1987: Jan Feb Mar Apr May Jun Jul Aug Sep Oct Nov Dec
1986: Jan Feb Mar Apr May Jun Jul Aug Sep Oct Nov Dec

Report for 2014 November
                  MONTHLY CLIMATOLOGICAL SUMMARY FOR 11/2014
                                        HEAT  COOL        
     MEAN                               DEG   DEG       WIND SPEED       DOM MEAN  MEAN
DAY  TEMP  HIGH   TIME     LOW   TIME   DAYS  DAYS RAIN AVG  HI  TIME    DIR BAROM HUM
---------------------------------------------------------------------------------------
1    57.5  82.1   4:34pm  36.4  12:03am    8    1  0.00   0   0  12:00am   N 29.95   41
2    52.9  63.7   1:22pm  39.3  11:47pm   12    0  0.00   0   0  12:00am   N 29.88   45
3    35.7  46.4  12:04pm  27.9   9:12pm   24    0  0.19   0   0  12:02am   N 30.08   78
4    41.9  73.6   2:56pm  26.9   3:38am   23    0  0.00   0   0  12:02am   N 30.19   50
5    49.0  74.2   2:31pm  36.2   5:47am   13    0  0.00   0   0  12:00am   N 30.28   39
6    49.6  81.5   2:59pm  32.3   4:38am   16    1  0.00   0   0  12:02am   N 30.28   40
7    52.1  69.1   2:29pm  36.4  11:56pm   13    0  0.16   0  12   2:20pm   E 30.15   38
8    46.7  79.0   2:31pm  31.9   6:58am   18    1  0.06   0   0  12:02am   N 30.21   58
9    55.1  81.0   3:12pm  41.0   4:33am   10    1  0.00   0   0  12:02am   N 29.90   28
10   32.5  64.1  10:09am  12.7  11:49pm   29    0  0.00   1  16  10:19am   E 29.83   53
11   11.7  18.7  10:42am   4.9  10:29pm   52    0  0.00   0   8  12:25pm   E 30.13   68
12    1.9  15.3   3:09pm  -5.7  10:19pm   62    0  0.00   0   8  11:09am   E 30.30   66
13    4.4  30.4   2:27pm -10.3   5:22am   59    0  0.00   0   3   3:34pm NNE 30.14   65
14   22.1  53.8   1:46pm   3.4   1:14am   42    0  0.08   0   5   2:40am NNE 29.88   66
15   15.2  31.2   4:56am   4.2  11:30pm   48    0  0.00   0   8   8:09am   E 29.97   74
16   16.1  43.0   2:34pm  -1.3   5:10am   48    0  0.06   0   8   8:20pm   E 30.08   60
17   24.5  48.4   2:38pm  11.9   4:20am   40    0  0.00   1  12   1:13pm   N 30.13   43
18   35.0  58.3   2:08pm  21.7   2:50am   29    0  0.00   0   8   1:11pm   N 30.08   35
19   36.6  56.3   3:17pm  24.3  11:02pm   27    0  0.00   0   5  11:22am NNE 30.05   41
20   37.0  61.0   1:50pm  21.6   5:31am   27    0  0.00   0   6  12:05pm   N 30.00   46
21   41.5  69.5   2:44pm  26.6   5:55am   23    0  0.00   0   7  11:54pm  NW 29.98   41
22   46.8  71.3   2:34pm  36.0   2:37am   18    0  0.00   1  20   5:13am   W 29.77   33
23   32.6  48.2   2:26pm  21.7  10:32pm   32    0  0.00   1  12   3:54am   E 29.84   57
24   28.0  49.3   1:54pm  18.8   9:54pm   36    0  0.00   1  15  11:35am WNW 30.03   45
25   33.7  46.8  11:40am  20.6   3:49am   31    0  0.00   3  16  11:21am   N 30.02   45
26   32.9  57.2   2:50pm  24.3   5:27am   31    0  0.00   1  14   9:39am   E 30.17   64
27   49.7  66.2  12:29pm  29.9  12:02am   15    0  0.00   1   8   6:46am SSE 30.17   33
28   51.4  71.8  12:54pm  38.5   6:31am   14    1  0.00   1   8  11:35am   S 29.95   27
29   53.9  81.7   2:28pm  43.9   1:05am   12    1  0.00   3  13   6:41am   W 29.77   19
30   32.3  55.6  10:07am  14.9   5:50pm   32    0  0.00   1  10  11:22am   W 30.01   49
---------------------------------------------------------------------------------------
TOT  35.8  82.1  11/1/14 -10.3 11/13/14  842    7  0.55   1  20 11/22/14   E 30.04   48

HEAT BASE: 65.0
COOL BASE: 65.0