NOAA-Style Climate Reports

Select a Year or Month report
2018: Jan Feb Mar Apr May Jun Jul Aug Sep Oct Nov Dec
2017: Jan Feb Mar Apr May Jun Jul Aug Sep Oct Nov Dec
2016: Jan Feb Mar Apr May Jun Jul Aug Sep Oct Nov Dec
2015: Jan Feb Mar Apr May Jun Jul Aug Sep Oct Nov Dec
2014: Jan Feb Mar Apr May Jun Jul Aug Sep Oct Nov Dec
2013: Jan Feb Mar Apr May Jun Jul Aug Sep Oct Nov Dec
2012: Jan Feb Mar Apr May Jun Jul Aug Sep Oct Nov Dec
2011: Jan Feb Mar Apr May Jun Jul Aug Sep Oct Nov Dec
2010: Jan Feb Mar Apr May Jun Jul Aug Sep Oct Nov Dec
2009: Jan Feb Mar Apr May Jun Jul Aug Sep Oct Nov Dec
2008: Jan Feb Mar Apr May Jun Jul Aug Sep Oct Nov Dec
2007: Jan Feb Mar Apr May Jun Jul Aug Sep Oct Nov Dec
2006: Jan Feb Mar Apr May Jun Jul Aug Sep Oct Nov Dec
2005: Jan Feb Mar Apr May Jun Jul Aug Sep Oct Nov Dec
2004: Jan Feb Mar Apr May Jun Jul Aug Sep Oct Nov Dec
2003: Jan Feb Mar Apr May Jun Jul Aug Sep Oct Nov Dec
2002: Jan Feb Mar Apr May Jun Jul Aug Sep Oct Nov Dec
2001: Jan Feb Mar Apr May Jun Jul Aug Sep Oct Nov Dec
2000: Jan Feb Mar Apr May Jun Jul Aug Sep Oct Nov Dec
1999: Jan Feb Mar Apr May Jun Jul Aug Sep Oct Nov Dec
1998: Jan Feb Mar Apr May Jun Jul Aug Sep Oct Nov Dec
1997: Jan Feb Mar Apr May Jun Jul Aug Sep Oct Nov Dec
1996: Jan Feb Mar Apr May Jun Jul Aug Sep Oct Nov Dec
1995: Jan Feb Mar Apr May Jun Jul Aug Sep Oct Nov Dec
1994: Jan Feb Mar Apr May Jun Jul Aug Sep Oct Nov Dec
1993: Jan Feb Mar Apr May Jun Jul Aug Sep Oct Nov Dec
1992: Jan Feb Mar Apr May Jun Jul Aug Sep Oct Nov Dec
1991: Jan Feb Mar Apr May Jun Jul Aug Sep Oct Nov Dec
1990: Jan Feb Mar Apr May Jun Jul Aug Sep Oct Nov Dec
1989: Jan Feb Mar Apr May Jun Jul Aug Sep Oct Nov Dec
1988: Jan Feb Mar Apr May Jun Jul Aug Sep Oct Nov Dec
1987: Jan Feb Mar Apr May Jun Jul Aug Sep Oct Nov Dec
1986: Jan Feb Mar Apr May Jun Jul Aug Sep Oct Nov Dec

Report for 2014 December
                  MONTHLY CLIMATOLOGICAL SUMMARY FOR 12/2014
                                        HEAT  COOL        
     MEAN                               DEG   DEG       WIND SPEED       DOM MEAN  MEAN
DAY  TEMP  HIGH   TIME     LOW   TIME   DAYS  DAYS RAIN AVG  HI  TIME    DIR BAROM HUM
---------------------------------------------------------------------------------------
1    27.0  55.6   3:08pm  14.9   7:19am   37    0  0.00   0   7   3:43am   E 30.17   64
2    43.6  74.9   2:39pm  28.4   5:41am   21    1  0.00   0  27   4:27pm   E 30.02   34
3    33.5  54.5   2:56pm  26.4   3:55am   31    0  0.00   0  10  11:35am   N 30.06   57
4    42.0  56.3   1:27pm -22.3   1:25am   22    0  0.00   0   5   3:45am SSE 29.99   46
5    42.7  66.4   3:04pm  32.7   3:14am   22    0  0.00   1  13   7:57pm   W 30.19   49
6    38.9  50.2  12:24pm -23.4   3:55pm   25    0  0.00   1   7   1:26am   S 30.26   55
7    44.9  71.6   2:43pm  35.2   9:31pm   20    0  0.00   1   6   2:23pm   W 30.23   40
8    36.8  54.2   2:07pm  28.1   6:54am   28    0  0.00   0   7   4:07am   N 30.27   46
9    36.3  53.8   1:25pm  25.1   5:17am   28    0  0.00   0   5  10:23am   W 30.19   45
10   45.2  73.6   2:33pm  30.0   1:40am   20    0  0.00   1   8  10:23am   W 30.13   26
11   45.4  80.6   2:36pm  29.3   4:31am   20    1  0.00   0   6   9:30am   W 30.08   30
12   47.5  80.3   2:33pm  36.9  10:04pm   18    1  0.00   1   8   7:36am   W 30.05   29
13   44.7  68.9   2:26pm  32.0  10:58pm   20    0  0.00   1   7  10:44am   W 29.87   35
14   30.6  35.1  12:02am  26.8  10:50pm   34    0  0.00   0   6   8:06am   E 29.83   72
15   28.9  49.7   2:37pm  21.2  10:13pm   35    0  0.19   0   5   4:22pm   E 30.03   73
16   23.4  49.9   2:41pm  14.6   6:49am   38    0  0.00   0   8  12:02am SSE 30.08   70
17   31.8  52.2   2:37pm  21.3  12:17am   32    0  0.00   0   2  12:25pm   W 29.97   63
18   32.3  58.7   2:38pm  21.4   7:33am   32    0  0.00   0   3   1:22pm   E 30.03   69
19   32.0  58.7   2:36pm  20.0   5:53am   32    0  0.00   0   4   2:38pm SSE 30.05   55
20   38.8  63.4   2:45pm  27.1  11:49pm   25    0  0.00   0   5  12:20pm   E 29.99   44
21   37.1  48.2   1:07pm  26.5  12:40am   27    0  0.12   0   8  10:47pm NNW 29.75   54
22   27.6  35.3  11:58am  19.0  10:30pm   36    0  0.00   0  10   1:21pm ESE 29.80   82
23   24.3  40.3   2:44pm  14.4   9:11pm   39    0  0.02   1   8   3:52pm ESE 30.06   59
24   34.3  57.2  12:51pm  16.0  12:00am   30    0  0.00   0   6  10:08pm   W 29.81   42
25   32.5  43.4  10:58am  18.2  11:59pm   32    0  0.00   0  10  12:36pm NNE 29.64   58
26   16.2  26.3  12:07pm   8.7  11:58pm   45    0  0.00   0   9  12:02am  NE 29.95   74
27   17.1  46.3   2:45pm   3.7   2:52am   45    0  0.02   0   8  12:51pm  SE 30.07   63
28   24.3  54.2   2:13pm  10.8   7:29am   39    0  0.02   0   7  10:20am   E 29.92   51
29   12.1  20.2   1:38am   0.4  11:54pm   50    0  0.00   0  10   6:29am NNE 30.13   69
30   -2.7  10.4   2:10pm -12.5  11:40pm   62    0  0.00   0   4   4:43am ENE 30.34   67
31   11.9  45.5   2:58pm -12.8  12:08am   51    0  0.04   1   7   9:04am   E 30.16   53
---------------------------------------------------------------------------------------
TOT  31.8  80.6 12/11/14 -23.4  12/6/14  999    3  0.41   0  27  12/2/14   W 30.04   54

HEAT BASE: 65.0
COOL BASE: 65.0