NOAA-Style Climate Reports

Select a Year or Month report
2018: Jan Feb Mar Apr May Jun Jul Aug Sep Oct Nov Dec
2017: Jan Feb Mar Apr May Jun Jul Aug Sep Oct Nov Dec
2016: Jan Feb Mar Apr May Jun Jul Aug Sep Oct Nov Dec
2015: Jan Feb Mar Apr May Jun Jul Aug Sep Oct Nov Dec
2014: Jan Feb Mar Apr May Jun Jul Aug Sep Oct Nov Dec
2013: Jan Feb Mar Apr May Jun Jul Aug Sep Oct Nov Dec
2012: Jan Feb Mar Apr May Jun Jul Aug Sep Oct Nov Dec
2011: Jan Feb Mar Apr May Jun Jul Aug Sep Oct Nov Dec
2010: Jan Feb Mar Apr May Jun Jul Aug Sep Oct Nov Dec
2009: Jan Feb Mar Apr May Jun Jul Aug Sep Oct Nov Dec
2008: Jan Feb Mar Apr May Jun Jul Aug Sep Oct Nov Dec
2007: Jan Feb Mar Apr May Jun Jul Aug Sep Oct Nov Dec
2006: Jan Feb Mar Apr May Jun Jul Aug Sep Oct Nov Dec
2005: Jan Feb Mar Apr May Jun Jul Aug Sep Oct Nov Dec
2004: Jan Feb Mar Apr May Jun Jul Aug Sep Oct Nov Dec
2003: Jan Feb Mar Apr May Jun Jul Aug Sep Oct Nov Dec
2002: Jan Feb Mar Apr May Jun Jul Aug Sep Oct Nov Dec
2001: Jan Feb Mar Apr May Jun Jul Aug Sep Oct Nov Dec
2000: Jan Feb Mar Apr May Jun Jul Aug Sep Oct Nov Dec
1999: Jan Feb Mar Apr May Jun Jul Aug Sep Oct Nov Dec
1998: Jan Feb Mar Apr May Jun Jul Aug Sep Oct Nov Dec
1997: Jan Feb Mar Apr May Jun Jul Aug Sep Oct Nov Dec
1996: Jan Feb Mar Apr May Jun Jul Aug Sep Oct Nov Dec
1995: Jan Feb Mar Apr May Jun Jul Aug Sep Oct Nov Dec
1994: Jan Feb Mar Apr May Jun Jul Aug Sep Oct Nov Dec
1993: Jan Feb Mar Apr May Jun Jul Aug Sep Oct Nov Dec
1992: Jan Feb Mar Apr May Jun Jul Aug Sep Oct Nov Dec
1991: Jan Feb Mar Apr May Jun Jul Aug Sep Oct Nov Dec
1990: Jan Feb Mar Apr May Jun Jul Aug Sep Oct Nov Dec
1989: Jan Feb Mar Apr May Jun Jul Aug Sep Oct Nov Dec
1988: Jan Feb Mar Apr May Jun Jul Aug Sep Oct Nov Dec
1987: Jan Feb Mar Apr May Jun Jul Aug Sep Oct Nov Dec
1986: Jan Feb Mar Apr May Jun Jul Aug Sep Oct Nov Dec

Report for 2015 January
                  MONTHLY CLIMATOLOGICAL SUMMARY FOR 1/2015
                                        HEAT  COOL        
     MEAN                               DEG   DEG       WIND SPEED       DOM MEAN  MEAN
DAY  TEMP  HIGH   TIME     LOW   TIME   DAYS  DAYS RAIN AVG  HI  TIME    DIR BAROM HUM
---------------------------------------------------------------------------------------
1    15.7  29.3  12:06pm   4.1   4:31am   48    0  0.00   0   1   6:57am NNW 30.01   65
2    25.3  55.6   2:51pm  14.2   5:52am   38    0  0.04   1   6  10:00am SSE 29.95   64
3    19.3  37.1  11:14am   1.2  11:11pm   45    0  0.00   1   9  11:42am   E 29.95   67
4    19.9  54.7   2:49pm  -0.4   2:29am   44    0  0.04   0  11   7:15pm SSE 30.15   63
5    37.5  57.2   2:08pm   8.4   1:59am   26    0  0.00   0   8   1:54pm   N 30.09   55
6    42.0  65.7   1:34pm  25.2   7:17am   22    0  0.00   0   9  11:05pm   N 30.29   59
7    22.5  43.6  11:56pm  13.3   7:46am   41    0  0.00   0   7   1:12am   E 30.45   72
8    40.4  56.3   3:24pm  19.3  11:52pm   23    0  0.00   3  13   9:53am   E 30.14   50
9    22.5  46.8   2:23pm  13.7   7:06am   40    0  0.00   0  10  12:48am  SE 30.19   75
10   44.3  68.9   3:13pm  18.0  12:03am   16    0  0.00   0   8   7:13pm   E 29.96   46
11   35.0  48.4   1:08pm  27.0   2:21am   28    0  0.00   0  11   8:57pm   E 30.04   63
12   25.9  31.3  12:20pm  22.0   7:54pm   34    0  0.00   0   6   3:24pm   N 30.23   79
13   26.9  36.5  11:58am  21.8   6:41am   37    0  0.00   0   5  11:58am NNE 30.17   78
14   30.0  57.8   3:01pm  16.2   6:59am   34    0  0.00   0   4  10:38am SSE 30.16   68
15   40.3  68.9   3:13pm  24.3   7:35am   23    0  0.00   0   8   2:30pm SSE 30.21   38
16   45.5  63.2   3:34pm  37.8  11:59pm   19    0  0.00   0   7   9:32am   S 30.01   26
17   41.0  56.7   2:07pm  30.4   7:01am   23    0  0.00   1  14   4:42am NNW 30.13   31
18
19
20   29.1  29.5   9:54pm  28.5   9:00pm    4    0  0.00   1   7   9:52pm   E 29.27   58
21   24.1  34.0   2:28pm  15.7  11:58pm   40    0  0.00   0   5   2:31am   E 30.20   72
22   24.3  57.1   2:58pm  11.0   5:22am   39    0  0.04   0   7   9:26am   E 30.21   54
23   34.4  59.2   2:41pm  23.3   5:05am   30    0  0.00   0   7   1:26pm   E 30.19   43
24   39.4  52.2   1:53pm  29.2  12:03am   25    0  0.00   1   8   2:19am   W 30.09   43
25   41.8  70.9   3:15pm  27.0   3:14am   23    0  0.00   1  13  12:51pm   N 30.15   51
26   52.6  83.0   3:10pm  37.6  12:46am   14    2  0.00   1   8   7:36pm   W 30.22   35
27   55.7  90.4   3:10pm  40.4  11:33pm   12    3  0.00   1  11   3:44am   W 30.12   31
28   46.0  69.8   3:06pm  31.6  10:32pm   19    0  0.00   1  14  12:47pm   N 30.11   42
29   38.3  55.1   3:07pm  32.4   6:40am   26    0  0.00   2  13   9:39pm   E 30.36   57
30   38.4  50.6   1:49pm  29.9   6:32am   26    0  0.02   0   6  12:52am NNE 30.14   55
31   32.1  42.3  12:00pm  24.4   9:26pm   31    0  0.00   0  10  11:43pm NNE 29.92   67
---------------------------------------------------------------------------------------
TOT  34.5  90.4  1/27/15  -0.4   1/4/15  829    5  0.06   1  19  1/18/15   E 30.13   55

HEAT BASE: 65.0
COOL BASE: 65.0