NOAA-Style Climate Reports

Select a Year or Month report
2018: Jan Feb Mar Apr May Jun Jul Aug Sep Oct Nov Dec
2017: Jan Feb Mar Apr May Jun Jul Aug Sep Oct Nov Dec
2016: Jan Feb Mar Apr May Jun Jul Aug Sep Oct Nov Dec
2015: Jan Feb Mar Apr May Jun Jul Aug Sep Oct Nov Dec
2014: Jan Feb Mar Apr May Jun Jul Aug Sep Oct Nov Dec
2013: Jan Feb Mar Apr May Jun Jul Aug Sep Oct Nov Dec
2012: Jan Feb Mar Apr May Jun Jul Aug Sep Oct Nov Dec
2011: Jan Feb Mar Apr May Jun Jul Aug Sep Oct Nov Dec
2010: Jan Feb Mar Apr May Jun Jul Aug Sep Oct Nov Dec
2009: Jan Feb Mar Apr May Jun Jul Aug Sep Oct Nov Dec
2008: Jan Feb Mar Apr May Jun Jul Aug Sep Oct Nov Dec
2007: Jan Feb Mar Apr May Jun Jul Aug Sep Oct Nov Dec
2006: Jan Feb Mar Apr May Jun Jul Aug Sep Oct Nov Dec
2005: Jan Feb Mar Apr May Jun Jul Aug Sep Oct Nov Dec
2004: Jan Feb Mar Apr May Jun Jul Aug Sep Oct Nov Dec
2003: Jan Feb Mar Apr May Jun Jul Aug Sep Oct Nov Dec
2002: Jan Feb Mar Apr May Jun Jul Aug Sep Oct Nov Dec
2001: Jan Feb Mar Apr May Jun Jul Aug Sep Oct Nov Dec
2000: Jan Feb Mar Apr May Jun Jul Aug Sep Oct Nov Dec
1999: Jan Feb Mar Apr May Jun Jul Aug Sep Oct Nov Dec
1998: Jan Feb Mar Apr May Jun Jul Aug Sep Oct Nov Dec
1997: Jan Feb Mar Apr May Jun Jul Aug Sep Oct Nov Dec
1996: Jan Feb Mar Apr May Jun Jul Aug Sep Oct Nov Dec
1995: Jan Feb Mar Apr May Jun Jul Aug Sep Oct Nov Dec
1994: Jan Feb Mar Apr May Jun Jul Aug Sep Oct Nov Dec
1993: Jan Feb Mar Apr May Jun Jul Aug Sep Oct Nov Dec
1992: Jan Feb Mar Apr May Jun Jul Aug Sep Oct Nov Dec
1991: Jan Feb Mar Apr May Jun Jul Aug Sep Oct Nov Dec
1990: Jan Feb Mar Apr May Jun Jul Aug Sep Oct Nov Dec
1989: Jan Feb Mar Apr May Jun Jul Aug Sep Oct Nov Dec
1988: Jan Feb Mar Apr May Jun Jul Aug Sep Oct Nov Dec
1987: Jan Feb Mar Apr May Jun Jul Aug Sep Oct Nov Dec
1986: Jan Feb Mar Apr May Jun Jul Aug Sep Oct Nov Dec

Report for 2015 February
                  MONTHLY CLIMATOLOGICAL SUMMARY FOR 2/2015
                                        HEAT  COOL        
     MEAN                               DEG   DEG       WIND SPEED       DOM MEAN  MEAN
DAY  TEMP  HIGH   TIME     LOW   TIME   DAYS  DAYS RAIN AVG  HI  TIME    DIR BAROM HUM
---------------------------------------------------------------------------------------
1    22.0  34.0  12:25pm  14.8   6:51pm   42    0  0.00   0   7   9:44pm SSE 30.09   73
2    36.0  62.6   3:28pm -22.7   9:57pm   28    0  0.04   0  11   2:50pm   N 30.00   54
3    45.8  72.9   3:10pm  34.9  11:58pm   18    0  0.00   1   8  12:14pm   E 29.97   41
4    28.0  37.6   1:00am  20.4  10:34pm   35    0  0.00   1   9  12:17pm   E 30.11   66
5    45.9  77.4   3:03pm  22.0  12:02am   19    0  0.00   1   6  11:45pm   S 30.10   43
6    58.0  85.9   3:33pm  44.8   7:36am    9    2  0.00   2  12   3:58am WSW 30.06   20
7    55.9  86.0   3:01pm  39.4   7:11am   11    2  0.00   1  21   5:43pm NNW 29.95   23
8    52.6  77.0   2:52pm  38.3   5:36am   12    1  0.00   1  11   2:00pm   N 30.11   30
9    51.0  85.0   3:26pm  32.2   6:31am   15    2  0.00   0  11   1:03am SSE 30.07   34
10   46.0  65.3   1:55pm  31.5   7:09am   18    0  0.00   1  19   3:53pm   E 30.07   41
11   36.7  61.4   3:28pm  29.8   9:32pm   27    0  0.23   0  13  12:25am   E 30.32   65
12   43.4  72.7   2:59pm  26.6   6:49am   21    0  0.00   0   8   1:49pm   S 30.21   46
13   49.2  77.9   3:10pm  37.1   5:26am   16    1  0.00   0   8  11:49am   E 30.23   40
14   50.8  66.4   2:42pm  39.6   7:15am   14    0  0.00   0   3  11:59pm   S 30.11   32
15   30.5  43.0  12:02am  25.7   7:20am   33    0  0.00   0   9  11:33am   N 30.08   71
16   25.4  34.0   2:04pm  17.7  11:58pm   36    0  0.02   0   0  12:03am   N 30.10   77
17   23.9  50.9   3:17pm  11.9   6:10am   40    0  0.16   0   7  11:49am   E 30.07   62
18   31.9  62.5   3:35pm  11.7   5:37am   33    0  0.00   0   8  12:54pm   E 30.09   54
19   48.0  79.0   3:27pm  32.1  12:00am   17    1  0.00   0   8   8:01am   W 29.98   35
20   38.7  54.5  11:05am  25.9   6:59am   26    0  0.00   0   7   9:55am   E 29.88   52
21   25.3  33.8  10:35am  12.3  11:39pm   39    0  0.02   1  14   5:26pm   E 30.01   79
22   11.2  18.2   9:34am   6.6   8:10pm   53    0  0.00   1  10  10:02am   E 30.25   76
23   17.2  43.4   3:26pm   2.7   6:29am   47    0  0.06   0   3   2:29pm   N 30.17   64
24   32.6  65.9   3:25pm  17.8   7:21am   31    0  0.04   1   8   5:45am   S 30.03   47
25   31.1  47.0  10:26am  15.7  11:58pm   33    0  0.02   1   9  11:30am   E 29.96   64
26   13.6  25.4  11:57am   3.8   6:25am   50    0  0.00   0   0  12:02am   N 30.10   74
27   13.5  40.7   3:31pm  -1.3   5:55am   50    0  0.04   0   2   3:11pm   N 29.95   63
28   16.0  41.9   3:23pm   0.2   6:24am   48    0  0.00   0   5   2:37pm   N 29.94   65
---------------------------------------------------------------------------------------
TOT  35.0  86.0   2/7/15 -22.7   2/2/15  821   10  0.63   0  21   2/7/15   E 30.07   53

HEAT BASE: 65.0
COOL BASE: 65.0