NOAA-Style Climate Reports

Select a Year or Month report
2018: Jan Feb Mar Apr May Jun Jul Aug Sep Oct Nov Dec
2017: Jan Feb Mar Apr May Jun Jul Aug Sep Oct Nov Dec
2016: Jan Feb Mar Apr May Jun Jul Aug Sep Oct Nov Dec
2015: Jan Feb Mar Apr May Jun Jul Aug Sep Oct Nov Dec
2014: Jan Feb Mar Apr May Jun Jul Aug Sep Oct Nov Dec
2013: Jan Feb Mar Apr May Jun Jul Aug Sep Oct Nov Dec
2012: Jan Feb Mar Apr May Jun Jul Aug Sep Oct Nov Dec
2011: Jan Feb Mar Apr May Jun Jul Aug Sep Oct Nov Dec
2010: Jan Feb Mar Apr May Jun Jul Aug Sep Oct Nov Dec
2009: Jan Feb Mar Apr May Jun Jul Aug Sep Oct Nov Dec
2008: Jan Feb Mar Apr May Jun Jul Aug Sep Oct Nov Dec
2007: Jan Feb Mar Apr May Jun Jul Aug Sep Oct Nov Dec
2006: Jan Feb Mar Apr May Jun Jul Aug Sep Oct Nov Dec
2005: Jan Feb Mar Apr May Jun Jul Aug Sep Oct Nov Dec
2004: Jan Feb Mar Apr May Jun Jul Aug Sep Oct Nov Dec
2003: Jan Feb Mar Apr May Jun Jul Aug Sep Oct Nov Dec
2002: Jan Feb Mar Apr May Jun Jul Aug Sep Oct Nov Dec
2001: Jan Feb Mar Apr May Jun Jul Aug Sep Oct Nov Dec
2000: Jan Feb Mar Apr May Jun Jul Aug Sep Oct Nov Dec
1999: Jan Feb Mar Apr May Jun Jul Aug Sep Oct Nov Dec
1998: Jan Feb Mar Apr May Jun Jul Aug Sep Oct Nov Dec
1997: Jan Feb Mar Apr May Jun Jul Aug Sep Oct Nov Dec
1996: Jan Feb Mar Apr May Jun Jul Aug Sep Oct Nov Dec
1995: Jan Feb Mar Apr May Jun Jul Aug Sep Oct Nov Dec
1994: Jan Feb Mar Apr May Jun Jul Aug Sep Oct Nov Dec
1993: Jan Feb Mar Apr May Jun Jul Aug Sep Oct Nov Dec
1992: Jan Feb Mar Apr May Jun Jul Aug Sep Oct Nov Dec
1991: Jan Feb Mar Apr May Jun Jul Aug Sep Oct Nov Dec
1990: Jan Feb Mar Apr May Jun Jul Aug Sep Oct Nov Dec
1989: Jan Feb Mar Apr May Jun Jul Aug Sep Oct Nov Dec
1988: Jan Feb Mar Apr May Jun Jul Aug Sep Oct Nov Dec
1987: Jan Feb Mar Apr May Jun Jul Aug Sep Oct Nov Dec
1986: Jan Feb Mar Apr May Jun Jul Aug Sep Oct Nov Dec

Report for 2015 March
                  MONTHLY CLIMATOLOGICAL SUMMARY FOR 3/2015
                                        HEAT  COOL        
     MEAN                               DEG   DEG       WIND SPEED       DOM MEAN  MEAN
DAY  TEMP  HIGH   TIME     LOW   TIME   DAYS  DAYS RAIN AVG  HI  TIME    DIR BAROM HUM
---------------------------------------------------------------------------------------
1    20.6  41.6   2:48pm   6.5   4:14am   43    0  0.02   0   4   2:48pm   E 30.14   68
2    29.3  56.5   3:51pm  10.4   6:13am   35    0  0.04   0   6   9:12pm   N 29.85   65
3    24.0  42.7  12:19am  16.5  11:47pm   40    0  0.00   1  12   7:05am   E 29.83   65
4    15.4  34.0   2:58pm   7.2   8:25pm   48    0  0.02   0   7  12:26pm   E 30.09   65
5    32.1  61.4   3:47pm  11.2  12:02am   32    0  0.00   0   7   4:57am SSW 30.17   43
6    41.4  71.5   3:03pm  27.0  12:19am   23    0  0.00   0  10  12:48pm   E 30.23   36
7    42.9  72.5   4:23pm  30.1  12:13am   21    0  0.00   1  13   1:23pm SSE 30.19   42
8    40.8  66.1   3:37pm  27.5   7:56am   22    0  0.00   0   9   9:19pm   E 30.12   52
9    45.4  77.2   3:52pm  25.7   7:23am   20    1  0.00   0   8   1:24pm   E 30.03   45
10   47.6  78.3   5:17pm  30.6   2:42am   18    1  0.00   0   8  11:01am   E 30.11   38
11   51.1  72.2   3:19pm  35.8   7:03am   14    1  0.00   1   9   3:28pm   S 30.18   32
12   51.2  74.9   3:32pm  41.0   7:33am   14    0  0.00   0  15   1:09pm   E 30.17   33
13   46.7  62.3   2:52pm  39.1   3:42am   18    0  0.00   0   8   2:26pm NNE 30.35   55
14   50.9  85.1   4:16pm  29.7   7:23am   16    2  0.00   1  10   8:45pm   S 30.28   41
15   62.8  95.6   4:18pm  46.1   2:21am    7    5  0.00   1  13   1:10pm   S 30.17   22
16   63.2  90.9   4:18pm  44.1  11:56pm    7    5  0.07   2  18   6:02pm   E 30.12   26
17   46.9  67.5   4:16pm  36.0  11:58pm   17    0  0.00   3  17  11:51am SSE 30.21   58
18   48.5  71.1   3:00pm  31.6   3:55am   16    0  0.06   1   9  12:56pm   E 29.99   59
19   38.0  49.0   5:50pm  32.0   8:48am   26    0  0.43   0   7   5:52am NNE 30.13   80
20   49.1  86.0   4:25pm  33.3   7:24am   17    2  0.00   0   6   4:55pm   E 30.17   45
21   54.6  83.2   4:12pm  36.0  12:14am   12    2  0.00   0  10   4:02pm   W 30.09   30
22   56.7  86.8   3:46pm  43.6   5:54am    9    1  0.00   0  11   7:48pm   E 30.08   28
23   53.7  81.7   3:58pm  41.0   3:14am   12    2  0.00   2  39   2:24pm   S 29.97   38
24   51.0  80.8   4:04pm  32.2   6:50am   15    1  0.00   1  12  11:24am   W 29.95   36
25   36.8  50.9   3:24pm  29.8   8:21pm   28    0  0.24   1  12   1:46am   E 30.13   63
26   46.0  72.0   4:09pm  29.0   6:51am   19    0  0.00   0  10   2:25pm   N 30.17   44
27   55.1  83.0   4:09pm  34.4   5:30am   11    2  0.00   1   7   1:38pm   W 30.15   41
28   63.0  94.1   4:25pm  47.7   4:14am    7    5  0.00   0  10   5:08pm WSW 30.07   29
29   53.3  75.6   5:27pm  38.2   7:24am   12    1  0.00   1  16   8:50pm   E 30.19   34
30   58.1  87.1   3:55pm  40.0   2:37am   10    3  0.00   0   7   4:48pm   N 30.13   28
31   63.1  88.0   4:01pm  44.7  12:05am    6    4  0.00   0   9  11:43am SSE 30.01   23
---------------------------------------------------------------------------------------
TOT  46.4  95.6  3/15/15   6.5   3/1/15  596   39  0.88   1  39  3/23/15   E 30.11   44

HEAT BASE: 65.0
COOL BASE: 65.0