NOAA-Style Climate Reports

Select a Year or Month report
2018: Jan Feb Mar Apr May Jun Jul Aug Sep Oct Nov Dec
2017: Jan Feb Mar Apr May Jun Jul Aug Sep Oct Nov Dec
2016: Jan Feb Mar Apr May Jun Jul Aug Sep Oct Nov Dec
2015: Jan Feb Mar Apr May Jun Jul Aug Sep Oct Nov Dec
2014: Jan Feb Mar Apr May Jun Jul Aug Sep Oct Nov Dec
2013: Jan Feb Mar Apr May Jun Jul Aug Sep Oct Nov Dec
2012: Jan Feb Mar Apr May Jun Jul Aug Sep Oct Nov Dec
2011: Jan Feb Mar Apr May Jun Jul Aug Sep Oct Nov Dec
2010: Jan Feb Mar Apr May Jun Jul Aug Sep Oct Nov Dec
2009: Jan Feb Mar Apr May Jun Jul Aug Sep Oct Nov Dec
2008: Jan Feb Mar Apr May Jun Jul Aug Sep Oct Nov Dec
2007: Jan Feb Mar Apr May Jun Jul Aug Sep Oct Nov Dec
2006: Jan Feb Mar Apr May Jun Jul Aug Sep Oct Nov Dec
2005: Jan Feb Mar Apr May Jun Jul Aug Sep Oct Nov Dec
2004: Jan Feb Mar Apr May Jun Jul Aug Sep Oct Nov Dec
2003: Jan Feb Mar Apr May Jun Jul Aug Sep Oct Nov Dec
2002: Jan Feb Mar Apr May Jun Jul Aug Sep Oct Nov Dec
2001: Jan Feb Mar Apr May Jun Jul Aug Sep Oct Nov Dec
2000: Jan Feb Mar Apr May Jun Jul Aug Sep Oct Nov Dec
1999: Jan Feb Mar Apr May Jun Jul Aug Sep Oct Nov Dec
1998: Jan Feb Mar Apr May Jun Jul Aug Sep Oct Nov Dec
1997: Jan Feb Mar Apr May Jun Jul Aug Sep Oct Nov Dec
1996: Jan Feb Mar Apr May Jun Jul Aug Sep Oct Nov Dec
1995: Jan Feb Mar Apr May Jun Jul Aug Sep Oct Nov Dec
1994: Jan Feb Mar Apr May Jun Jul Aug Sep Oct Nov Dec
1993: Jan Feb Mar Apr May Jun Jul Aug Sep Oct Nov Dec
1992: Jan Feb Mar Apr May Jun Jul Aug Sep Oct Nov Dec
1991: Jan Feb Mar Apr May Jun Jul Aug Sep Oct Nov Dec
1990: Jan Feb Mar Apr May Jun Jul Aug Sep Oct Nov Dec
1989: Jan Feb Mar Apr May Jun Jul Aug Sep Oct Nov Dec
1988: Jan Feb Mar Apr May Jun Jul Aug Sep Oct Nov Dec
1987: Jan Feb Mar Apr May Jun Jul Aug Sep Oct Nov Dec
1986: Jan Feb Mar Apr May Jun Jul Aug Sep Oct Nov Dec

Report for 2015 April
                  MONTHLY CLIMATOLOGICAL SUMMARY FOR 4/2015
                                        HEAT  COOL        
     MEAN                               DEG   DEG       WIND SPEED       DOM MEAN  MEAN
DAY  TEMP  HIGH   TIME     LOW   TIME   DAYS  DAYS RAIN AVG  HI  TIME    DIR BAROM HUM
---------------------------------------------------------------------------------------
1    56.8  73.3  10:53am  41.4  11:58pm    9    1  0.00   1  13  10:22pm  SE 29.84   34
2    36.5  54.9  11:58am  27.8  11:17pm   28    0  0.00   1  13  11:41am SSE 29.98   69
3    37.6  63.5   4:08pm  25.6   6:27am   26    0  0.08   1  11   6:52pm   E 30.23   57
4    48.6  78.8   4:14pm  24.8   6:53am   17    1  0.27   1  56  12:17am   E 30.05   38
5    55.9  91.1   4:18pm  31.8   4:41am   12    4  0.00   0  10   2:24pm SSE 29.82   27
6    60.9  87.8   3:58pm  44.8   2:30am    8    4  0.00   1  13   6:00pm WNW 29.80   21
7    51.5  77.0   4:58pm  35.1   4:49am   14    1  0.00   1  15   7:05pm   E 29.91   55
8    48.9  68.0   1:57pm  34.9  11:57pm   16    0  0.16   1  14   2:27pm   N 29.78   63
9    39.7  63.9   4:18pm  29.9   6:22am   25    0  0.00   1   9  11:30pm   E 30.05   66
10   48.0  69.8   2:37pm  29.9   6:49am   17    0  0.00   2  11   4:37pm   S 30.08   48
11
12
13   52.7  66.8   6:13pm  46.7  11:45pm    3    0  0.00   5  17   6:22pm SSW 30.15   30
14   58.8  84.4   3:32pm  41.2   6:59am    9    3  0.04   3  17   4:00pm SSE 29.97   27
15   52.9  75.4   3:11pm  36.3   9:24pm   12    1  0.00   1  14  12:36am   N 29.82   40
16   32.5  36.6  12:00am  29.9   6:45am   31    0  0.12   0   6   2:29pm   N 30.10   77
17   40.3  65.2   4:18pm  30.2   5:24am   24    0  0.37   0   6   9:26pm NNE 30.03   74
18   41.7  66.4   4:02pm  32.9   5:41am   22    0  0.00   0   6   4:02pm   E 29.97   69
19   39.9  55.1   4:35pm  31.9   7:14am   25    0  0.10   1  17   1:51am ENE 30.09   61
20   43.2  66.2   3:40pm  29.4   1:40am   21    0  0.00   0   9   2:36pm ESE 30.00   55
21   51.4  74.7   5:02pm  31.5   4:57am   14    1  0.00   0  14   7:19pm   E 29.97   48
22   51.9  74.9   3:39pm  35.8   6:33am   14    1  0.10   0  15   4:51pm   E 29.96   53
23   55.3  75.8   2:42pm  43.6   6:04am   10    1  0.00   0  10   7:29am   W 29.90   43
24   53.0  69.1  11:06am  39.4   5:47am   11    0  0.00   0  10   1:04pm   E 29.78   41
25   53.2  73.4  12:53pm  41.3   3:45am   12    1  0.00   0  12  12:12pm   E 29.80   43
26   40.8  46.5  12:00am  37.7  11:41pm   24    0  0.58   1  11   5:48am   E 29.92   83
27   39.4  45.9   4:49pm  35.1   7:58am   25    0  0.14   0   6   6:38pm   E 30.22   83
28   49.9  79.4   5:28pm  33.5   6:40am   15    1  0.02   0   8  10:51am   E 30.25   60
29   59.4  88.4   5:22pm -21.8   4:37pm   10    4  0.00   1  10   5:35pm   E 30.07   44
30   63.9  90.4   5:27pm  50.0   5:37am    6    5  0.06   0  13   6:53pm   W 30.04   41
---------------------------------------------------------------------------------------
TOT  48.7  90.4  4/30/15 -21.8  4/29/15  460   30  1.53   1  17  4/19/15   E 30.00   55

HEAT BASE: 65.0
COOL BASE: 65.0