NOAA-Style Climate Reports

Select a Year or Month report
2018: Jan Feb Mar Apr May Jun Jul Aug Sep Oct Nov Dec
2017: Jan Feb Mar Apr May Jun Jul Aug Sep Oct Nov Dec
2016: Jan Feb Mar Apr May Jun Jul Aug Sep Oct Nov Dec
2015: Jan Feb Mar Apr May Jun Jul Aug Sep Oct Nov Dec
2014: Jan Feb Mar Apr May Jun Jul Aug Sep Oct Nov Dec
2013: Jan Feb Mar Apr May Jun Jul Aug Sep Oct Nov Dec
2012: Jan Feb Mar Apr May Jun Jul Aug Sep Oct Nov Dec
2011: Jan Feb Mar Apr May Jun Jul Aug Sep Oct Nov Dec
2010: Jan Feb Mar Apr May Jun Jul Aug Sep Oct Nov Dec
2009: Jan Feb Mar Apr May Jun Jul Aug Sep Oct Nov Dec
2008: Jan Feb Mar Apr May Jun Jul Aug Sep Oct Nov Dec
2007: Jan Feb Mar Apr May Jun Jul Aug Sep Oct Nov Dec
2006: Jan Feb Mar Apr May Jun Jul Aug Sep Oct Nov Dec
2005: Jan Feb Mar Apr May Jun Jul Aug Sep Oct Nov Dec
2004: Jan Feb Mar Apr May Jun Jul Aug Sep Oct Nov Dec
2003: Jan Feb Mar Apr May Jun Jul Aug Sep Oct Nov Dec
2002: Jan Feb Mar Apr May Jun Jul Aug Sep Oct Nov Dec
2001: Jan Feb Mar Apr May Jun Jul Aug Sep Oct Nov Dec
2000: Jan Feb Mar Apr May Jun Jul Aug Sep Oct Nov Dec
1999: Jan Feb Mar Apr May Jun Jul Aug Sep Oct Nov Dec
1998: Jan Feb Mar Apr May Jun Jul Aug Sep Oct Nov Dec
1997: Jan Feb Mar Apr May Jun Jul Aug Sep Oct Nov Dec
1996: Jan Feb Mar Apr May Jun Jul Aug Sep Oct Nov Dec
1995: Jan Feb Mar Apr May Jun Jul Aug Sep Oct Nov Dec
1994: Jan Feb Mar Apr May Jun Jul Aug Sep Oct Nov Dec
1993: Jan Feb Mar Apr May Jun Jul Aug Sep Oct Nov Dec
1992: Jan Feb Mar Apr May Jun Jul Aug Sep Oct Nov Dec
1991: Jan Feb Mar Apr May Jun Jul Aug Sep Oct Nov Dec
1990: Jan Feb Mar Apr May Jun Jul Aug Sep Oct Nov Dec
1989: Jan Feb Mar Apr May Jun Jul Aug Sep Oct Nov Dec
1988: Jan Feb Mar Apr May Jun Jul Aug Sep Oct Nov Dec
1987: Jan Feb Mar Apr May Jun Jul Aug Sep Oct Nov Dec
1986: Jan Feb Mar Apr May Jun Jul Aug Sep Oct Nov Dec

Report for 2015 May
                  MONTHLY CLIMATOLOGICAL SUMMARY FOR 5/2015
                                        HEAT  COOL        
     MEAN                               DEG   DEG       WIND SPEED       DOM MEAN  MEAN
DAY  TEMP  HIGH   TIME     LOW   TIME   DAYS  DAYS RAIN AVG  HI  TIME    DIR BAROM HUM
---------------------------------------------------------------------------------------
1    54.5  71.5   2:52pm  45.2   6:07am   10    0  0.08   0   6   4:39pm NNE 30.13   71
2    61.9  83.7   3:44pm  47.7  12:00am    6    3  0.04   0  10   3:55pm   E 30.03   46
3    59.9  80.1  11:51am  45.9  10:16pm    8    3  0.00   0  11  11:12am   E 30.03   47
4    52.5  74.2   3:50pm  46.6   5:51am   12    0  0.61   0   7   6:48pm   E 30.10   72
5    47.7  52.4  11:32am  44.6   3:14am   16    0  0.66   0   8   2:26pm   E 29.95   86
6    52.0  63.5   1:07pm  14.8   7:10pm    9    0  0.00   0   4  12:32pm   E 29.80   76
7    51.2  70.4   4:31pm  42.3   6:47am   11    0  0.12   0   7  11:54pm   E 29.98   71
8    46.0  57.2   2:41pm  41.6   5:22am   19    0  0.43   0   9  11:58am  SE 30.01   83
9    40.1  45.5  11:30am  27.0  11:58pm   23    0  0.77   0   8   4:37pm NNE 29.91   87
10   35.5  47.7  12:51pm   0.7   6:04am   25    0  0.49   0   8   4:55pm   E 30.05   81
11   44.6  66.2   4:03pm  27.4   4:49am   19    0  0.00   1  15   4:52pm   E 30.15   65
12   55.1  80.5   4:06pm  35.1   6:05am   11    1  0.00   1  17   2:08pm SSE 30.05   54
13   56.1  72.5   3:00pm  45.9  11:56pm    9    1  0.00   0  10  12:56pm NNE 29.99   56
14   58.6  79.7   5:02pm  42.6   4:41am    9    3  0.00   1  11   7:03pm SSE 29.99   51
15   53.8  69.1   4:02pm  42.1   5:22am   11    0  0.16   0   6   2:43pm  NW 29.83   61
16   50.1  67.9  12:44pm  41.5   3:46am   15    0  0.05   0   9  12:14pm   E 29.80   62
17   53.2  72.9   3:17pm  40.3   1:06am   12    0  0.02   0   7   3:59pm   E 30.01   52
18   46.0  55.4   3:22pm  39.6   6:05am   19    0  0.20   1   6   5:26am   E 30.27   76
19   43.9  52.7   4:55pm  37.6   8:55am   18    0  0.53   2  12   1:31pm   E 30.11   80
20   42.3  52.7   4:55pm  34.9   6:18am   37    0  0.55   1  12   1:31pm   E 30.16   80
21   46.9  59.2   1:42pm  37.4   5:22am   18    0  0.00   0   6  12:24am   E 30.17   73
22   49.0  68.6   4:22pm  42.1   5:22am   13    0  0.29   1  11  12:48am   E 30.03   77
23   51.0  68.0   5:51pm  39.8  11:55pm   13    0  0.10   0   9  12:43pm ESE 30.01   72
24   49.1  65.5   2:29pm  34.4   5:40am   15    0  0.02   0  14   2:07pm   E 29.93   67
25   54.3  74.0   2:49pm  39.1   5:56am   10    1  0.71   1  12   5:49pm   E 29.97   61
26   52.7  79.4   3:45pm -23.4   6:26am   10    1  0.02   0   5   2:56pm   E 30.06   69
27   62.5  86.2   3:44pm  43.0   6:09am    6    4  0.00   0  12   5:16pm   E 30.08   51
28   61.0  84.2   5:53pm  45.7   4:50am    7    3  0.00   0  10   3:53pm   E 30.08   54
29   55.4  76.0   2:50pm  40.7   5:37am   10    1  0.00   0  10  11:05am   E 30.21   62
30   60.1  87.3   4:49pm  41.9   5:24am    8    3  0.02   0   8   4:08pm   E 30.23   57
31   68.0  93.2   3:05pm -22.6  10:29pm    4    7  0.00   0  12   3:05pm   E 30.13   49
---------------------------------------------------------------------------------------
TOT  52.2  93.2  5/31/15 -23.4  5/26/15  414   31  5.34   0  17  5/12/15   E 30.04   66

HEAT BASE: 65.0
COOL BASE: 65.0