NOAA-Style Climate Reports

Select a Year or Month report
2018: Jan Feb Mar Apr May Jun Jul Aug Sep Oct Nov Dec
2017: Jan Feb Mar Apr May Jun Jul Aug Sep Oct Nov Dec
2016: Jan Feb Mar Apr May Jun Jul Aug Sep Oct Nov Dec
2015: Jan Feb Mar Apr May Jun Jul Aug Sep Oct Nov Dec
2014: Jan Feb Mar Apr May Jun Jul Aug Sep Oct Nov Dec
2013: Jan Feb Mar Apr May Jun Jul Aug Sep Oct Nov Dec
2012: Jan Feb Mar Apr May Jun Jul Aug Sep Oct Nov Dec
2011: Jan Feb Mar Apr May Jun Jul Aug Sep Oct Nov Dec
2010: Jan Feb Mar Apr May Jun Jul Aug Sep Oct Nov Dec
2009: Jan Feb Mar Apr May Jun Jul Aug Sep Oct Nov Dec
2008: Jan Feb Mar Apr May Jun Jul Aug Sep Oct Nov Dec
2007: Jan Feb Mar Apr May Jun Jul Aug Sep Oct Nov Dec
2006: Jan Feb Mar Apr May Jun Jul Aug Sep Oct Nov Dec
2005: Jan Feb Mar Apr May Jun Jul Aug Sep Oct Nov Dec
2004: Jan Feb Mar Apr May Jun Jul Aug Sep Oct Nov Dec
2003: Jan Feb Mar Apr May Jun Jul Aug Sep Oct Nov Dec
2002: Jan Feb Mar Apr May Jun Jul Aug Sep Oct Nov Dec
2001: Jan Feb Mar Apr May Jun Jul Aug Sep Oct Nov Dec
2000: Jan Feb Mar Apr May Jun Jul Aug Sep Oct Nov Dec
1999: Jan Feb Mar Apr May Jun Jul Aug Sep Oct Nov Dec
1998: Jan Feb Mar Apr May Jun Jul Aug Sep Oct Nov Dec
1997: Jan Feb Mar Apr May Jun Jul Aug Sep Oct Nov Dec
1996: Jan Feb Mar Apr May Jun Jul Aug Sep Oct Nov Dec
1995: Jan Feb Mar Apr May Jun Jul Aug Sep Oct Nov Dec
1994: Jan Feb Mar Apr May Jun Jul Aug Sep Oct Nov Dec
1993: Jan Feb Mar Apr May Jun Jul Aug Sep Oct Nov Dec
1992: Jan Feb Mar Apr May Jun Jul Aug Sep Oct Nov Dec
1991: Jan Feb Mar Apr May Jun Jul Aug Sep Oct Nov Dec
1990: Jan Feb Mar Apr May Jun Jul Aug Sep Oct Nov Dec
1989: Jan Feb Mar Apr May Jun Jul Aug Sep Oct Nov Dec
1988: Jan Feb Mar Apr May Jun Jul Aug Sep Oct Nov Dec
1987: Jan Feb Mar Apr May Jun Jul Aug Sep Oct Nov Dec
1986: Jan Feb Mar Apr May Jun Jul Aug Sep Oct Nov Dec

Report for 2015 June
                  MONTHLY CLIMATOLOGICAL SUMMARY FOR 6/2015
                                        HEAT  COOL        
     MEAN                               DEG   DEG       WIND SPEED       DOM MEAN  MEAN
DAY  TEMP  HIGH   TIME     LOW   TIME   DAYS  DAYS RAIN AVG  HI  TIME    DIR BAROM HUM
---------------------------------------------------------------------------------------
1    71.0  88.7  12:16pm  53.6   3:55am    2    7  0.00   0  14   3:26pm SSE 30.10   42
2    74.1 102.4   4:48pm  54.2   7:06am    2   11  0.00   1  20   3:46pm   W 30.00   36
3    63.0  83.5   3:20pm  52.7   5:55am    4    2  0.12   1  16   7:56pm   E 30.05   57
4    64.4  87.7   3:19pm  49.5   6:46am    4    4  0.00   1  86  10:27pm  SE 30.05   67
5    59.8  74.0   6:20pm  51.3   5:34am    5    1  0.66   1   8   2:50pm   E 30.14   74
6    63.5  79.4   2:19pm  49.4   4:14am    4    3  0.02   0   8   2:02pm   E 30.07   64
7    63.2  80.6   3:11pm  48.4   5:45am    6    4  0.04   1  14  12:16pm   E 30.13   56
8    68.1  83.3   3:54pm  50.9   5:22am    4    7  0.00   1  17  12:46pm   E 30.20   49
9    72.9  87.1   2:06pm  58.5   4:49am    1    9  0.00   1  16   2:14pm ESE 30.12   43
10   64.8  77.8   2:56pm  59.0   7:35am    2    2  0.04   0   8   2:22pm   E 29.99   65
11   62.1  77.2  12:27pm  50.8   9:10pm    6    3  0.94   0  11   4:59pm NNE 30.00   69
12   58.6  69.8   4:45pm  51.5   7:20am    6    1  1.14   0   5   5:01am ESE 30.05   74
13   69.3  85.3  11:40am  54.7   8:35pm    3    7  0.28   1  15  11:34am ENE 29.99   53
14   68.8  83.3   4:02pm  54.9  12:00am    3    6  0.00   1  15  12:43pm   E 30.05   50
15   62.5  72.5   1:57pm  50.6   4:51am    4    2  0.00   1   7   4:01pm   E 30.21   66
16   66.9  82.6   5:14pm  57.4   5:22am    2    4  0.03   1  12   4:22am NNE 30.17   59
17   67.7  83.3   3:24pm  14.6   5:52am    4    6  0.00   1  14  11:22am   E 30.15   58
18   69.5  77.8   4:09pm  60.5   5:59am    0    5  0.00   1  10   3:22pm ESE 30.18   57
19   77.8  92.0  11:27am  59.2   5:55am    1   13  0.00   2  23   1:08pm SSE 30.06   42
20   74.9  83.5  10:17am  61.0   6:13am    0   10  0.00   1  15   2:51pm ESE 30.09   43
21   78.3  92.2   3:15pm  61.4   5:59am    0   12  0.00   3  22   6:13pm SSE 30.06   42
22   75.8  92.2   3:15pm  61.4   5:59am    0   15  0.00   2  22   6:13pm  NE 30.11   43
23   76.5  92.2   3:15pm  61.4   5:59am    0   23  0.06   3  22   6:13pm ESE 30.12   45
24
25
26
27
28
29
30   82.2  89.8   3:23pm  70.9  11:50pm    0    9  0.00   3  21   2:21pm NNE 30.14   34
---------------------------------------------------------------------------------------
TOT  68.6 102.4   6/2/15  14.6  6/17/15   65  165  3.55   1  86   6/4/15 ESE 30.10   54

HEAT BASE: 65.0
COOL BASE: 65.0