NOAA-Style Climate Reports

Select a Year or Month report
2018: Jan Feb Mar Apr May Jun Jul Aug Sep Oct Nov Dec
2017: Jan Feb Mar Apr May Jun Jul Aug Sep Oct Nov Dec
2016: Jan Feb Mar Apr May Jun Jul Aug Sep Oct Nov Dec
2015: Jan Feb Mar Apr May Jun Jul Aug Sep Oct Nov Dec
2014: Jan Feb Mar Apr May Jun Jul Aug Sep Oct Nov Dec
2013: Jan Feb Mar Apr May Jun Jul Aug Sep Oct Nov Dec
2012: Jan Feb Mar Apr May Jun Jul Aug Sep Oct Nov Dec
2011: Jan Feb Mar Apr May Jun Jul Aug Sep Oct Nov Dec
2010: Jan Feb Mar Apr May Jun Jul Aug Sep Oct Nov Dec
2009: Jan Feb Mar Apr May Jun Jul Aug Sep Oct Nov Dec
2008: Jan Feb Mar Apr May Jun Jul Aug Sep Oct Nov Dec
2007: Jan Feb Mar Apr May Jun Jul Aug Sep Oct Nov Dec
2006: Jan Feb Mar Apr May Jun Jul Aug Sep Oct Nov Dec
2005: Jan Feb Mar Apr May Jun Jul Aug Sep Oct Nov Dec
2004: Jan Feb Mar Apr May Jun Jul Aug Sep Oct Nov Dec
2003: Jan Feb Mar Apr May Jun Jul Aug Sep Oct Nov Dec
2002: Jan Feb Mar Apr May Jun Jul Aug Sep Oct Nov Dec
2001: Jan Feb Mar Apr May Jun Jul Aug Sep Oct Nov Dec
2000: Jan Feb Mar Apr May Jun Jul Aug Sep Oct Nov Dec
1999: Jan Feb Mar Apr May Jun Jul Aug Sep Oct Nov Dec
1998: Jan Feb Mar Apr May Jun Jul Aug Sep Oct Nov Dec
1997: Jan Feb Mar Apr May Jun Jul Aug Sep Oct Nov Dec
1996: Jan Feb Mar Apr May Jun Jul Aug Sep Oct Nov Dec
1995: Jan Feb Mar Apr May Jun Jul Aug Sep Oct Nov Dec
1994: Jan Feb Mar Apr May Jun Jul Aug Sep Oct Nov Dec
1993: Jan Feb Mar Apr May Jun Jul Aug Sep Oct Nov Dec
1992: Jan Feb Mar Apr May Jun Jul Aug Sep Oct Nov Dec
1991: Jan Feb Mar Apr May Jun Jul Aug Sep Oct Nov Dec
1990: Jan Feb Mar Apr May Jun Jul Aug Sep Oct Nov Dec
1989: Jan Feb Mar Apr May Jun Jul Aug Sep Oct Nov Dec
1988: Jan Feb Mar Apr May Jun Jul Aug Sep Oct Nov Dec
1987: Jan Feb Mar Apr May Jun Jul Aug Sep Oct Nov Dec
1986: Jan Feb Mar Apr May Jun Jul Aug Sep Oct Nov Dec

Report for 2015 July
                  MONTHLY CLIMATOLOGICAL SUMMARY FOR 7/2015
                                        HEAT  COOL        
     MEAN                               DEG   DEG       WIND SPEED       DOM MEAN  MEAN
DAY  TEMP  HIGH   TIME     LOW   TIME   DAYS  DAYS RAIN AVG  HI  TIME    DIR BAROM HUM
---------------------------------------------------------------------------------------
1    69.9  85.3   9:43am  61.0   5:26am    0    4  0.00   1   9   6:51pm  SW 30.17   55
2    66.2  81.2   3:39pm  53.6   8:20am    3    4  0.06   0  13   5:52am NNE 30.20   63
3    68.1  81.4   3:44pm  55.1   6:00am    2    5  0.00   1  14  11:36am ENE 30.17   63
4    76.6  89.6  11:36am  63.5   4:31am    0    9  0.00   3  22  11:42am NNE 30.06   42
5    73.6  88.7   2:13pm  61.3   8:46pm    1    9  0.10   2  22   3:32pm ENE 30.05   51
6    58.0  61.6   1:10am  56.0   4:05pm    6    0  0.09   0   5   3:18pm NNE 30.24   81
7    59.0  69.5  12:43pm  53.2   5:05am    6    0  0.14   1  12   2:00pm SSE 30.18   75
8    58.2  69.8   1:10pm  53.3   5:29am    7    0  0.16   0  11  10:57am NNE 30.09   78
9    62.6  75.8   3:18pm  49.3   5:52am    5    3  0.06   0  85   3:25am  SE 30.11   69
10   69.0  81.0   4:01pm  52.7   5:40am    3    7  0.00   0  95   1:37pm SSE 30.08   55
11   71.4  84.2   9:47am  56.3   3:14am    2    8  0.00   1  19   5:25pm SSE 30.16   46
12   73.8  86.9   3:45pm  56.2   6:07am    2   10  0.00   1  18   7:13pm SSE 30.18   43
13   71.3  84.4   1:12pm  62.6   9:17pm    0    6  0.00   0  15   1:39pm SSE 30.17   46
14   70.9  85.3  10:15am  61.6  11:52pm    1    7  0.02   0  17  11:51am NNE 30.12   52
15   69.4  82.6   4:21pm  55.1   6:05am    2    6  0.00   1  16   2:24pm ESE 30.10   54
16   71.2  85.3  10:03am  56.0   3:35am    2    7  0.00   1  17   3:11pm  SE 30.11   44
17   74.3  88.0   9:55am  61.4  12:25am    1   10  0.00   1  20  12:20pm SSE 30.04   38
18   67.9  85.5   2:16pm  57.8   5:28am    3    6  0.13   1  16   2:34pm SSE 30.14   54
19   67.1  78.5   2:09pm  53.3   5:35am    3    5  0.00   0  12   5:56pm NNE 30.20   62
20   67.7  81.2   9:42am   4.0   6:29am    2    5  0.02   0  17   4:13pm  SE 30.23   53
21   66.8  76.1  12:57pm  59.6   6:19am    2    3  0.06   0   8  10:08am SSE 30.09   62
22   72.0  84.4   9:41am  57.2   5:49am    2    9  0.00   1  17   5:04pm  NE 30.06   49
23   77.2  89.6   4:06pm  59.2   6:07am    0   12  0.00   3  21  12:00pm ESE 30.11   39
24   74.3  86.2  10:13am  64.1   6:27am    0    9  0.00   0  20  12:05pm NNE 30.19   40
25   77.2  89.1  10:11am  61.9   6:31am    0   12  0.00   2  21   5:34pm NNE 30.14   36
26   76.8  89.8  10:12am  63.2   6:03am    0   12  0.00   3  21  10:29am SSE 30.10   43
27   77.3  91.6   4:15pm  58.9   6:04am    1   13  0.00   3  25   4:21pm SSE 29.99   43
28   71.5  83.7   3:30pm  54.7   6:25am    1    8  0.00   2  17   4:22pm SSE 30.14   36
29   70.8  81.7   9:37am  57.8   4:14am    1    7  0.00   1  12   2:56pm SSE 30.28   45
30   74.2  86.2   5:16pm  57.4   5:53am    1   10  0.00   1  17   2:53pm NNE 30.30   44
31   72.1  85.0   9:43am  59.6   6:04am    1    7  0.00   1  17  11:08am  SW 30.29   49
---------------------------------------------------------------------------------------
TOT  70.2  91.6  7/27/15   4.0  7/20/15   61  214  0.84   1  95  7/10/15 SSE 30.15   52

HEAT BASE: 65.0
COOL BASE: 65.0