NOAA-Style Climate Reports

Select a Year or Month report
2018: Jan Feb Mar Apr May Jun Jul Aug Sep Oct Nov Dec
2017: Jan Feb Mar Apr May Jun Jul Aug Sep Oct Nov Dec
2016: Jan Feb Mar Apr May Jun Jul Aug Sep Oct Nov Dec
2015: Jan Feb Mar Apr May Jun Jul Aug Sep Oct Nov Dec
2014: Jan Feb Mar Apr May Jun Jul Aug Sep Oct Nov Dec
2013: Jan Feb Mar Apr May Jun Jul Aug Sep Oct Nov Dec
2012: Jan Feb Mar Apr May Jun Jul Aug Sep Oct Nov Dec
2011: Jan Feb Mar Apr May Jun Jul Aug Sep Oct Nov Dec
2010: Jan Feb Mar Apr May Jun Jul Aug Sep Oct Nov Dec
2009: Jan Feb Mar Apr May Jun Jul Aug Sep Oct Nov Dec
2008: Jan Feb Mar Apr May Jun Jul Aug Sep Oct Nov Dec
2007: Jan Feb Mar Apr May Jun Jul Aug Sep Oct Nov Dec
2006: Jan Feb Mar Apr May Jun Jul Aug Sep Oct Nov Dec
2005: Jan Feb Mar Apr May Jun Jul Aug Sep Oct Nov Dec
2004: Jan Feb Mar Apr May Jun Jul Aug Sep Oct Nov Dec
2003: Jan Feb Mar Apr May Jun Jul Aug Sep Oct Nov Dec
2002: Jan Feb Mar Apr May Jun Jul Aug Sep Oct Nov Dec
2001: Jan Feb Mar Apr May Jun Jul Aug Sep Oct Nov Dec
2000: Jan Feb Mar Apr May Jun Jul Aug Sep Oct Nov Dec
1999: Jan Feb Mar Apr May Jun Jul Aug Sep Oct Nov Dec
1998: Jan Feb Mar Apr May Jun Jul Aug Sep Oct Nov Dec
1997: Jan Feb Mar Apr May Jun Jul Aug Sep Oct Nov Dec
1996: Jan Feb Mar Apr May Jun Jul Aug Sep Oct Nov Dec
1995: Jan Feb Mar Apr May Jun Jul Aug Sep Oct Nov Dec
1994: Jan Feb Mar Apr May Jun Jul Aug Sep Oct Nov Dec
1993: Jan Feb Mar Apr May Jun Jul Aug Sep Oct Nov Dec
1992: Jan Feb Mar Apr May Jun Jul Aug Sep Oct Nov Dec
1991: Jan Feb Mar Apr May Jun Jul Aug Sep Oct Nov Dec
1990: Jan Feb Mar Apr May Jun Jul Aug Sep Oct Nov Dec
1989: Jan Feb Mar Apr May Jun Jul Aug Sep Oct Nov Dec
1988: Jan Feb Mar Apr May Jun Jul Aug Sep Oct Nov Dec
1987: Jan Feb Mar Apr May Jun Jul Aug Sep Oct Nov Dec
1986: Jan Feb Mar Apr May Jun Jul Aug Sep Oct Nov Dec

Report for 2015 September
                  MONTHLY CLIMATOLOGICAL SUMMARY FOR 9/2015
                                        HEAT  COOL        
     MEAN                               DEG   DEG       WIND SPEED       DOM MEAN  MEAN
DAY  TEMP  HIGH   TIME     LOW   TIME   DAYS  DAYS RAIN AVG  HI  TIME    DIR BAROM HUM
---------------------------------------------------------------------------------------
1    70.7  84.6   3:36pm  55.6   6:37am    2    8  0.00   0  14  11:26am NNE 30.13   46
2    73.7  85.7   3:09pm  61.4   6:35am    0    9  0.00   0  20   3:37pm NNE 30.11   36
3    67.4  80.3   3:20pm  56.9   9:43pm    2    4  0.14   0   7   2:00pm NNE 30.07   49
4    69.2  83.3   3:37pm  53.8   6:27am    2    7  0.10   0  13   3:16pm SSE 30.04   47
5    70.7  81.5   4:43pm  62.8   7:10am    0    6  0.00   0  16   4:28pm ESE 30.04   42
6    70.9  82.4   3:18pm  58.7   6:08am    1    7  0.00   1  10   6:30pm   E 30.12   36
7    65.4  78.1   2:24pm  54.5   6:29am    3    3  0.00   1  12   3:07pm NNE 30.14   47
8    66.4  77.2   4:20pm  53.8   6:53am    3    4  0.00   1  10   9:43am   E 30.16   42
9    69.4  83.3   3:26pm  50.9   6:21am    3    7  0.00   0  13  11:23am NNE 30.14   32
10   69.3  83.9   3:26pm  53.6   6:40am    3    7  0.00   0  18   2:56pm NNE 30.15   30
11   60.4  72.7   3:52pm  48.4   6:55am    6    1  0.00   0   9   4:09pm NNE 30.27   59
12   70.4  81.7   3:30pm  50.4   6:46am    1    6  0.00   1   7  11:29am ESE 30.17   40
13   73.9  87.8   3:43pm  58.2   2:50am    1    8  0.00   1  43   6:15am NNE 30.01   26
14   72.9  86.2   1:55pm  61.6   6:49am    1    8  0.00   0  18   2:48pm  SE 29.96   25
15   70.6  87.1   3:38pm  61.2   7:06am    1    6  0.00   0   7  12:25pm WSW 29.97   35
16   71.0  87.1   3:40pm  56.7   7:00am    2    7  0.00   0   8   1:40pm  NW 29.99   35
17   65.6  77.2   3:29pm  49.1   7:00am    3    3  0.00   1  11   1:10pm   E 30.04   42
18   57.4  68.2   3:28pm  45.5   7:02am    8    0  0.00   1  10   4:08pm   E 30.14   50
19   61.8  76.7   3:41pm  48.0   5:14am    5    2  0.00   0   9   4:03am SSE 30.12   40
20   65.1  80.3   3:43pm  51.3   2:27am    5    5  0.00   0   5   1:45pm  SE 30.13   32
21   69.9  85.7   3:43pm  51.3   6:59am    2    6  0.00   1  95   1:53am ESE 30.08   26
22   65.1  76.1   3:44pm  54.2   6:56am    3    3  0.00   0   8  10:22am NNE 30.10   40
23   64.3  83.2   3:43pm  54.5   6:50am    3    2  0.00   0   9   1:18pm   N 30.11   57
24   66.3  82.4   3:39pm  51.5   7:04am    3    4  0.00   0   8   3:46pm ESE 30.28   42
25   66.1  83.9   3:39pm  51.5   6:49am    4    5  0.00   0   8   2:56pm ESE 30.29   39
26   66.7  88.7   3:42pm  48.8   6:59am    4    6  0.00   0   8   3:46pm ESE 30.17   44
27   70.7  88.9   3:42pm  57.4   7:04am    2    7  0.00   0  14   3:20pm SSE 30.07   35
28   66.8  81.9   3:42pm  59.8   6:32am    2    3  0.00   0   9   5:40pm NNE 30.10   41
29   61.1  75.6   2:34pm  52.7   5:20am    5    2  0.06   0   7  11:26am SSE 30.18   65
30   64.4  74.9  12:31pm  54.6   1:19am    3    3  0.00   0  67   9:40am NNE 30.18   52
---------------------------------------------------------------------------------------
TOT  67.4  88.9  9/27/15  45.5  9/18/15   81  148  0.30   0  95  9/21/15 NNE 30.12   41

HEAT BASE: 65.0
COOL BASE: 65.0