NOAA-Style Climate Reports

Select a Year or Month report
2018: Jan Feb Mar Apr May Jun Jul Aug Sep Oct Nov Dec
2017: Jan Feb Mar Apr May Jun Jul Aug Sep Oct Nov Dec
2016: Jan Feb Mar Apr May Jun Jul Aug Sep Oct Nov Dec
2015: Jan Feb Mar Apr May Jun Jul Aug Sep Oct Nov Dec
2014: Jan Feb Mar Apr May Jun Jul Aug Sep Oct Nov Dec
2013: Jan Feb Mar Apr May Jun Jul Aug Sep Oct Nov Dec
2012: Jan Feb Mar Apr May Jun Jul Aug Sep Oct Nov Dec
2011: Jan Feb Mar Apr May Jun Jul Aug Sep Oct Nov Dec
2010: Jan Feb Mar Apr May Jun Jul Aug Sep Oct Nov Dec
2009: Jan Feb Mar Apr May Jun Jul Aug Sep Oct Nov Dec
2008: Jan Feb Mar Apr May Jun Jul Aug Sep Oct Nov Dec
2007: Jan Feb Mar Apr May Jun Jul Aug Sep Oct Nov Dec
2006: Jan Feb Mar Apr May Jun Jul Aug Sep Oct Nov Dec
2005: Jan Feb Mar Apr May Jun Jul Aug Sep Oct Nov Dec
2004: Jan Feb Mar Apr May Jun Jul Aug Sep Oct Nov Dec
2003: Jan Feb Mar Apr May Jun Jul Aug Sep Oct Nov Dec
2002: Jan Feb Mar Apr May Jun Jul Aug Sep Oct Nov Dec
2001: Jan Feb Mar Apr May Jun Jul Aug Sep Oct Nov Dec
2000: Jan Feb Mar Apr May Jun Jul Aug Sep Oct Nov Dec
1999: Jan Feb Mar Apr May Jun Jul Aug Sep Oct Nov Dec
1998: Jan Feb Mar Apr May Jun Jul Aug Sep Oct Nov Dec
1997: Jan Feb Mar Apr May Jun Jul Aug Sep Oct Nov Dec
1996: Jan Feb Mar Apr May Jun Jul Aug Sep Oct Nov Dec
1995: Jan Feb Mar Apr May Jun Jul Aug Sep Oct Nov Dec
1994: Jan Feb Mar Apr May Jun Jul Aug Sep Oct Nov Dec
1993: Jan Feb Mar Apr May Jun Jul Aug Sep Oct Nov Dec
1992: Jan Feb Mar Apr May Jun Jul Aug Sep Oct Nov Dec
1991: Jan Feb Mar Apr May Jun Jul Aug Sep Oct Nov Dec
1990: Jan Feb Mar Apr May Jun Jul Aug Sep Oct Nov Dec
1989: Jan Feb Mar Apr May Jun Jul Aug Sep Oct Nov Dec
1988: Jan Feb Mar Apr May Jun Jul Aug Sep Oct Nov Dec
1987: Jan Feb Mar Apr May Jun Jul Aug Sep Oct Nov Dec
1986: Jan Feb Mar Apr May Jun Jul Aug Sep Oct Nov Dec

Report for 2015 October
                  MONTHLY CLIMATOLOGICAL SUMMARY FOR 10/2015
                                        HEAT  COOL        
     MEAN                               DEG   DEG       WIND SPEED       DOM MEAN  MEAN
DAY  TEMP  HIGH   TIME     LOW   TIME   DAYS  DAYS RAIN AVG  HI  TIME    DIR BAROM HUM
---------------------------------------------------------------------------------------
1    65.3  79.9   3:44pm  53.6   6:32am    3    3  0.00   0   9  10:20pm  SE 30.17   51
2    61.1  79.9   3:43pm  51.3   5:52am    6    2  0.00   0   8   1:28am  SE 30.02   67
3    54.5  71.3   3:44pm  47.0   6:32am    9    0  0.00   0  11   4:38pm   N 29.93   71
4    51.8  69.8   3:48pm  46.6   6:59am   13    0  0.00   0  10   4:54pm   N 30.09   74
5    55.2  76.7   3:51pm  42.2   4:14am    9    1  0.06   0   8   4:00pm NNE 30.11   69
6    51.5  59.6  12:06pm  45.7   6:44am   13    0  0.10   0   8   3:34pm NNE 30.22   81
7    57.4  74.5   3:44pm  44.8   6:27am    8    1  0.00   0   6   1:35pm ESE 30.19   64
8    62.6  81.7   3:51pm  49.7   6:58am    4    2  0.00   0   6   8:27pm NNE 30.26   47
9    57.8  76.1   3:50pm  45.2   7:20am    8    1  0.00   0   6   3:35pm   E 30.31   59
10   66.1  81.7   3:52pm  54.7   6:42am    3    4  0.00   0  67   3:15pm   E 30.17   37
11   68.2  88.9   3:45pm  57.4   6:55am    2    5  0.00   0   9   3:43pm NNW 30.03   32
12   59.5  82.6   3:51pm  43.4   5:52am    7    2  0.00   0  10   2:10am  SE 30.17   32
13   64.2  81.7   3:50pm  54.8  11:31pm    4    3  0.00   0   6  11:48am SSE 30.19   27
14   65.8  84.1   3:47pm  56.2   7:21am    3    4  0.00   0  13  10:52am   E 30.18   26
15   53.4  63.5   3:50pm  43.6   7:33am   11    0  0.00   0  10  11:32pm SSE 30.31   44
16   52.5  71.3   3:36pm  42.3   7:21am   12    0  0.00   1  13   1:47am NNE 30.29   48
17   59.2  77.8   3:49pm  46.3   4:14am    7    2  0.00   1  10   3:43pm  SE 30.20   42
18   61.8  73.4   2:30pm  55.9  11:19pm    3    1  0.00   0   6  11:41am   N 30.11   46
19   56.3  66.4  10:50am  50.4   7:01am    5    0  0.00   0   0  12:00am   N 30.05   54
20   57.8  69.5   2:38pm  47.7   4:49am   10    1  0.03   0  11   6:53pm NNE 30.06   50
21   43.4  48.3  12:18am  41.2  10:01am   20    0  0.69   0  86   8:12pm NNE 30.25   84
22   40.7  42.1   2:39pm  39.4   2:21am   24    0  0.55   0   0  12:00am   N 30.04   87
23   43.7  51.3   2:29pm  35.3   7:06am   21    0  0.00   0   6   1:17pm   N 30.08   77
24   48.0  67.3   3:39pm  35.6   5:35am   17    0  0.00   0   6   3:24pm SSE 30.22   54
25   53.8  74.3   3:37pm  43.0   5:22am   11    0  0.00   0   5   5:41pm   E 30.19   43
26   51.4  60.1   1:15pm  45.9   8:59pm   12    0  0.00   0   4  11:45am   N 30.05   54
27   47.6  60.7  12:33pm  36.6  11:55pm   17    0  0.00   0  10   4:28pm NNE 29.99   48
28   44.7  60.5  12:44pm  31.1   3:23am   20    0  0.00   0   2   1:31pm  NE 29.98   44
29   44.2  61.6   3:35pm  34.7   7:01am   20    0  0.00   0   5   2:35pm   N 29.93   50
30   49.4  59.6   1:51pm  39.7   9:33pm    4    0  0.10   1   9   8:55pm   E 29.81   56
---------------------------------------------------------------------------------------
TOT  49.4  59.6  11/4/15  39.7  11/4/15  306   31  0.10   1   9  11/4/15   E 29.81   56

HEAT BASE: 65.0
COOL BASE: 65.0