NOAA-Style Climate Reports

Select a Year or Month report
2018: Jan Feb Mar Apr May Jun Jul Aug Sep Oct Nov Dec
2017: Jan Feb Mar Apr May Jun Jul Aug Sep Oct Nov Dec
2016: Jan Feb Mar Apr May Jun Jul Aug Sep Oct Nov Dec
2015: Jan Feb Mar Apr May Jun Jul Aug Sep Oct Nov Dec
2014: Jan Feb Mar Apr May Jun Jul Aug Sep Oct Nov Dec
2013: Jan Feb Mar Apr May Jun Jul Aug Sep Oct Nov Dec
2012: Jan Feb Mar Apr May Jun Jul Aug Sep Oct Nov Dec
2011: Jan Feb Mar Apr May Jun Jul Aug Sep Oct Nov Dec
2010: Jan Feb Mar Apr May Jun Jul Aug Sep Oct Nov Dec
2009: Jan Feb Mar Apr May Jun Jul Aug Sep Oct Nov Dec
2008: Jan Feb Mar Apr May Jun Jul Aug Sep Oct Nov Dec
2007: Jan Feb Mar Apr May Jun Jul Aug Sep Oct Nov Dec
2006: Jan Feb Mar Apr May Jun Jul Aug Sep Oct Nov Dec
2005: Jan Feb Mar Apr May Jun Jul Aug Sep Oct Nov Dec
2004: Jan Feb Mar Apr May Jun Jul Aug Sep Oct Nov Dec
2003: Jan Feb Mar Apr May Jun Jul Aug Sep Oct Nov Dec
2002: Jan Feb Mar Apr May Jun Jul Aug Sep Oct Nov Dec
2001: Jan Feb Mar Apr May Jun Jul Aug Sep Oct Nov Dec
2000: Jan Feb Mar Apr May Jun Jul Aug Sep Oct Nov Dec
1999: Jan Feb Mar Apr May Jun Jul Aug Sep Oct Nov Dec
1998: Jan Feb Mar Apr May Jun Jul Aug Sep Oct Nov Dec
1997: Jan Feb Mar Apr May Jun Jul Aug Sep Oct Nov Dec
1996: Jan Feb Mar Apr May Jun Jul Aug Sep Oct Nov Dec
1995: Jan Feb Mar Apr May Jun Jul Aug Sep Oct Nov Dec
1994: Jan Feb Mar Apr May Jun Jul Aug Sep Oct Nov Dec
1993: Jan Feb Mar Apr May Jun Jul Aug Sep Oct Nov Dec
1992: Jan Feb Mar Apr May Jun Jul Aug Sep Oct Nov Dec
1991: Jan Feb Mar Apr May Jun Jul Aug Sep Oct Nov Dec
1990: Jan Feb Mar Apr May Jun Jul Aug Sep Oct Nov Dec
1989: Jan Feb Mar Apr May Jun Jul Aug Sep Oct Nov Dec
1988: Jan Feb Mar Apr May Jun Jul Aug Sep Oct Nov Dec
1987: Jan Feb Mar Apr May Jun Jul Aug Sep Oct Nov Dec
1986: Jan Feb Mar Apr May Jun Jul Aug Sep Oct Nov Dec

Report for 2015 November
                  MONTHLY CLIMATOLOGICAL SUMMARY FOR 11/2015
                                        HEAT  COOL        
     MEAN                               DEG   DEG       WIND SPEED       DOM MEAN  MEAN
DAY  TEMP  HIGH   TIME     LOW   TIME   DAYS  DAYS RAIN AVG  HI  TIME    DIR BAROM HUM
---------------------------------------------------------------------------------------
1
2
3
4    46.9  59.6   1:51pm  39.2  11:06pm    7    0  0.10   1   9   9:42pm   E 29.81   62
5    35.2  62.5   3:31pm  27.3  11:43pm   29    0  0.16   0   8  12:04am   E 29.96   74
6    33.9  61.7   3:27pm  26.3   5:24am   26    0  0.00   0   5   7:38pm   E 30.17   61
7    37.7  75.6   3:22pm  23.2   6:16am   23    0  0.00   0   7  10:57am SSE 30.25   47
8    32.8  32.9   5:31pm  32.2   5:43pm    0    0  0.00   0   0   5:31pm   E 30.00   44
9
10
11   30.5  32.9   5:31pm  28.6   8:05pm    9    0  0.00   0   0   5:31pm   E 30.05   49
12
13   39.7  76.7   3:21pm  22.1   5:22am   25    0  0.00   0   1   1:54pm ESE 30.16   43
14   47.7  80.5   3:21pm  33.6   3:05am   17    1  0.00   0   6   1:30pm  SE 30.08   32
15   46.9  65.2   1:48pm  34.9   5:53am   18    0  0.00   0   4   1:57pm WSW 29.86   27
16   38.5  50.6  11:40am  29.9  11:58pm   26    0  0.00   0   8  11:10am   N 29.64   52
17   31.0  43.7   2:39pm  26.1   5:22am   32    0  0.02   0   3   3:34pm NNE 29.77   76
18   35.7  57.4   3:08pm  21.8  11:52pm   28    0  0.10   1  14  12:16pm NNW 29.78   54
19   33.3  66.4   3:08pm  17.7   4:26am   32    0  0.00   0   9   2:04pm SSE 30.02   58
20   33.4  53.8  10:29am  18.8  11:30pm   31    0  0.00   0  14  10:50am   E 30.03   64
21   28.4  59.6   1:45pm  10.1   7:17am   36    0  0.06   0   7  12:11pm SSE 30.19   56
22   43.2  79.7   3:01pm  29.7  12:02am   22    1  0.00   0   6   3:49pm WSW 30.09   34
23   46.0  81.2   3:03pm  33.5  12:02am   20    1  0.00   0   3   5:38am   W 30.03   34
24   46.6  74.0   3:00pm  34.6  10:38pm   19    0  0.00   0   6   9:18am   W 29.87   31
25   35.5  47.7   9:33am  24.2  11:43pm   29    0  0.00   0  11  10:26am   E 29.91   53
26   19.9  24.3  12:03am  13.4  11:49pm   45    0  0.00   1   9   7:39am   E 30.16   79
27   15.0  33.8   1:55pm   3.4   6:02am   50    0  0.00   0   4   1:25pm   E 30.27   73
28   18.8  25.9   1:24pm  14.4   6:16am   46    0  0.00   0   2   9:28am  NE 30.12   74
29   20.6  29.9   1:17pm  16.4   5:47am   44    0  0.00   0   1   8:15am  NE 30.03   74
30   23.3  48.2   2:37pm  14.6   6:36am   42    0  0.04   0   8   3:39pm   N 29.93   65
---------------------------------------------------------------------------------------
TOT  34.6  84.1  11/8/15   3.4 11/27/15  659    3  0.63   0  14 11/18/15   E 30.02   54

HEAT BASE: 65.0
COOL BASE: 65.0