NOAA-Style Climate Reports

Select a Year or Month report
2018: Jan Feb Mar Apr May Jun Jul Aug Sep Oct Nov Dec
2017: Jan Feb Mar Apr May Jun Jul Aug Sep Oct Nov Dec
2016: Jan Feb Mar Apr May Jun Jul Aug Sep Oct Nov Dec
2015: Jan Feb Mar Apr May Jun Jul Aug Sep Oct Nov Dec
2014: Jan Feb Mar Apr May Jun Jul Aug Sep Oct Nov Dec
2013: Jan Feb Mar Apr May Jun Jul Aug Sep Oct Nov Dec
2012: Jan Feb Mar Apr May Jun Jul Aug Sep Oct Nov Dec
2011: Jan Feb Mar Apr May Jun Jul Aug Sep Oct Nov Dec
2010: Jan Feb Mar Apr May Jun Jul Aug Sep Oct Nov Dec
2009: Jan Feb Mar Apr May Jun Jul Aug Sep Oct Nov Dec
2008: Jan Feb Mar Apr May Jun Jul Aug Sep Oct Nov Dec
2007: Jan Feb Mar Apr May Jun Jul Aug Sep Oct Nov Dec
2006: Jan Feb Mar Apr May Jun Jul Aug Sep Oct Nov Dec
2005: Jan Feb Mar Apr May Jun Jul Aug Sep Oct Nov Dec
2004: Jan Feb Mar Apr May Jun Jul Aug Sep Oct Nov Dec
2003: Jan Feb Mar Apr May Jun Jul Aug Sep Oct Nov Dec
2002: Jan Feb Mar Apr May Jun Jul Aug Sep Oct Nov Dec
2001: Jan Feb Mar Apr May Jun Jul Aug Sep Oct Nov Dec
2000: Jan Feb Mar Apr May Jun Jul Aug Sep Oct Nov Dec
1999: Jan Feb Mar Apr May Jun Jul Aug Sep Oct Nov Dec
1998: Jan Feb Mar Apr May Jun Jul Aug Sep Oct Nov Dec
1997: Jan Feb Mar Apr May Jun Jul Aug Sep Oct Nov Dec
1996: Jan Feb Mar Apr May Jun Jul Aug Sep Oct Nov Dec
1995: Jan Feb Mar Apr May Jun Jul Aug Sep Oct Nov Dec
1994: Jan Feb Mar Apr May Jun Jul Aug Sep Oct Nov Dec
1993: Jan Feb Mar Apr May Jun Jul Aug Sep Oct Nov Dec
1992: Jan Feb Mar Apr May Jun Jul Aug Sep Oct Nov Dec
1991: Jan Feb Mar Apr May Jun Jul Aug Sep Oct Nov Dec
1990: Jan Feb Mar Apr May Jun Jul Aug Sep Oct Nov Dec
1989: Jan Feb Mar Apr May Jun Jul Aug Sep Oct Nov Dec
1988: Jan Feb Mar Apr May Jun Jul Aug Sep Oct Nov Dec
1987: Jan Feb Mar Apr May Jun Jul Aug Sep Oct Nov Dec
1986: Jan Feb Mar Apr May Jun Jul Aug Sep Oct Nov Dec

Report for 2015 December
                  MONTHLY CLIMATOLOGICAL SUMMARY FOR 12/2015
                                        HEAT  COOL        
     MEAN                               DEG   DEG       WIND SPEED       DOM MEAN  MEAN
DAY  TEMP  HIGH   TIME     LOW   TIME   DAYS  DAYS RAIN AVG  HI  TIME    DIR BAROM HUM
---------------------------------------------------------------------------------------
1    29.2  45.7   1:23pm  17.5  12:41am   35    0  0.00   0   6   2:11pm   N 29.95   44
2    36.3  64.6   1:49pm  26.9   1:56am   29    0  0.00   0   4   2:49pm WSW 30.13   40
3    37.0  59.8   1:56pm  23.8   6:55am   28    0  0.00   1   9   1:41pm SSE 30.19   45
4    42.7  76.5   1:54pm  26.8   3:14am   23    1  0.00   0   4   5:15am   S 30.04   40
5    34.7  44.8  10:49am  23.3   9:45pm   30    0  0.00   0   4   9:44am   E 30.24   49
6    39.2  57.1  12:30pm  24.3  12:02am   26    0  0.00   0   3   7:31pm   S 30.27   34
7    44.0  59.4  12:08pm  33.7  12:18am   21    0  0.00   0   6   1:57pm SSE 30.07   31
8    45.8  68.9   3:09pm  36.6  10:19pm   19    0  0.00   0  15  11:23am NNW 30.02   41
9    50.2  64.1   2:24pm  40.7  12:06am   15    0  0.00   0   8  11:15pm SSE 29.90   33
10   51.3  70.6   2:57pm  34.9   6:49am   14    0  0.00   1  14  12:06am   W 29.79   29
11   41.8  53.1   1:20pm  29.9  11:58pm   23    0  0.00   1  13  11:46am   E 29.70   42
12   25.8  29.9  12:04am  23.2   3:55am   39    0  0.00   0   6  10:34am NNE 29.85   76
13   30.8  53.6   3:10pm  19.0   5:05am   34    0  0.04   0   6  11:57am   W 29.77   62
14   34.1  60.1   2:12pm  23.3   9:44pm   31    0  0.00   0   5   1:23pm   E 29.57   58
15   18.2  25.2  12:05am  11.8   9:29pm   47    0  0.00   1  12   7:40am   N 29.63   79
16   22.4  45.0   1:56pm  13.5  12:02am   43    0  0.04   1   9   3:53pm   E 29.83   57
17   16.0  33.8   3:09pm   5.6   7:09pm   49    0  0.00   1  12   8:59am ESE 29.97   59
18   34.6  65.9   2:14pm  14.4   3:55am   30    0  0.00   0   5   1:00pm   E 30.01   50
19   43.2  66.6   1:55pm  26.8   5:41am   21    0  0.00   1  10   1:30pm SSE 29.98   41
20   39.4  51.8  11:36am  28.1   7:25pm   25    0  0.00   1  12  12:11am   S 29.82   51
21   35.4  56.3   2:13pm  24.7   7:50am   29    0  0.00   1  11  11:52am SSE 29.81   46
22   37.4  63.2   2:11pm  24.9  10:22pm   27    0  0.02   1   9   3:01pm   E 29.49   51
23   29.6  50.8   2:13pm  20.5  11:59pm   35    0  0.00   1  11   5:59pm   N 29.54   53
24   23.5  47.5   2:17pm  12.4   5:33am   41    0  0.00   0  10  11:04am   W 29.83   38
25   21.8  29.9   2:20pm  16.0   6:21am   43    0  0.00   0   3   3:19am WSW 29.79   63
26   15.8  29.7   2:13pm   5.7  11:29pm   49    0  0.00   0  11   2:15pm NNE 30.19   67
27   17.7  46.6   2:18pm   5.8  12:02am   43    0  0.00   0  10   2:46pm   E 30.23   60
28   17.8  41.2   1:51pm   3.2   6:49am   35    0  0.00   1  29   5:49am NNE 29.80   63
29   17.5  37.1   2:16pm   8.3   7:16am   45    0  0.00   0   7   1:22pm   E 29.88   61
30   17.1  46.3   2:19pm   4.3   4:31am   45    0  0.00   0   4  12:28pm   E 30.03   63
31   15.3  41.4   2:16pm   5.0   5:22am   49    0  0.00   0   5   1:18pm   E 30.24   65
---------------------------------------------------------------------------------------
TOT  31.3  76.5  12/4/15   3.2 12/28/15 1022    1  0.10   0  29 12/28/15   E 29.92   51

HEAT BASE: 65.0
COOL BASE: 65.0