NOAA-Style Climate Reports

Select a Year or Month report
2018: Jan Feb Mar Apr May Jun Jul Aug Sep Oct Nov Dec
2017: Jan Feb Mar Apr May Jun Jul Aug Sep Oct Nov Dec
2016: Jan Feb Mar Apr May Jun Jul Aug Sep Oct Nov Dec
2015: Jan Feb Mar Apr May Jun Jul Aug Sep Oct Nov Dec
2014: Jan Feb Mar Apr May Jun Jul Aug Sep Oct Nov Dec
2013: Jan Feb Mar Apr May Jun Jul Aug Sep Oct Nov Dec
2012: Jan Feb Mar Apr May Jun Jul Aug Sep Oct Nov Dec
2011: Jan Feb Mar Apr May Jun Jul Aug Sep Oct Nov Dec
2010: Jan Feb Mar Apr May Jun Jul Aug Sep Oct Nov Dec
2009: Jan Feb Mar Apr May Jun Jul Aug Sep Oct Nov Dec
2008: Jan Feb Mar Apr May Jun Jul Aug Sep Oct Nov Dec
2007: Jan Feb Mar Apr May Jun Jul Aug Sep Oct Nov Dec
2006: Jan Feb Mar Apr May Jun Jul Aug Sep Oct Nov Dec
2005: Jan Feb Mar Apr May Jun Jul Aug Sep Oct Nov Dec
2004: Jan Feb Mar Apr May Jun Jul Aug Sep Oct Nov Dec
2003: Jan Feb Mar Apr May Jun Jul Aug Sep Oct Nov Dec
2002: Jan Feb Mar Apr May Jun Jul Aug Sep Oct Nov Dec
2001: Jan Feb Mar Apr May Jun Jul Aug Sep Oct Nov Dec
2000: Jan Feb Mar Apr May Jun Jul Aug Sep Oct Nov Dec
1999: Jan Feb Mar Apr May Jun Jul Aug Sep Oct Nov Dec
1998: Jan Feb Mar Apr May Jun Jul Aug Sep Oct Nov Dec
1997: Jan Feb Mar Apr May Jun Jul Aug Sep Oct Nov Dec
1996: Jan Feb Mar Apr May Jun Jul Aug Sep Oct Nov Dec
1995: Jan Feb Mar Apr May Jun Jul Aug Sep Oct Nov Dec
1994: Jan Feb Mar Apr May Jun Jul Aug Sep Oct Nov Dec
1993: Jan Feb Mar Apr May Jun Jul Aug Sep Oct Nov Dec
1992: Jan Feb Mar Apr May Jun Jul Aug Sep Oct Nov Dec
1991: Jan Feb Mar Apr May Jun Jul Aug Sep Oct Nov Dec
1990: Jan Feb Mar Apr May Jun Jul Aug Sep Oct Nov Dec
1989: Jan Feb Mar Apr May Jun Jul Aug Sep Oct Nov Dec
1988: Jan Feb Mar Apr May Jun Jul Aug Sep Oct Nov Dec
1987: Jan Feb Mar Apr May Jun Jul Aug Sep Oct Nov Dec
1986: Jan Feb Mar Apr May Jun Jul Aug Sep Oct Nov Dec

Report for 2016 January
                  MONTHLY CLIMATOLOGICAL SUMMARY FOR 1/2016
                                        HEAT  COOL        
     MEAN                               DEG   DEG       WIND SPEED       DOM MEAN  MEAN
DAY  TEMP  HIGH   TIME     LOW   TIME   DAYS  DAYS RAIN AVG  HI  TIME    DIR BAROM HUM
---------------------------------------------------------------------------------------
1    22.2  56.3   2:21pm   5.5   4:37am   40    0  0.00   0   6   9:30am WSW 30.28   46
2    29.1  60.1   2:17pm  18.2   5:40am   34    0  0.00   0  12   5:46am   W 30.24   32
3    34.0  65.9   2:22pm  20.9   4:48am   31    0  0.00   0   7   2:46pm  SE 30.22   36
4    34.4  68.0   2:23pm  22.9   4:49am   31    0  0.00   0   7   8:51am   W 30.04   46
5    36.9  60.3   2:23pm  27.7  12:27am   28    0  0.00   0   7   1:51pm WSW 29.88   40
6    35.4  56.7   3:07pm  25.9   8:28pm   30    0  0.00   0  10   1:37pm ESE 29.82   49
7    31.4  38.5  12:08pm  26.3   3:35am   33    0  0.04   0   0  12:03am   N 29.76   73
8    23.3  30.4   1:14pm  18.5   7:59pm   41    0  0.00   0   0  12:02am   N 29.88   77
9    22.6  47.7   2:26pm  10.5  11:49pm   42    0  0.00   0   3   2:56pm   E 29.99   70
10   22.1  52.4   2:55pm   6.5   6:39am   42    0  0.00   0   6  11:53pm ESE 30.01   58
11   31.2  59.2   3:28pm  20.3   4:31am   34    0  0.00   0   6  12:08am ESE 30.02   37
12   37.3  63.9   2:59pm  23.6   6:12am   28    0  0.00   0   6   3:09pm   E 30.08   29
13   41.0  57.2   3:03pm  26.3  12:58am   23    0  0.00   0   8  11:13pm   W 29.95   35
14   35.6  51.5   2:09pm  24.7   9:49pm   29    0  0.00   1  14   1:16pm WNW 29.77   33
15   25.8  38.5   2:01pm  15.7  11:52pm   39    0  0.00   0  11  12:46pm  SE 29.80   52
16   24.9  54.7   2:46pm  10.6   6:53am   40    0  0.00   0  11  10:38am   N 29.92   51
17   28.2  54.5   3:09pm  14.2   7:58am   37    0  0.00   1  15   1:47pm   N 29.98   52
18   39.8  68.8   2:18pm  26.1  12:03am   25    0  0.00   0  10   1:14pm   E 29.97   41
19   34.5  56.5   3:23pm  26.4   8:14pm   30    0  0.00   0   9   3:24am   E 30.07   60
20   37.6  57.8   1:45pm  25.2  11:51pm   27    0  0.00   0   9   2:11pm   N 29.93   40
21   30.4  58.1   3:26pm  21.8   7:46am   34    0  0.00   0   7  10:54am   E 30.21   45
22   40.1  64.3   3:18pm  25.9  12:04am   25    0  0.00   0   8   2:14pm  SE 30.14   43
23   47.1  73.4   3:27pm  32.6  11:56pm   18    0  0.00   0   8   1:38pm   E 29.95   33
24   37.6  55.8   1:44pm  27.6  10:37pm   27    0  0.00   0   7   8:56pm   E 29.77   45
25   28.2  48.2   2:21pm  18.3  10:15pm   37    0  0.00   0   6   2:32pm   E 30.02   67
26   28.7  61.4   3:35pm  13.1   5:27am   36    0  0.00   0   7   1:57pm   E 30.17   49
27   40.4  71.6   3:33pm  26.5  12:03am   25    0  0.00   0   8  12:49pm   W 30.17   39
28   45.1  82.1   3:36pm  29.0   7:24am   21    1  0.00   0   8   1:49pm SSE 30.07   38
29   47.2  74.2   3:30pm  38.1  11:29pm   18    0  0.00   0   9  11:20am WSW 29.86   31
30   44.1  74.5   3:04pm  27.9  11:56pm   21    0  0.00   1  12   3:15pm   E 29.67   48
31   27.2  35.8  12:30pm  22.1   7:21pm   38    0  0.00   1  12   7:25pm   E 29.86   73
---------------------------------------------------------------------------------------
TOT  33.7  82.1  1/28/16   5.5   1/1/16  963    2  0.04   0  15  1/17/16   E 29.98   47

HEAT BASE: 65.0
COOL BASE: 65.0