NOAA-Style Climate Reports

Select a Year or Month report
2018: Jan Feb Mar Apr May Jun Jul Aug Sep Oct Nov Dec
2017: Jan Feb Mar Apr May Jun Jul Aug Sep Oct Nov Dec
2016: Jan Feb Mar Apr May Jun Jul Aug Sep Oct Nov Dec
2015: Jan Feb Mar Apr May Jun Jul Aug Sep Oct Nov Dec
2014: Jan Feb Mar Apr May Jun Jul Aug Sep Oct Nov Dec
2013: Jan Feb Mar Apr May Jun Jul Aug Sep Oct Nov Dec
2012: Jan Feb Mar Apr May Jun Jul Aug Sep Oct Nov Dec
2011: Jan Feb Mar Apr May Jun Jul Aug Sep Oct Nov Dec
2010: Jan Feb Mar Apr May Jun Jul Aug Sep Oct Nov Dec
2009: Jan Feb Mar Apr May Jun Jul Aug Sep Oct Nov Dec
2008: Jan Feb Mar Apr May Jun Jul Aug Sep Oct Nov Dec
2007: Jan Feb Mar Apr May Jun Jul Aug Sep Oct Nov Dec
2006: Jan Feb Mar Apr May Jun Jul Aug Sep Oct Nov Dec
2005: Jan Feb Mar Apr May Jun Jul Aug Sep Oct Nov Dec
2004: Jan Feb Mar Apr May Jun Jul Aug Sep Oct Nov Dec
2003: Jan Feb Mar Apr May Jun Jul Aug Sep Oct Nov Dec
2002: Jan Feb Mar Apr May Jun Jul Aug Sep Oct Nov Dec
2001: Jan Feb Mar Apr May Jun Jul Aug Sep Oct Nov Dec
2000: Jan Feb Mar Apr May Jun Jul Aug Sep Oct Nov Dec
1999: Jan Feb Mar Apr May Jun Jul Aug Sep Oct Nov Dec
1998: Jan Feb Mar Apr May Jun Jul Aug Sep Oct Nov Dec
1997: Jan Feb Mar Apr May Jun Jul Aug Sep Oct Nov Dec
1996: Jan Feb Mar Apr May Jun Jul Aug Sep Oct Nov Dec
1995: Jan Feb Mar Apr May Jun Jul Aug Sep Oct Nov Dec
1994: Jan Feb Mar Apr May Jun Jul Aug Sep Oct Nov Dec
1993: Jan Feb Mar Apr May Jun Jul Aug Sep Oct Nov Dec
1992: Jan Feb Mar Apr May Jun Jul Aug Sep Oct Nov Dec
1991: Jan Feb Mar Apr May Jun Jul Aug Sep Oct Nov Dec
1990: Jan Feb Mar Apr May Jun Jul Aug Sep Oct Nov Dec
1989: Jan Feb Mar Apr May Jun Jul Aug Sep Oct Nov Dec
1988: Jan Feb Mar Apr May Jun Jul Aug Sep Oct Nov Dec
1987: Jan Feb Mar Apr May Jun Jul Aug Sep Oct Nov Dec
1986: Jan Feb Mar Apr May Jun Jul Aug Sep Oct Nov Dec

Report for 2016 February
                  MONTHLY CLIMATOLOGICAL SUMMARY FOR 2/2016
                                        HEAT  COOL        
     MEAN                               DEG   DEG       WIND SPEED       DOM MEAN  MEAN
DAY  TEMP  HIGH   TIME     LOW   TIME   DAYS  DAYS RAIN AVG  HI  TIME    DIR BAROM HUM
---------------------------------------------------------------------------------------
1    23.6  32.8   1:24pm  17.5   3:46am   41    0  0.00   0  13   6:41pm   E 29.68   79
2    18.3  23.9   1:45pm  11.4  11:55pm   47    0  0.00   2  13   1:22pm   N 29.86   78
3    17.5  45.5   3:10pm   7.7   6:53am   47    0  0.00   0  10   1:29pm   N 30.08   54
4    25.1  46.6   1:00pm  12.1   2:50am   40    0  0.05   0   5  11:51am SSW 30.11   45
5    28.0  55.6   3:13pm  16.9   7:23am   37    0  0.00   0  11   2:24pm   E 30.23   47
6    37.8  70.6   3:44pm  23.9   6:58am   27    0  0.00   0   6   8:15am WSW 30.16   38
7    32.3  52.0   2:54pm  18.7   9:20pm   33    0  0.00   2  15  10:12am   E 30.23   50
8    33.8  64.6   3:17pm  15.5   4:48am   31    0  0.00   1   9   2:53pm ESE 30.30   56
9    42.8  77.2   3:13pm  26.3   3:14am   23    1  0.00   0   9   2:18pm   E 30.27   40
10   49.9  83.0   3:00pm  36.3  11:48pm   16    1  0.00   0  10  10:32am   W 30.17   26
11   47.5  73.4   3:00pm  34.8   2:50am   18    0  0.00   1  11   5:27pm   W 30.18   33
12   45.1  74.2   3:21pm  31.2   4:52am   20    0  0.00   0   8   1:56pm NNE 30.23   50
13   48.1  82.6   3:34pm  28.0   5:07am   18    1  0.00   1  13   4:21pm   E 30.04   42
14   38.9  55.6  11:56am  28.5  11:56pm   26    0  0.02   1  16   8:45pm   E 29.97   47
15   44.0  62.3   2:55pm  28.3  12:02am   21    0  0.02   1  18  12:33pm   N 29.93   44
16   41.1  62.6   2:03pm  24.7   6:54am   24    0  0.00   1  18   1:07am   E 30.03   53
17   49.3  88.4   3:10pm  29.7   6:46am   18    2  0.00   1  12   5:08pm   S 29.97   34
18   55.4  77.8   3:23pm  32.6  10:35pm   10    1  0.00   4  15   9:08am   W 29.76   31
19   48.3  73.6   3:24pm  37.4   7:06am   17    0  0.00   3  14   1:37am WNW 29.98   25
20   48.1  82.1   3:37pm  33.8   6:56am   18    1  0.02   1  10  11:19pm  SE 30.06   31
21   36.3  65.3   3:26pm  23.2   6:46am   29    0  0.00   2  15   2:39pm   E 30.20   49
22   34.7  54.2   1:16pm  23.6   5:55am   30    0  0.00   1  17   2:57pm   E 29.98   57
23   31.3  55.6   3:38pm  24.8   5:41am   34    0  0.04   1  12   1:45pm NNE 30.17   58
24   35.6  73.1   3:26pm  22.2   4:49am   29    0  0.00   1  11   3:58pm   E 30.13   36
25   34.1  71.3   3:16pm  14.2   6:21am   31    0  0.00   1  10   3:57pm ESE 30.22   43
26   45.0  85.5   3:21pm  24.3   4:14am   21    1  0.00   1   8   1:51pm ESE 30.19   38
27   52.4  77.2   4:35pm  34.4   6:47am   13    1  0.00   1  16  10:54pm ESE 29.96   27
28   50.3  86.2   3:42pm  37.1   5:32am   16    1  0.00   2  15   1:34am   E 30.03   29
29   48.3  81.2   2:59pm  32.1  11:59pm   18    1  0.00   1  11   4:38pm WSW 29.98   33
---------------------------------------------------------------------------------------
TOT  39.4  88.4  2/17/16 -22.6  2/18/16  752   13  0.15   1  18  2/15/16   E 30.07   44

HEAT BASE: 65.0
COOL BASE: 65.0