NOAA-Style Climate Reports

Select a Year or Month report
2018: Jan Feb Mar Apr May Jun Jul Aug Sep Oct Nov Dec
2017: Jan Feb Mar Apr May Jun Jul Aug Sep Oct Nov Dec
2016: Jan Feb Mar Apr May Jun Jul Aug Sep Oct Nov Dec
2015: Jan Feb Mar Apr May Jun Jul Aug Sep Oct Nov Dec
2014: Jan Feb Mar Apr May Jun Jul Aug Sep Oct Nov Dec
2013: Jan Feb Mar Apr May Jun Jul Aug Sep Oct Nov Dec
2012: Jan Feb Mar Apr May Jun Jul Aug Sep Oct Nov Dec
2011: Jan Feb Mar Apr May Jun Jul Aug Sep Oct Nov Dec
2010: Jan Feb Mar Apr May Jun Jul Aug Sep Oct Nov Dec
2009: Jan Feb Mar Apr May Jun Jul Aug Sep Oct Nov Dec
2008: Jan Feb Mar Apr May Jun Jul Aug Sep Oct Nov Dec
2007: Jan Feb Mar Apr May Jun Jul Aug Sep Oct Nov Dec
2006: Jan Feb Mar Apr May Jun Jul Aug Sep Oct Nov Dec
2005: Jan Feb Mar Apr May Jun Jul Aug Sep Oct Nov Dec
2004: Jan Feb Mar Apr May Jun Jul Aug Sep Oct Nov Dec
2003: Jan Feb Mar Apr May Jun Jul Aug Sep Oct Nov Dec
2002: Jan Feb Mar Apr May Jun Jul Aug Sep Oct Nov Dec
2001: Jan Feb Mar Apr May Jun Jul Aug Sep Oct Nov Dec
2000: Jan Feb Mar Apr May Jun Jul Aug Sep Oct Nov Dec
1999: Jan Feb Mar Apr May Jun Jul Aug Sep Oct Nov Dec
1998: Jan Feb Mar Apr May Jun Jul Aug Sep Oct Nov Dec
1997: Jan Feb Mar Apr May Jun Jul Aug Sep Oct Nov Dec
1996: Jan Feb Mar Apr May Jun Jul Aug Sep Oct Nov Dec
1995: Jan Feb Mar Apr May Jun Jul Aug Sep Oct Nov Dec
1994: Jan Feb Mar Apr May Jun Jul Aug Sep Oct Nov Dec
1993: Jan Feb Mar Apr May Jun Jul Aug Sep Oct Nov Dec
1992: Jan Feb Mar Apr May Jun Jul Aug Sep Oct Nov Dec
1991: Jan Feb Mar Apr May Jun Jul Aug Sep Oct Nov Dec
1990: Jan Feb Mar Apr May Jun Jul Aug Sep Oct Nov Dec
1989: Jan Feb Mar Apr May Jun Jul Aug Sep Oct Nov Dec
1988: Jan Feb Mar Apr May Jun Jul Aug Sep Oct Nov Dec
1987: Jan Feb Mar Apr May Jun Jul Aug Sep Oct Nov Dec
1986: Jan Feb Mar Apr May Jun Jul Aug Sep Oct Nov Dec

Report for 2016 April
                  MONTHLY CLIMATOLOGICAL SUMMARY FOR 4/2016
                                        HEAT  COOL        
     MEAN                               DEG   DEG       WIND SPEED       DOM MEAN  MEAN
DAY  TEMP  HIGH   TIME     LOW   TIME   DAYS  DAYS RAIN AVG  HI  TIME    DIR BAROM HUM
---------------------------------------------------------------------------------------
1    37.2  68.0   5:27pm  21.4   5:22am   28    0  0.04   0   8   3:01pm  SE 30.13   50
2    49.4  83.3   5:26pm  31.9  12:45am   17    2  0.00   0  12   5:58pm SSE 30.17   37
3    55.0  84.1   4:24pm  37.5   5:05am   12    2  0.00   1  10   6:21pm   N 30.09   32
4    57.4  86.9   3:54pm  37.6   6:31am   10    3  0.00   0   7   3:41pm   E 30.15   35
5    50.2  69.3  10:59am  33.9  11:34pm   15    0  0.00   1  20   4:37pm WNW 30.05   34
6    54.5  84.1   4:00pm  30.4   5:55am   12    2  0.00   1  16   3:34pm   N 30.14   28
7    54.1  82.4   4:03pm  36.0   6:36am   13    2  0.00   1  10  11:37am   E 30.19   38
8    51.5  72.2   4:48pm  35.6   6:46am   14    1  0.00   0   8   3:27am   E 30.17   44
9    55.6  77.2   4:26pm  40.5   5:32am   11    1  0.00   0  11   5:05pm SSE 29.89   42
10   52.4  80.3   3:37pm  35.9  11:17pm   13    1  0.15   0  14   4:26pm NNE 29.91   48
11   46.3  74.9   4:38pm  34.2   4:49am   19    0  0.04   0   4   6:46pm  NE 30.09   66
12   52.4  85.1   3:30pm  35.0   3:35am   14    1  0.16   0  10   3:47pm WSW 30.09   56
13   56.5  77.2   3:11pm  41.8   6:08am   10    2  0.00   1  12   5:15pm  SW 30.06   48
14   59.4  78.5   5:03pm  45.3   5:15am    8    2  0.00   1  13   6:56pm   W 29.86   38
15   47.5  54.5  10:56am  36.5   6:28am   12    0  0.00   0   9   3:37am   E 29.79   47
16
17   42.0  54.5  10:56am  30.1   8:27pm   24    0  0.04   0   9   3:37am   E 29.96   58
18   35.4  56.9   5:41pm  27.8   5:05am   30    0  0.24   0   4  10:07am   E 30.25   71
19   40.2  62.1   3:57pm  29.5  12:32am   25    0  0.11   0   6   1:21pm  SE 30.14   67
20   45.5  66.8   5:41pm  30.0   5:16am   19    0  0.00   0   9   1:33pm   E 30.07   58
21   51.9  79.7   4:56pm  36.4   5:45am   14    1  0.00   0   8   3:05pm   E 30.18   52
22   61.6  87.1   4:40pm  40.3   5:45am    8    4  0.00   1  12   5:03pm SSE 30.06   38
23   59.9  79.2   3:37pm  46.3  11:58pm    7    2  0.00   2  13   3:20pm   W 29.84   35
24   55.6  77.8   4:46pm  39.6   2:43am   11    1  0.00   1   7  11:08am   W 29.78   32
25   55.8  73.4   3:10pm  41.2   6:15am   10    1  0.04   2  17   1:55pm   S 29.74   41
26   42.1  55.6  10:02am  33.6  11:48pm   23    0  0.08   0  10   1:54am   E 29.76   60
27   42.6  62.6   4:20pm  24.8   6:25am   22    0  0.00   1  14  10:11pm   E 29.86   58
28   35.3  38.7  12:00am  33.1   5:41am   29    0  0.04   1  12  12:27pm   E 29.99   73
29   31.9  36.0   2:14pm  29.9   7:52pm   33    0  0.33   0   5  12:00am ENE 29.97   82
30   31.0  34.6   2:28pm  28.6   5:22am   34    0  0.28   1  13   2:09pm NNE 30.01   83
---------------------------------------------------------------------------------------
TOT  48.6  87.1  4/22/16  21.4   4/1/16  497   28  1.55   1  20   4/5/16   E 30.02   50

HEAT BASE: 65.0
COOL BASE: 65.0