NOAA-Style Climate Reports

Select a Year or Month report
2018: Jan Feb Mar Apr May Jun Jul Aug Sep Oct Nov Dec
2017: Jan Feb Mar Apr May Jun Jul Aug Sep Oct Nov Dec
2016: Jan Feb Mar Apr May Jun Jul Aug Sep Oct Nov Dec
2015: Jan Feb Mar Apr May Jun Jul Aug Sep Oct Nov Dec
2014: Jan Feb Mar Apr May Jun Jul Aug Sep Oct Nov Dec
2013: Jan Feb Mar Apr May Jun Jul Aug Sep Oct Nov Dec
2012: Jan Feb Mar Apr May Jun Jul Aug Sep Oct Nov Dec
2011: Jan Feb Mar Apr May Jun Jul Aug Sep Oct Nov Dec
2010: Jan Feb Mar Apr May Jun Jul Aug Sep Oct Nov Dec
2009: Jan Feb Mar Apr May Jun Jul Aug Sep Oct Nov Dec
2008: Jan Feb Mar Apr May Jun Jul Aug Sep Oct Nov Dec
2007: Jan Feb Mar Apr May Jun Jul Aug Sep Oct Nov Dec
2006: Jan Feb Mar Apr May Jun Jul Aug Sep Oct Nov Dec
2005: Jan Feb Mar Apr May Jun Jul Aug Sep Oct Nov Dec
2004: Jan Feb Mar Apr May Jun Jul Aug Sep Oct Nov Dec
2003: Jan Feb Mar Apr May Jun Jul Aug Sep Oct Nov Dec
2002: Jan Feb Mar Apr May Jun Jul Aug Sep Oct Nov Dec
2001: Jan Feb Mar Apr May Jun Jul Aug Sep Oct Nov Dec
2000: Jan Feb Mar Apr May Jun Jul Aug Sep Oct Nov Dec
1999: Jan Feb Mar Apr May Jun Jul Aug Sep Oct Nov Dec
1998: Jan Feb Mar Apr May Jun Jul Aug Sep Oct Nov Dec
1997: Jan Feb Mar Apr May Jun Jul Aug Sep Oct Nov Dec
1996: Jan Feb Mar Apr May Jun Jul Aug Sep Oct Nov Dec
1995: Jan Feb Mar Apr May Jun Jul Aug Sep Oct Nov Dec
1994: Jan Feb Mar Apr May Jun Jul Aug Sep Oct Nov Dec
1993: Jan Feb Mar Apr May Jun Jul Aug Sep Oct Nov Dec
1992: Jan Feb Mar Apr May Jun Jul Aug Sep Oct Nov Dec
1991: Jan Feb Mar Apr May Jun Jul Aug Sep Oct Nov Dec
1990: Jan Feb Mar Apr May Jun Jul Aug Sep Oct Nov Dec
1989: Jan Feb Mar Apr May Jun Jul Aug Sep Oct Nov Dec
1988: Jan Feb Mar Apr May Jun Jul Aug Sep Oct Nov Dec
1987: Jan Feb Mar Apr May Jun Jul Aug Sep Oct Nov Dec
1986: Jan Feb Mar Apr May Jun Jul Aug Sep Oct Nov Dec

Report for 2016 May
                  MONTHLY CLIMATOLOGICAL SUMMARY FOR 5/2016
                                        HEAT  COOL        
     MEAN                               DEG   DEG       WIND SPEED       DOM MEAN  MEAN
DAY  TEMP  HIGH   TIME     LOW   TIME   DAYS  DAYS RAIN AVG  HI  TIME    DIR BAROM HUM
---------------------------------------------------------------------------------------
1    31.8  41.2   5:30pm  28.8   6:15am   33    0  0.12   0   6   1:06pm NNE 30.25   82
2    43.2  71.1   6:05pm  25.0   5:55am   22    0  0.13   0   6   2:08pm   E 30.19   57
3    52.4  76.5   4:05pm  34.8   2:58am   14    1  0.00   1  12   4:10pm   N 30.21   43
4    60.9  85.1   4:12pm  42.8   6:30am    8    4  0.00   0   7   8:59pm   E 30.21   36
5    66.2  90.7   4:00pm  50.2   5:26am    5    6  0.00   1  14   7:10pm   E 30.11   33
6    64.4  80.6   3:23pm  50.6   6:05am    5    4  0.00   0  11   6:54pm   W 29.98   39
7    48.1  57.1   5:21pm  37.4  11:00pm   17    0  0.14   1  12   7:15am NNE 29.93   73
8    47.2  70.0   2:42pm  30.8   5:42am   18    0  0.00   0  10   2:39pm ESE 29.80   59
9    54.2  71.1   5:35pm  39.5   5:05am   11    0  0.00   0  11   3:40pm   N 29.74   52
10   53.5  70.9   3:54pm  43.1  11:36pm   12    0  0.00   1  16   3:54pm   E 29.95   58
11   49.4  69.8   5:37pm  34.0   5:40am   16    0  0.00   1  12   8:29am   E 30.17   58
12   56.2  81.7   5:51pm  32.9   5:49am   11    3  0.00   0   8   7:27pm   E 30.24   46
13   59.6  74.9   9:49am  45.9  11:52pm    8    3  0.00   1  12   1:19pm   E 30.23   39
14   47.1  62.8   3:34pm  41.2   6:54am   18    0  0.00   0  10   8:58pm NNE 30.21   66
15   50.0  69.8   3:38pm  37.6   5:38am   15    0  0.00   0  10   1:29pm NNE 30.01   63
16   41.0  46.5  12:00am  37.1   9:09pm   24    0  0.43   0   8   6:41pm NNE 30.01   82
17   40.3  49.7   2:04pm  34.7   5:41am   25    0  0.14   0   4   2:06pm  NE 30.24   82
18   51.0  73.6   3:39pm  35.1   5:40am   14    0  0.02   0  12   6:05pm   E 30.12   64
19   59.9  86.2   4:06pm  42.8   5:52am    8    3  0.00   1  10   6:18pm SSE 29.94   47
20   65.6  87.5   3:22pm  46.9   3:55am    5    5  0.00   1  13   6:16pm SSE 29.92   40
21   70.1  90.7   4:12pm  50.4   5:56am    3    8  0.00   0  17   2:50pm SSE 29.93   34
22   64.4  85.1   3:54pm  52.0  11:53pm    3    3  0.00   1  12   9:45pm   E 29.89   40
23   56.3  68.9   1:14pm  43.2   5:36am    9    0  0.08   1  19  11:38am SSE 29.96   51
24   58.8  79.4   3:09pm  42.2   4:14am    8    2  0.02   1  12   1:09pm SSE 29.95   57
25   60.1  71.6   5:03pm  43.9   5:29am    7    2  0.00   0  13   3:31pm   E 30.00   50
26   50.4  68.8  11:40am  42.9  10:35pm   15    0  0.14   0   8   2:44pm   E 29.99   67
27   48.7  60.3   4:43pm  41.4   5:22am   16    0  0.19   1  13   2:07pm NNE 29.95   71
28   57.2  74.5   4:33pm  41.9   5:22am    9    1  0.06   1   9   7:48pm  SE 30.06   53
29   62.0  78.3   1:00pm  47.5   4:01am    6    3  0.00   0  12  12:32pm SSE 30.15   46
30   62.7  80.3  11:21am  49.0   4:49am    6    4  0.00   0  13   4:03pm   E 30.06   43
31   56.4  68.9   2:21pm  45.4   6:05am    9    0  0.14   1  11   1:33am   E 30.13   63
---------------------------------------------------------------------------------------
TOT  54.5  90.7   5/5/16  25.0   5/2/16  380   54  1.61   1  19  5/23/16   E 30.05   55

HEAT BASE: 65.0
COOL BASE: 65.0